{"id":1003,"date":"2022-09-08T14:49:42","date_gmt":"2022-09-08T14:49:42","guid":{"rendered":"https:\/\/www.fraclorraine.org\/nouveausite2021\/?post_type=evenement&#038;p=1003"},"modified":"2023-01-12T14:26:40","modified_gmt":"2023-01-12T14:26:40","slug":"","status":"publish","type":"evenement","link":"https:\/\/www.fraclorraine.org\/en\/evenement\/terre-thaemlitz-soulnessless-cantos-i-iv\/","title":{"rendered":"","raw":""},"content":{"rendered":"","protected":false,"raw":""},"template":"","meta":{"inline_featured_image":false,"_fr_post_content":"<!-- wp:columns -->\n<div class=\"wp-block-columns\"><!-- wp:column -->\n<div class=\"wp-block-column\"><!-- wp:paragraph -->\n<p>\u25cf Film de Terre Thaemlitz, 2012 ( 80\u201938\u2019\u2019 \u2013 VF)<\/p>\n<!-- \/wp:paragraph -->\n\n<!-- wp:paragraph -->\n<p>Terre Thaemlitz est un artiste multim\u00e9dia, autrice et conf\u00e9rencier dont les \u0153uvres combinent un regard critique sur les politiques identitaires avec une analyse continue des conditions socio-\u00e9conomiques de la production m\u00e9diatique commerciale. <\/p>\n<!-- \/wp:paragraph -->\n\n<!-- wp:paragraph -->\n<p>Anti-essentialiste et nihiliste, son travail contraste avec la plupart des analyses culturelles queer contemporaines, bas\u00e9es sur la fiert\u00e9 (pride). <\/p>\n<!-- \/wp:paragraph -->\n\n<!-- wp:paragraph -->\n<p>Faisant partie d\u2019un \u201calbum\u201d multim\u00e9dia de trente heures de conf\u00e9rences et de projections vid\u00e9os, \u201cSoulnessless\u201d est un compte-rendu de la propre r\u00e9sistance de l\u2019artiste au catholicisme, \u00e0 l\u2019histoire familiale et \u00e0 l\u2019identit\u00e9 de genre.<\/p>\n<!-- \/wp:paragraph --><\/div>\n<!-- \/wp:column -->\n\n<!-- wp:column -->\n<div class=\"wp-block-column\"><!-- wp:gallery {\"linkTo\":\"none\"} -->\n<figure class=\"wp-block-gallery has-nested-images columns-default is-cropped\"><!-- wp:image {\"id\":1004,\"sizeSlug\":\"large\",\"linkDestination\":\"none\"} -->\n<figure class=\"wp-block-image size-large\"><img src=\"https:\/\/www.fraclorraine.org\/wp-content\/uploads\/2022\/09\/PROG_2020_MARS-MAI_TERRE-THAEMLITZ_1.jpg\" alt=\"\" class=\"wp-image-1004\"\/><figcaption class=\"wp-element-caption\">Terre Thaemlitz, Soulnessless : Cantos I-IV\n\u00a9 Terre Thaemlitz\n<\/figcaption><\/figure>\n<!-- \/wp:image -->\n\n<!-- wp:image {\"id\":1005,\"sizeSlug\":\"large\",\"linkDestination\":\"none\"} -->\n<figure class=\"wp-block-image size-large\"><img src=\"https:\/\/www.fraclorraine.org\/wp-content\/uploads\/2022\/09\/PROG_2020_MARS-MAI_TERRE-THAEMLITZ_2.jpg\" alt=\"\" class=\"wp-image-1005\"\/><figcaption class=\"wp-element-caption\">Terre Thaemlitz, Soulnessless : Cantos I-IV\n\u00a9 Terre Thaemlitz\n<\/figcaption><\/figure>\n<!-- \/wp:image -->\n\n<!-- wp:image {\"id\":1006,\"sizeSlug\":\"large\",\"linkDestination\":\"none\"} -->\n<figure class=\"wp-block-image size-large\"><img src=\"https:\/\/www.fraclorraine.org\/wp-content\/uploads\/2022\/09\/PROG_2020_MARS-MAI_TERRE-THAEMLITZ_3.jpg\" alt=\"\" class=\"wp-image-1006\"\/><figcaption class=\"wp-element-caption\">Terre Thaemlitz, Soulnessless : Cantos I-IV\n\u00a9 Terre Thaemlitz\n<\/figcaption><\/figure>\n<!-- \/wp:image --><\/figure>\n<!-- \/wp:gallery --><\/div>\n<!-- \/wp:column --><\/div>\n<!-- \/wp:columns -->","_fr_post_name":"terre-thaemlitz-soulnessless-cantos-i-iv","_fr_post_excerpt":"","_fr_post_title":"Terre Thaemlitz. Soulnessless : Cantos I-IV\ufffc","_en_post_content":"","_en_post_name":"","_en_post_excerpt":"","_en_post_title":"","edit_language":"en"},"tags":[141],"event-type":[119],"saison":[49],"lieu":[371],"class_list":["post-1003","evenement","type-evenement","status-publish","hentry","tag-projection"],"excerpt":{"raw":"","rendered":""},"_links":{"self":[{"href":"https:\/\/www.fraclorraine.org\/en\/wp-json\/wp\/v2\/evenement\/1003","targetHints":{"allow":["GET"]}}],"collection":[{"href":"https:\/\/www.fraclorraine.org\/en\/wp-json\/wp\/v2\/evenement"}],"about":[{"href":"https:\/\/www.fraclorraine.org\/en\/wp-json\/wp\/v2\/types\/evenement"}],"wp:attachment":[{"href":"https:\/\/www.fraclorraine.org\/en\/wp-json\/wp\/v2\/media?parent=1003"}],"wp:term":[{"taxonomy":"post_tag","embeddable":true,"href":"https:\/\/www.fraclorraine.org\/en\/wp-json\/wp\/v2\/tags?post=1003"},{"taxonomy":"event-type","embeddable":true,"href":"https:\/\/www.fraclorraine.org\/en\/wp-json\/wp\/v2\/event-type?post=1003"},{"taxonomy":"saison","embeddable":true,"href":"https:\/\/www.fraclorraine.org\/en\/wp-json\/wp\/v2\/saison?post=1003"},{"taxonomy":"lieu","embeddable":true,"href":"https:\/\/www.fraclorraine.org\/en\/wp-json\/wp\/v2\/lieu?post=1003"}],"curies":[{"name":"wp","href":"https:\/\/api.w.org\/{rel}","templated":true}]}}

<!-- wp:columns -->
<div class="wp-block-columns"><!-- wp:column -->
<div class="wp-block-column"><!-- wp:paragraph -->
<p>● Film de Terre Thaemlitz, 2012 ( 80’38’’ – VF)</p>
<!-- /wp:paragraph -->

<!-- wp:paragraph -->
<p>Terre Thaemlitz est un artiste multimédia, autrice et conférencier dont les œuvres combinent un regard critique sur les politiques identitaires avec une analyse continue des conditions socio-économiques de la production médiatique commerciale. </p>
<!-- /wp:paragraph -->

<!-- wp:paragraph -->
<p>Anti-essentialiste et nihiliste, son travail contraste avec la plupart des analyses culturelles queer contemporaines, basées sur la fierté (pride). </p>
<!-- /wp:paragraph -->

<!-- wp:paragraph -->
<p>Faisant partie d’un “album” multimédia de trente heures de conférences et de projections vidéos, “Soulnessless” est un compte-rendu de la propre résistance de l’artiste au catholicisme, à l’histoire familiale et à l’identité de genre.</p>
<!-- /wp:paragraph --></div>
<!-- /wp:column -->

<!-- wp:column -->
<div class="wp-block-column"><!-- wp:gallery {"linkTo":"none"} -->
<figure class="wp-block-gallery has-nested-images columns-default is-cropped"><!-- wp:image {"id":1004,"sizeSlug":"large","linkDestination":"none"} -->
<figure class="wp-block-image size-large"><img src="https://www.fraclorraine.org/wp-content/uploads/2022/09/PROG_2020_MARS-MAI_TERRE-THAEMLITZ_1.jpg" alt="" class="wp-image-1004"/><figcaption class="wp-element-caption">Terre Thaemlitz, Soulnessless : Cantos I-IV
© Terre Thaemlitz
</figcaption></figure>
<!-- /wp:image -->

<!-- wp:image {"id":1005,"sizeSlug":"large","linkDestination":"none"} -->
<figure class="wp-block-image size-large"><img src="https://www.fraclorraine.org/wp-content/uploads/2022/09/PROG_2020_MARS-MAI_TERRE-THAEMLITZ_2.jpg" alt="" class="wp-image-1005"/><figcaption class="wp-element-caption">Terre Thaemlitz, Soulnessless : Cantos I-IV
© Terre Thaemlitz
</figcaption></figure>
<!-- /wp:image -->

<!-- wp:image {"id":1006,"sizeSlug":"large","linkDestination":"none"} -->
<figure class="wp-block-image size-large"><img src="https://www.fraclorraine.org/wp-content/uploads/2022/09/PROG_2020_MARS-MAI_TERRE-THAEMLITZ_3.jpg" alt="" class="wp-image-1006"/><figcaption class="wp-element-caption">Terre Thaemlitz, Soulnessless : Cantos I-IV
© Terre Thaemlitz
</figcaption></figure>
<!-- /wp:image --></figure>
<!-- /wp:gallery --></div>
<!-- /wp:column --></div>
<!-- /wp:columns -->
