{"id":1042,"date":"2022-09-09T08:59:22","date_gmt":"2022-09-09T08:59:22","guid":{"rendered":"https:\/\/www.fraclorraine.org\/nouveausite2021\/?post_type=evenement&#038;p=1042"},"modified":"2023-01-12T13:48:17","modified_gmt":"2023-01-12T13:48:17","slug":"","status":"publish","type":"evenement","link":"https:\/\/www.fraclorraine.org\/en\/evenement\/limpact-du-numerique-sur-lenvironnement\/","title":{"rendered":"","raw":""},"content":{"rendered":"","protected":false,"raw":""},"template":"","meta":{"inline_featured_image":false,"_fr_post_content":"<!-- wp:columns -->\n<div class=\"wp-block-columns\"><!-- wp:column -->\n<div class=\"wp-block-column\"><!-- wp:paragraph -->\n<p>\u25cf Le r\u00e9seau LORA organise sa premi\u00e8re rencontre th\u00e9matique autour des questions soci\u00e9tales et environnementales<\/p>\n<!-- \/wp:paragraph -->\n\n<!-- wp:paragraph -->\n<p>Rendez-vous le 27 octobre au Frac Lorraine ou en ligne par une retransmission en live sur le facebook de LoRA pour une conf\u00e9rence et un d\u00e9bat autour de l\u2019impact du num\u00e9rique sur l\u2019environnement.<br>Avec Bela Loto Hiffler \u2013 Fondatrice de l\u2019association Point de M.I.R Conseil &amp; Formation, Bella est formatrice, sp\u00e9cialiste du num\u00e9rique responsable. Apr\u00e8s s\u2019\u00eatre int\u00e9ress\u00e9e au web du point de vue des technologiques audio \u00e9mergentes, elle est l\u2019auteure des \u00ab \u00c9co-gestes informatiques au quotidien \u00bb (Editions&nbsp;ADEME, 2017), dont une toute nouvelle \u00e9dition est pr\u00e9vue pour octobre 2020.<\/p>\n<!-- \/wp:paragraph --><\/div>\n<!-- \/wp:column -->\n\n<!-- wp:column -->\n<div class=\"wp-block-column\"><!-- wp:image {\"id\":1043,\"width\":738,\"height\":387,\"sizeSlug\":\"full\",\"linkDestination\":\"none\"} -->\n<figure class=\"wp-block-image size-full is-resized\"><img src=\"https:\/\/www.fraclorraine.org\/wp-content\/uploads\/2022\/09\/PROG_2020_SEPT-JAN-_RENCONTRE-LORA_1.jpg\" alt=\"\" class=\"wp-image-1043\" width=\"738\" height=\"387\"\/><\/figure>\n<!-- \/wp:image --><\/div>\n<!-- \/wp:column --><\/div>\n<!-- \/wp:columns -->\n\n<!-- wp:paragraph -->\n<p>\u25cf Vers une utilisation plus responsable du num\u00e9rique<\/p>\n<!-- \/wp:paragraph -->\n\n<!-- wp:paragraph -->\n<p>Amplifi\u00e9e par la crise sanitaire que nous vivons actuellement, l\u2019utilisation du num\u00e9rique concerne la moiti\u00e9 de la population mondiale, aujourd\u2019hui connect\u00e9e \u00e0 Internet. Jug\u00e9e utile voire indispensable pour conserver les liens sociaux, l\u2019activit\u00e9 professionnelle voire commerciale, elle n\u2019a toutefois rien de magique, d\u2019immat\u00e9riel, ni de virtuel. L\u2019informatique et toutes les technologies de l\u2019information n\u00e9cessitent la mise en place d\u2019infrastructures lourdes dont les impacts sur l\u2019environnement, par exemple les \u00e9missions de gaz \u00e0 effet de serre, sont actuellement sup\u00e9rieurs \u00e0 ceux de secteurs comme l\u2019aviation civile.<br>Nous pouvons toutefois, chacun \u00e0 notre niveau et en fonction de notre profil d\u2019utilisation, essayer de diminuer sensiblement cette empreinte.<\/p>\n<!-- \/wp:paragraph -->\n\n<!-- wp:paragraph -->\n<p>Cette conf\u00e9rence propose \u00e0 la fois un \u00e9tat des lieux des impacts environnementaux du num\u00e9rique et une ouverture vers de meilleures pratiques. L\u2019objectif est d\u2019inviter les collaborateur.trice.s \u00e0 amorcer une vraie r\u00e9flexion afin d\u2019adapter ensuite leurs comportements au quotidien, \u00e0 titre personnel et professionnel.<\/p>\n<!-- \/wp:paragraph -->\n\n<!-- wp:paragraph -->\n<p>\u25cf Engagement<\/p>\n<!-- \/wp:paragraph -->\n\n<!-- wp:paragraph -->\n<p>Une des fonctions de l\u2019art et des lieux qui lui sont d\u00e9di\u00e9s est de penser le monde et notre soci\u00e9t\u00e9. Il a ainsi sembl\u00e9 essentiel \u00e0 la commission environnement et soci\u00e9t\u00e9 du r\u00e9seau LoRA de r\u00e9fl\u00e9chir \u00e0 la mani\u00e8re dont nous pouvions \u0153uvrer \u00e0 la transition \u00e9cologique.<\/p>\n<!-- \/wp:paragraph -->","_fr_post_name":"limpact-du-numerique-sur-lenvironnement","_fr_post_excerpt":"","_fr_post_title":"L'impact du num\u00e9rique sur l'environnement","_en_post_content":"","_en_post_name":"","_en_post_excerpt":"","_en_post_title":"","edit_language":"en"},"tags":[203,100],"event-type":[101],"saison":[48],"lieu":[371],"class_list":["post-1042","evenement","type-evenement","status-publish","hentry","tag-environnement","tag-rencontre"],"excerpt":{"raw":"","rendered":""},"_links":{"self":[{"href":"https:\/\/www.fraclorraine.org\/en\/wp-json\/wp\/v2\/evenement\/1042","targetHints":{"allow":["GET"]}}],"collection":[{"href":"https:\/\/www.fraclorraine.org\/en\/wp-json\/wp\/v2\/evenement"}],"about":[{"href":"https:\/\/www.fraclorraine.org\/en\/wp-json\/wp\/v2\/types\/evenement"}],"wp:attachment":[{"href":"https:\/\/www.fraclorraine.org\/en\/wp-json\/wp\/v2\/media?parent=1042"}],"wp:term":[{"taxonomy":"post_tag","embeddable":true,"href":"https:\/\/www.fraclorraine.org\/en\/wp-json\/wp\/v2\/tags?post=1042"},{"taxonomy":"event-type","embeddable":true,"href":"https:\/\/www.fraclorraine.org\/en\/wp-json\/wp\/v2\/event-type?post=1042"},{"taxonomy":"saison","embeddable":true,"href":"https:\/\/www.fraclorraine.org\/en\/wp-json\/wp\/v2\/saison?post=1042"},{"taxonomy":"lieu","embeddable":true,"href":"https:\/\/www.fraclorraine.org\/en\/wp-json\/wp\/v2\/lieu?post=1042"}],"curies":[{"name":"wp","href":"https:\/\/api.w.org\/{rel}","templated":true}]}}

<!-- wp:columns -->
<div class="wp-block-columns"><!-- wp:column -->
<div class="wp-block-column"><!-- wp:paragraph -->
<p>● Le réseau LORA organise sa première rencontre thématique autour des questions sociétales et environnementales</p>
<!-- /wp:paragraph -->

<!-- wp:paragraph -->
<p>Rendez-vous le 27 octobre au Frac Lorraine ou en ligne par une retransmission en live sur le facebook de LoRA pour une conférence et un débat autour de l’impact du numérique sur l’environnement.<br>Avec Bela Loto Hiffler – Fondatrice de l’association Point de M.I.R Conseil &amp; Formation, Bella est formatrice, spécialiste du numérique responsable. Après s’être intéressée au web du point de vue des technologiques audio émergentes, elle est l’auteure des « Éco-gestes informatiques au quotidien » (Editions&nbsp;ADEME, 2017), dont une toute nouvelle édition est prévue pour octobre 2020.</p>
<!-- /wp:paragraph --></div>
<!-- /wp:column -->

<!-- wp:column -->
<div class="wp-block-column"><!-- wp:image {"id":1043,"width":738,"height":387,"sizeSlug":"full","linkDestination":"none"} -->
<figure class="wp-block-image size-full is-resized"><img src="https://www.fraclorraine.org/wp-content/uploads/2022/09/PROG_2020_SEPT-JAN-_RENCONTRE-LORA_1.jpg" alt="" class="wp-image-1043" width="738" height="387"/></figure>
<!-- /wp:image --></div>
<!-- /wp:column --></div>
<!-- /wp:columns -->

<!-- wp:paragraph -->
<p>● Vers une utilisation plus responsable du numérique</p>
<!-- /wp:paragraph -->

<!-- wp:paragraph -->
<p>Amplifiée par la crise sanitaire que nous vivons actuellement, l’utilisation du numérique concerne la moitié de la population mondiale, aujourd’hui connectée à Internet. Jugée utile voire indispensable pour conserver les liens sociaux, l’activité professionnelle voire commerciale, elle n’a toutefois rien de magique, d’immatériel, ni de virtuel. L’informatique et toutes les technologies de l’information nécessitent la mise en place d’infrastructures lourdes dont les impacts sur l’environnement, par exemple les émissions de gaz à effet de serre, sont actuellement supérieurs à ceux de secteurs comme l’aviation civile.<br>Nous pouvons toutefois, chacun à notre niveau et en fonction de notre profil d’utilisation, essayer de diminuer sensiblement cette empreinte.</p>
<!-- /wp:paragraph -->

<!-- wp:paragraph -->
<p>Cette conférence propose à la fois un état des lieux des impacts environnementaux du numérique et une ouverture vers de meilleures pratiques. L’objectif est d’inviter les collaborateur.trice.s à amorcer une vraie réflexion afin d’adapter ensuite leurs comportements au quotidien, à titre personnel et professionnel.</p>
<!-- /wp:paragraph -->

<!-- wp:paragraph -->
<p>● Engagement</p>
<!-- /wp:paragraph -->

<!-- wp:paragraph -->
<p>Une des fonctions de l’art et des lieux qui lui sont dédiés est de penser le monde et notre société. Il a ainsi semblé essentiel à la commission environnement et société du réseau LoRA de réfléchir à la manière dont nous pouvions œuvrer à la transition écologique.</p>
<!-- /wp:paragraph -->

L'impact du numérique sur l'environnement
