{"id":1056,"date":"2022-09-09T10:12:41","date_gmt":"2022-09-09T10:12:41","guid":{"rendered":"https:\/\/www.fraclorraine.org\/nouveausite2021\/?post_type=evenement&#038;p=1056"},"modified":"2023-01-12T13:36:38","modified_gmt":"2023-01-12T13:36:38","slug":"","status":"publish","type":"evenement","link":"https:\/\/www.fraclorraine.org\/en\/evenement\/aux-intersections\/","title":{"rendered":"","raw":""},"content":{"rendered":"","protected":false,"raw":""},"template":"","meta":{"inline_featured_image":false,"_fr_post_content":"<!-- wp:columns -->\n<div class=\"wp-block-columns\"><!-- wp:column -->\n<div class=\"wp-block-column\"><!-- wp:paragraph -->\n<p>\u25cf Avec Liza Hammar, Shahin Mohammad-Lagneau et Mame-Fatou Niang<\/p>\n<!-- \/wp:paragraph -->\n\n<!-- wp:paragraph -->\n<p>L\u2019approche intersectionnelle propose de penser la pluralit\u00e9 des syst\u00e8mes de dominations et leurs interf\u00e9rences.&nbsp;<\/p>\n<!-- \/wp:paragraph -->\n\n<!-- wp:paragraph -->\n<p>Cette notion, qui traverse l\u2019exposition <em>\u00c0 plusieurs<\/em>, occupe aujourd\u2019hui largement le d\u00e9bat public, touchant \u00e0 la fois \u00e0 l\u2019intime et au politique. D\u2019o\u00f9 vient-elle ? Pourquoi est-elle si controvers\u00e9e en France ? En tant que chercheuses et.ou militantes, Liza Hammar, Shahin Mohammad-Lagneau et Mame-Fatou Niang pr\u00e9sentent les perspectives apport\u00e9es par l\u2019intersectionnalit\u00e9, et comment elles s\u2019en emparent pour renverser les effets d\u2019invisibilisation des identit\u00e9s situ\u00e9es aux intersections.<\/p>\n<!-- \/wp:paragraph --><\/div>\n<!-- \/wp:column -->\n\n<!-- wp:column -->\n<div class=\"wp-block-column\"><!-- wp:image {\"id\":1057,\"sizeSlug\":\"large\",\"linkDestination\":\"none\"} -->\n<figure class=\"wp-block-image size-large\"><img src=\"https:\/\/www.fraclorraine.org\/wp-content\/uploads\/2022\/09\/PROG_2021_MARS-AOUT_AUX-INTERSACTIONS_1-1024x500.png\" alt=\"\" class=\"wp-image-1057\"\/><\/figure>\n<!-- \/wp:image --><\/div>\n<!-- \/wp:column --><\/div>\n<!-- \/wp:columns -->\n\n<!-- wp:paragraph -->\n<p>\u25cf LES INTERVENANTES<\/p>\n<!-- \/wp:paragraph -->\n\n<!-- wp:paragraph -->\n<p><strong><strong>Liza <\/strong>Hammar<\/strong><\/p>\n<!-- \/wp:paragraph -->\n\n<!-- wp:paragraph -->\n<p>Liza Hammar est une jeune chercheuse en litt\u00e9rature et en histoire, dans une perspective f\u00e9ministe et decoloniale. Elle a co-fond\u00e9 le collectif Nta Rajel en 2018, premier collectif f\u00e9ministe de politique d\u00e9coloniale qui s\u2019int\u00e9resse sp\u00e9cifiquement aux personnes de la diaspora nord-africaine ; luttant contre le racisme, l\u2019islamophobie, la misogynie et les lgbtqphobies qui visent la diaspora nord-africaine en France.<\/p>\n<!-- \/wp:paragraph -->\n\n<!-- wp:paragraph -->\n<p><strong><strong>Shahin Mohammad<\/strong><\/strong><\/p>\n<!-- \/wp:paragraph -->\n\n<!-- wp:paragraph -->\n<p>Guide et conteuse en langue des signes, Shahin Mohammad travaille au cabinet de la Secr\u00e9taire d\u2019\u00e9tat \u00e0 l\u2019\u00e9galit\u00e9 de genres, l\u2019\u00e9galit\u00e9 des chances et de la diversit\u00e9 en tant que conseill\u00e8re handicap et accessibilit\u00e9 universelle. Elle se consid\u00e8re comme militante f\u00e9ministe intersectionnelle : c\u2019est par ce prisme qu\u2019elle se bat contre le racisme, le sexisme, l\u2019audisme et la discrimination sociale, \u00ab pour l\u2019\u00e9quit\u00e9\u200b\u200b\u200b\u200b\u200b\u200b\u200b, la vraie \u00bb. Un combat de tous les instants pour cette militante handif\u00e9ministe, d\u00e9coloniale, antiraciste et \u00e9cologiste qui passe par un engagement politique fort au sein d\u2019ECOLO-Groen, et du monde associatif.<\/p>\n<!-- \/wp:paragraph -->\n\n<!-- wp:paragraph -->\n<p><strong>Mame-Fatou Niang<\/strong><\/p>\n<!-- \/wp:paragraph -->\n\n<!-- wp:paragraph -->\n<p>Mame-Fatou Niang est Ma\u00eetresse de conf\u00e9rences \u00e0 Carnegie Mellon University (Pennsylvannie,&nbsp;USA). Elle travaille sur la question noire l\u2019antiracisme et l\u2019universalisme en France. Mame s\u2019int\u00e9resse \u00e9galement aux questions urbaines dans la litt\u00e9rature fran\u00e7aise contemporaine. En 2015, elle cor\u00e9alise Mariannes Noires , un documentaire sur les parcours de sept Afro-Fran\u00e7aises, ainsi qu\u2019une s\u00e9rie-photo sur des musulmans parisiens (Black, French and Muslim). Contributrice pour Slate, Rosa Luxemburg et JacobinMag, Mame a r\u00e9cemment publi\u00e9 Identit\u00e9s Fran\u00e7aises, un ouvrage qui interroge les processus de marginalisation et de cooptation dans la communaut\u00e9 nationale \u00e0 travers une \u00e9tude de discours sur les banlieues.(Brill, 2019). Elle ach\u00e8ve actuellement la r\u00e9daction de son second manuscript, Mosaica Nigra: Blackness in 21st-century France<\/p>\n<!-- \/wp:paragraph -->","_fr_post_name":"aux-intersections","_fr_post_excerpt":"","_fr_post_title":"Aux intersections","_en_post_content":"","_en_post_name":"","_en_post_excerpt":"","_en_post_title":"","edit_language":"en"},"tags":[100],"event-type":[189,101],"saison":[46],"lieu":[375],"class_list":["post-1056","evenement","type-evenement","status-publish","hentry","tag-rencontre"],"excerpt":{"raw":"","rendered":""},"_links":{"self":[{"href":"https:\/\/www.fraclorraine.org\/en\/wp-json\/wp\/v2\/evenement\/1056","targetHints":{"allow":["GET"]}}],"collection":[{"href":"https:\/\/www.fraclorraine.org\/en\/wp-json\/wp\/v2\/evenement"}],"about":[{"href":"https:\/\/www.fraclorraine.org\/en\/wp-json\/wp\/v2\/types\/evenement"}],"wp:attachment":[{"href":"https:\/\/www.fraclorraine.org\/en\/wp-json\/wp\/v2\/media?parent=1056"}],"wp:term":[{"taxonomy":"post_tag","embeddable":true,"href":"https:\/\/www.fraclorraine.org\/en\/wp-json\/wp\/v2\/tags?post=1056"},{"taxonomy":"event-type","embeddable":true,"href":"https:\/\/www.fraclorraine.org\/en\/wp-json\/wp\/v2\/event-type?post=1056"},{"taxonomy":"saison","embeddable":true,"href":"https:\/\/www.fraclorraine.org\/en\/wp-json\/wp\/v2\/saison?post=1056"},{"taxonomy":"lieu","embeddable":true,"href":"https:\/\/www.fraclorraine.org\/en\/wp-json\/wp\/v2\/lieu?post=1056"}],"curies":[{"name":"wp","href":"https:\/\/api.w.org\/{rel}","templated":true}]}}

<!-- wp:columns -->
<div class="wp-block-columns"><!-- wp:column -->
<div class="wp-block-column"><!-- wp:paragraph -->
<p>● Avec Liza Hammar, Shahin Mohammad-Lagneau et Mame-Fatou Niang</p>
<!-- /wp:paragraph -->

<!-- wp:paragraph -->
<p>L’approche intersectionnelle propose de penser la pluralité des systèmes de dominations et leurs interférences.&nbsp;</p>
<!-- /wp:paragraph -->

<!-- wp:paragraph -->
<p>Cette notion, qui traverse l’exposition <em>À plusieurs</em>, occupe aujourd’hui largement le débat public, touchant à la fois à l’intime et au politique. D’où vient-elle ? Pourquoi est-elle si controversée en France ? En tant que chercheuses et.ou militantes, Liza Hammar, Shahin Mohammad-Lagneau et Mame-Fatou Niang présentent les perspectives apportées par l’intersectionnalité, et comment elles s’en emparent pour renverser les effets d’invisibilisation des identités situées aux intersections.</p>
<!-- /wp:paragraph --></div>
<!-- /wp:column -->

<!-- wp:column -->
<div class="wp-block-column"><!-- wp:image {"id":1057,"sizeSlug":"large","linkDestination":"none"} -->
<figure class="wp-block-image size-large"><img src="https://www.fraclorraine.org/wp-content/uploads/2022/09/PROG_2021_MARS-AOUT_AUX-INTERSACTIONS_1-1024x500.png" alt="" class="wp-image-1057"/></figure>
<!-- /wp:image --></div>
<!-- /wp:column --></div>
<!-- /wp:columns -->

<!-- wp:paragraph -->
<p>● LES INTERVENANTES</p>
<!-- /wp:paragraph -->

<!-- wp:paragraph -->
<p><strong><strong>Liza </strong>Hammar</strong></p>
<!-- /wp:paragraph -->

<!-- wp:paragraph -->
<p>Liza Hammar est une jeune chercheuse en littérature et en histoire, dans une perspective féministe et decoloniale. Elle a co-fondé le collectif Nta Rajel en 2018, premier collectif féministe de politique décoloniale qui s’intéresse spécifiquement aux personnes de la diaspora nord-africaine ; luttant contre le racisme, l’islamophobie, la misogynie et les lgbtqphobies qui visent la diaspora nord-africaine en France.</p>
<!-- /wp:paragraph -->

<!-- wp:paragraph -->
<p><strong><strong>Shahin Mohammad</strong></strong></p>
<!-- /wp:paragraph -->

<!-- wp:paragraph -->
<p>Guide et conteuse en langue des signes, Shahin Mohammad travaille au cabinet de la Secrétaire d’état à l’égalité de genres, l’égalité des chances et de la diversité en tant que conseillère handicap et accessibilité universelle. Elle se considère comme militante féministe intersectionnelle : c’est par ce prisme qu’elle se bat contre le racisme, le sexisme, l’audisme et la discrimination sociale, « pour l’équité​​​​​​​, la vraie ». Un combat de tous les instants pour cette militante handiféministe, décoloniale, antiraciste et écologiste qui passe par un engagement politique fort au sein d’ECOLO-Groen, et du monde associatif.</p>
<!-- /wp:paragraph -->

<!-- wp:paragraph -->
<p><strong>Mame-Fatou Niang</strong></p>
<!-- /wp:paragraph -->

<!-- wp:paragraph -->
<p>Mame-Fatou Niang est Maîtresse de conférences à Carnegie Mellon University (Pennsylvannie,&nbsp;USA). Elle travaille sur la question noire l’antiracisme et l’universalisme en France. Mame s’intéresse également aux questions urbaines dans la littérature française contemporaine. En 2015, elle coréalise Mariannes Noires , un documentaire sur les parcours de sept Afro-Françaises, ainsi qu’une série-photo sur des musulmans parisiens (Black, French and Muslim). Contributrice pour Slate, Rosa Luxemburg et JacobinMag, Mame a récemment publié Identités Françaises, un ouvrage qui interroge les processus de marginalisation et de cooptation dans la communauté nationale à travers une étude de discours sur les banlieues.(Brill, 2019). Elle achève actuellement la rédaction de son second manuscript, Mosaica Nigra: Blackness in 21st-century France</p>
<!-- /wp:paragraph -->
