{"id":1073,"date":"2022-09-09T12:36:47","date_gmt":"2022-09-09T12:36:47","guid":{"rendered":"https:\/\/www.fraclorraine.org\/nouveausite2021\/?post_type=evenement&#038;p=1073"},"modified":"2023-01-12T13:32:33","modified_gmt":"2023-01-12T13:32:33","slug":"","status":"publish","type":"evenement","link":"https:\/\/www.fraclorraine.org\/en\/evenement\/menenine\/","title":{"rendered":"","raw":""},"content":{"rendered":"","protected":false,"raw":""},"template":"","meta":{"inline_featured_image":false,"_fr_post_content":"<!-- wp:columns -->\n<div class=\"wp-block-columns\"><!-- wp:column -->\n<div class=\"wp-block-column\"><!-- wp:paragraph -->\n<p>\u25cf <a href=\"https:\/\/mayanjafallon.com\/\" target=\"_blank\" rel=\"noreferrer noopener\">Fallon Mayanja<\/a>, invit\u00e9.e par Jos\u00e8fa Ntjam dans le cadre de l\u2019exposition&nbsp;<em>\u00c0 Plusieurs<\/em><\/p>\n<!-- \/wp:paragraph -->\n\n<!-- wp:paragraph -->\n<p>Artiste sonore et performeur.se, Fallon Mayanja propose une exploration de&nbsp;<em>Femenine<\/em>, une \u0153uvre originale de Julius Eastman, compositeur minimaliste des ann\u00e9es 70, impliqu\u00e9 dans les luttes contre le racisme et l\u2019homophobie. <\/p>\n<!-- \/wp:paragraph -->\n\n<!-- wp:paragraph -->\n<p>Son palimpseste audiovisuel, s\u2019inspirant du principe de la musique organique, ouvre vers de nouvelles fa\u00e7ons de penser, de pr\u00e9senter et de ressentir.<\/p>\n<!-- \/wp:paragraph -->\n\n<!-- wp:paragraph -->\n<p>Artiste et interpr\u00e8te, Fallon Mayanja explore la r\u00e9p\u00e9tition et la composition organique \u00e0 l\u2019aide de synth\u00e9tiseurs analogiques et de logiciels de programmation. Ses \u0153uvres interrogent les zones sensibles, la place de la voix ainsi que le r\u00f4le du silence \u00e0 travers la cr\u00e9ation d\u2019\u00e9chantillons d\u2019archives. En cr\u00e9ant de nouvelles architectures sonores, elle propose une exploration des sons amplifi\u00e9s, se d\u00e9ployant dans des interstices \u00e9lectroniques.\u200b\u200b\u200b\u200b\u200b\u200b\u200b<\/p>\n<!-- \/wp:paragraph --><\/div>\n<!-- \/wp:column -->\n\n<!-- wp:column -->\n<div class=\"wp-block-column\"><!-- wp:embed {\"url\":\"https:\/\/soundcloud.com\/sky-seas\/uranus-attraction\",\"type\":\"rich\",\"providerNameSlug\":\"soundcloud\",\"responsive\":true} -->\n<figure class=\"wp-block-embed is-type-rich is-provider-soundcloud wp-block-embed-soundcloud\"><div class=\"wp-block-embed__wrapper\">\nhttps:\/\/soundcloud.com\/sky-seas\/uranus-attraction\n<\/div><\/figure>\n<!-- \/wp:embed --><\/div>\n<!-- \/wp:column --><\/div>\n<!-- \/wp:columns -->\n\n<!-- wp:gallery {\"linkTo\":\"none\"} -->\n<figure class=\"wp-block-gallery has-nested-images columns-default is-cropped\"><!-- wp:image {\"id\":1074,\"sizeSlug\":\"large\",\"linkDestination\":\"none\"} -->\n<figure class=\"wp-block-image size-large\"><img src=\"https:\/\/www.fraclorraine.org\/wp-content\/uploads\/2022\/09\/PROG_2021_MARS-AOUT_MENENINE_1-1024x768.jpeg\" alt=\"\" class=\"wp-image-1074\"\/><figcaption class=\"wp-element-caption\">Fallon Mayanja - Menenine\n49 Nord 6 Est - Frac Lorraine, Metz, Juin 2022\n<\/figcaption><\/figure>\n<!-- \/wp:image --><\/figure>\n<!-- \/wp:gallery -->","_fr_post_name":"menenine","_fr_post_excerpt":"","_fr_post_title":"Menenine","_en_post_content":"","_en_post_name":"","_en_post_excerpt":"","_en_post_title":"","edit_language":"en"},"tags":[18],"event-type":[97],"saison":[46],"lieu":[371],"class_list":["post-1073","evenement","type-evenement","status-publish","hentry","tag-performance"],"excerpt":{"raw":"","rendered":""},"_links":{"self":[{"href":"https:\/\/www.fraclorraine.org\/en\/wp-json\/wp\/v2\/evenement\/1073","targetHints":{"allow":["GET"]}}],"collection":[{"href":"https:\/\/www.fraclorraine.org\/en\/wp-json\/wp\/v2\/evenement"}],"about":[{"href":"https:\/\/www.fraclorraine.org\/en\/wp-json\/wp\/v2\/types\/evenement"}],"wp:attachment":[{"href":"https:\/\/www.fraclorraine.org\/en\/wp-json\/wp\/v2\/media?parent=1073"}],"wp:term":[{"taxonomy":"post_tag","embeddable":true,"href":"https:\/\/www.fraclorraine.org\/en\/wp-json\/wp\/v2\/tags?post=1073"},{"taxonomy":"event-type","embeddable":true,"href":"https:\/\/www.fraclorraine.org\/en\/wp-json\/wp\/v2\/event-type?post=1073"},{"taxonomy":"saison","embeddable":true,"href":"https:\/\/www.fraclorraine.org\/en\/wp-json\/wp\/v2\/saison?post=1073"},{"taxonomy":"lieu","embeddable":true,"href":"https:\/\/www.fraclorraine.org\/en\/wp-json\/wp\/v2\/lieu?post=1073"}],"curies":[{"name":"wp","href":"https:\/\/api.w.org\/{rel}","templated":true}]}}

<!-- wp:columns -->
<div class="wp-block-columns"><!-- wp:column -->
<div class="wp-block-column"><!-- wp:paragraph -->
<p>● <a href="https://mayanjafallon.com/" target="_blank" rel="noreferrer noopener">Fallon Mayanja</a>, invité.e par Josèfa Ntjam dans le cadre de l’exposition&nbsp;<em>À Plusieurs</em></p>
<!-- /wp:paragraph -->

<!-- wp:paragraph -->
<p>Artiste sonore et performeur.se, Fallon Mayanja propose une exploration de&nbsp;<em>Femenine</em>, une œuvre originale de Julius Eastman, compositeur minimaliste des années 70, impliqué dans les luttes contre le racisme et l’homophobie. </p>
<!-- /wp:paragraph -->

<!-- wp:paragraph -->
<p>Son palimpseste audiovisuel, s’inspirant du principe de la musique organique, ouvre vers de nouvelles façons de penser, de présenter et de ressentir.</p>
<!-- /wp:paragraph -->

<!-- wp:paragraph -->
<p>Artiste et interprète, Fallon Mayanja explore la répétition et la composition organique à l’aide de synthétiseurs analogiques et de logiciels de programmation. Ses œuvres interrogent les zones sensibles, la place de la voix ainsi que le rôle du silence à travers la création d’échantillons d’archives. En créant de nouvelles architectures sonores, elle propose une exploration des sons amplifiés, se déployant dans des interstices électroniques.​​​​​​​</p>
<!-- /wp:paragraph --></div>
<!-- /wp:column -->

<!-- wp:column -->
<div class="wp-block-column"><!-- wp:embed {"url":"https://soundcloud.com/sky-seas/uranus-attraction","type":"rich","providerNameSlug":"soundcloud","responsive":true} -->
<figure class="wp-block-embed is-type-rich is-provider-soundcloud wp-block-embed-soundcloud"><div class="wp-block-embed__wrapper">
https://soundcloud.com/sky-seas/uranus-attraction
</div></figure>
<!-- /wp:embed --></div>
<!-- /wp:column --></div>
<!-- /wp:columns -->

<!-- wp:gallery {"linkTo":"none"} -->
<figure class="wp-block-gallery has-nested-images columns-default is-cropped"><!-- wp:image {"id":1074,"sizeSlug":"large","linkDestination":"none"} -->
<figure class="wp-block-image size-large"><img src="https://www.fraclorraine.org/wp-content/uploads/2022/09/PROG_2021_MARS-AOUT_MENENINE_1-1024x768.jpeg" alt="" class="wp-image-1074"/><figcaption class="wp-element-caption">Fallon Mayanja - Menenine
49 Nord 6 Est - Frac Lorraine, Metz, Juin 2022
</figcaption></figure>
<!-- /wp:image --></figure>
<!-- /wp:gallery -->
