{"id":1078,"date":"2022-09-12T07:29:32","date_gmt":"2022-09-12T07:29:32","guid":{"rendered":"https:\/\/www.fraclorraine.org\/nouveausite2021\/?post_type=evenement&#038;p=1078"},"modified":"2023-01-12T13:31:46","modified_gmt":"2023-01-12T13:31:46","slug":"","status":"publish","type":"evenement","link":"https:\/\/www.fraclorraine.org\/en\/evenement\/soiree-lunaire\/","title":{"rendered":"","raw":""},"content":{"rendered":"","protected":false,"raw":""},"template":"","meta":{"inline_featured_image":false,"_fr_post_content":"<!-- wp:columns -->\n<div class=\"wp-block-columns\"><!-- wp:column -->\n<div class=\"wp-block-column\"><!-- wp:paragraph -->\n<p>\u25cf Avec&nbsp;Merveilles Mouloungui, Doctorante-chercheuse&nbsp;ATER&nbsp;en Lettres et \u00e9tudes culturelles et Secr\u00e9taire g\u00e9n\u00e9rale de la <a rel=\"noreferrer noopener\" href=\"https:\/\/www.facebook.com\/PAAM57\/?ref=page_internal\" target=\"_blank\">Plateforme des associations africaines de la Moselle<\/a> (PAAM) ; <a href=\"https:\/\/melissagoigoux.wixsite.com\/solair\" target=\"_blank\" rel=\"noreferrer noopener\">M\u00e9lissa Goigoux<\/a>, musicoth\u00e9rapeute \u00e9nerg\u00e9ticienne et enseignante en yoga du son<\/p>\n<!-- \/wp:paragraph -->\n\n<!-- wp:paragraph -->\n<p>D\u00e9centrer notre regard : le diriger vers la Lune, ou s\u2019imaginer, \u00e0 l\u2019inverse, \u00e0 quoi nous ressemblons vu.es de loin. En lien avec le Centre de la Lune de l\u2019artiste Tabita R\u00e9zaire, venez vous aligner avec la lune, cet astre constamment changeant et distant, qui nous \u00e9chappe mais qui a beaucoup \u00e0 nous apprendre.<\/p>\n<!-- \/wp:paragraph -->\n\n<!-- wp:paragraph {\"fontSize\":\"small\"} -->\n<p class=\"has-small-font-size\"><\/p>\n<!-- \/wp:paragraph --><\/div>\n<!-- \/wp:column -->\n\n<!-- wp:column -->\n<div class=\"wp-block-column\"><!-- wp:image {\"id\":471,\"sizeSlug\":\"large\",\"linkDestination\":\"none\"} -->\n<figure class=\"wp-block-image size-large\"><img src=\"https:\/\/www.fraclorraine.org\/wp-content\/uploads\/2022\/08\/EXPO_2021_A-PLUSIEURS_4-1024x687.jpg\" alt=\"\" class=\"wp-image-471\"\/><figcaption class=\"wp-element-caption\">Tabita Rezaire, <em>Satellite Devotion<\/em>, 2019 Expositions<em> \u00c0 plusieurs<\/em>, Mars-Aout 2021, 49 Nord 6 Est-Frac Lorraine, Metz. Photo : Aur\u00e9lien Mole <\/figcaption><\/figure>\n<!-- \/wp:image --><\/div>\n<!-- \/wp:column --><\/div>\n<!-- \/wp:columns -->\n\n<!-- wp:gallery {\"linkTo\":\"none\"} -->\n<figure class=\"wp-block-gallery has-nested-images columns-default is-cropped\"><!-- wp:image {\"id\":472,\"sizeSlug\":\"large\",\"linkDestination\":\"none\"} -->\n<figure class=\"wp-block-image size-large\"><img src=\"https:\/\/www.fraclorraine.org\/wp-content\/uploads\/2022\/08\/EXPO_2021_A-PLUSIEURS_6-1024x576.jpg\" alt=\"\" class=\"wp-image-472\"\/><figcaption class=\"wp-element-caption\">Tabita Rezaire, Satellite Devotion, 2019<\/figcaption><\/figure>\n<!-- \/wp:image --><\/figure>\n<!-- \/wp:gallery -->\n\n<!-- wp:paragraph -->\n<p>\u25cf PROGRAMME<\/p>\n<!-- \/wp:paragraph -->\n\n<!-- wp:paragraph -->\n<p><strong>19h Visite subjective<\/strong><br>La Plateforme des Associations Africaines de Moselle invite Merveilles Mouloungui, chercheuse en litt\u00e9rature, \u00e0 proposer une autre lecture de l\u2019exposition, \u00e0 travers un regard distinct de la voix institutionnelle. Ce moment est l\u2019occasion de partager une exp\u00e9rience sensible \u00ab \u00e0 plusieurs \u00bb.<br>\u2014<br>Merveilles Mouloungui est doctorante-chercheuse&nbsp;ATER&nbsp;en Lettres et \u00e9tudes culturelles et Secr\u00e9taire g\u00e9n\u00e9rale de la Plateforme des associations africaines de la Moselle (PAAM)<\/p>\n<!-- \/wp:paragraph -->\n\n<!-- wp:paragraph -->\n<p><strong>20h Voyage sonore<\/strong><br>M\u00e9lissa Goigoux travaille avec les vibrations et les sons de divers instruments (bols tib\u00e9tains, harpe, voix\u2026). Elle vous propose un voyage sonore reliant l\u2019\u00e9nergie solaire \u00e0 l\u2019\u00e9nergie lunaire, le Ciel et la Terre.<br>\u2014<br>M\u00e9lissa Goigoux est musicoth\u00e9rapeute \u00e9nerg\u00e9ticienne et enseignante en yoga du son.<\/p>\n<!-- \/wp:paragraph -->\n\n<!-- wp:paragraph -->\n<p><strong>21h-22h30 Observation de la Lune<\/strong><br>La <a rel=\"noreferrer noopener\" href=\"https:\/\/www.facebook.com\/people\/Soci%C3%A9t%C3%A9-dAstronomie-de-Metz-M57\/100075977724020\/?ref=page_internal\" target=\"_blank\">Soci\u00e9t\u00e9 d\u2019astronomie de Metz<\/a> vous invite \u00e0 venir observer la Lune \u00e0 l\u2019aide d\u2019instruments d\u2019astronomie (t\u00e9lescopes, lunettes et jumelles de grand diam\u00e8tre). Des animateur.rices seront pr\u00e9sent.es afin de vous guider et \u00e9changer avec vous.<\/p>\n<!-- \/wp:paragraph -->\n\n<!-- wp:paragraph -->\n<p><\/p>\n<!-- \/wp:paragraph -->","_fr_post_name":"soiree-lunaire","_fr_post_excerpt":"","_fr_post_title":"Soir\u00e9e lunaire","_en_post_content":"","_en_post_name":"","_en_post_excerpt":"","_en_post_title":"","edit_language":"en"},"tags":[226],"event-type":[88],"saison":[46],"lieu":[371],"class_list":["post-1078","evenement","type-evenement","status-publish","hentry","tag-lsf"],"excerpt":{"raw":"","rendered":""},"_links":{"self":[{"href":"https:\/\/www.fraclorraine.org\/en\/wp-json\/wp\/v2\/evenement\/1078","targetHints":{"allow":["GET"]}}],"collection":[{"href":"https:\/\/www.fraclorraine.org\/en\/wp-json\/wp\/v2\/evenement"}],"about":[{"href":"https:\/\/www.fraclorraine.org\/en\/wp-json\/wp\/v2\/types\/evenement"}],"wp:attachment":[{"href":"https:\/\/www.fraclorraine.org\/en\/wp-json\/wp\/v2\/media?parent=1078"}],"wp:term":[{"taxonomy":"post_tag","embeddable":true,"href":"https:\/\/www.fraclorraine.org\/en\/wp-json\/wp\/v2\/tags?post=1078"},{"taxonomy":"event-type","embeddable":true,"href":"https:\/\/www.fraclorraine.org\/en\/wp-json\/wp\/v2\/event-type?post=1078"},{"taxonomy":"saison","embeddable":true,"href":"https:\/\/www.fraclorraine.org\/en\/wp-json\/wp\/v2\/saison?post=1078"},{"taxonomy":"lieu","embeddable":true,"href":"https:\/\/www.fraclorraine.org\/en\/wp-json\/wp\/v2\/lieu?post=1078"}],"curies":[{"name":"wp","href":"https:\/\/api.w.org\/{rel}","templated":true}]}}

<!-- wp:columns -->
<div class="wp-block-columns"><!-- wp:column -->
<div class="wp-block-column"><!-- wp:paragraph -->
<p>● Avec&nbsp;Merveilles Mouloungui, Doctorante-chercheuse&nbsp;ATER&nbsp;en Lettres et études culturelles et Secrétaire générale de la <a rel="noreferrer noopener" href="https://www.facebook.com/PAAM57/?ref=page_internal" target="_blank">Plateforme des associations africaines de la Moselle</a> (PAAM) ; <a href="https://melissagoigoux.wixsite.com/solair" target="_blank" rel="noreferrer noopener">Mélissa Goigoux</a>, musicothérapeute énergéticienne et enseignante en yoga du son</p>
<!-- /wp:paragraph -->

<!-- wp:paragraph -->
<p>Décentrer notre regard : le diriger vers la Lune, ou s’imaginer, à l’inverse, à quoi nous ressemblons vu.es de loin. En lien avec le Centre de la Lune de l’artiste Tabita Rézaire, venez vous aligner avec la lune, cet astre constamment changeant et distant, qui nous échappe mais qui a beaucoup à nous apprendre.</p>
<!-- /wp:paragraph -->

<!-- wp:paragraph {"fontSize":"small"} -->
<p class="has-small-font-size"></p>
<!-- /wp:paragraph --></div>
<!-- /wp:column -->

<!-- wp:column -->
<div class="wp-block-column"><!-- wp:image {"id":471,"sizeSlug":"large","linkDestination":"none"} -->
<figure class="wp-block-image size-large"><img src="https://www.fraclorraine.org/wp-content/uploads/2022/08/EXPO_2021_A-PLUSIEURS_4-1024x687.jpg" alt="" class="wp-image-471"/><figcaption class="wp-element-caption">Tabita Rezaire, <em>Satellite Devotion</em>, 2019 Expositions<em> À plusieurs</em>, Mars-Aout 2021, 49 Nord 6 Est-Frac Lorraine, Metz. Photo : Aurélien Mole </figcaption></figure>
<!-- /wp:image --></div>
<!-- /wp:column --></div>
<!-- /wp:columns -->

<!-- wp:gallery {"linkTo":"none"} -->
<figure class="wp-block-gallery has-nested-images columns-default is-cropped"><!-- wp:image {"id":472,"sizeSlug":"large","linkDestination":"none"} -->
<figure class="wp-block-image size-large"><img src="https://www.fraclorraine.org/wp-content/uploads/2022/08/EXPO_2021_A-PLUSIEURS_6-1024x576.jpg" alt="" class="wp-image-472"/><figcaption class="wp-element-caption">Tabita Rezaire, Satellite Devotion, 2019</figcaption></figure>
<!-- /wp:image --></figure>
<!-- /wp:gallery -->

<!-- wp:paragraph -->
<p>● PROGRAMME</p>
<!-- /wp:paragraph -->

<!-- wp:paragraph -->
<p><strong>19h Visite subjective</strong><br>La Plateforme des Associations Africaines de Moselle invite Merveilles Mouloungui, chercheuse en littérature, à proposer une autre lecture de l’exposition, à travers un regard distinct de la voix institutionnelle. Ce moment est l’occasion de partager une expérience sensible « à plusieurs ».<br>—<br>Merveilles Mouloungui est doctorante-chercheuse&nbsp;ATER&nbsp;en Lettres et études culturelles et Secrétaire générale de la Plateforme des associations africaines de la Moselle (PAAM)</p>
<!-- /wp:paragraph -->

<!-- wp:paragraph -->
<p><strong>20h Voyage sonore</strong><br>Mélissa Goigoux travaille avec les vibrations et les sons de divers instruments (bols tibétains, harpe, voix…). Elle vous propose un voyage sonore reliant l’énergie solaire à l’énergie lunaire, le Ciel et la Terre.<br>—<br>Mélissa Goigoux est musicothérapeute énergéticienne et enseignante en yoga du son.</p>
<!-- /wp:paragraph -->

<!-- wp:paragraph -->
<p><strong>21h-22h30 Observation de la Lune</strong><br>La <a rel="noreferrer noopener" href="https://www.facebook.com/people/Soci%C3%A9t%C3%A9-dAstronomie-de-Metz-M57/100075977724020/?ref=page_internal" target="_blank">Société d’astronomie de Metz</a> vous invite à venir observer la Lune à l’aide d’instruments d’astronomie (télescopes, lunettes et jumelles de grand diamètre). Des animateur.rices seront présent.es afin de vous guider et échanger avec vous.</p>
<!-- /wp:paragraph -->

<!-- wp:paragraph -->
<p></p>
<!-- /wp:paragraph -->

Soirée lunaire
