{"id":1085,"date":"2022-09-12T07:53:09","date_gmt":"2022-09-12T07:53:09","guid":{"rendered":"https:\/\/www.fraclorraine.org\/nouveausite2021\/?post_type=evenement&#038;p=1085"},"modified":"2023-01-12T13:58:46","modified_gmt":"2023-01-12T13:58:46","slug":"","status":"publish","type":"evenement","link":"https:\/\/www.fraclorraine.org\/en\/evenement\/renocntre-et-maintenant\/","title":{"rendered":"","raw":""},"content":{"rendered":"","protected":false,"raw":""},"template":"","meta":{"inline_featured_image":false,"_fr_post_content":"<!-- wp:columns -->\n<div class=\"wp-block-columns\"><!-- wp:column -->\n<div class=\"wp-block-column\"><!-- wp:paragraph -->\n<p>\u25cf Performances, \u00e9coutes, lancement d\u2019\u00e9dition et conversations avec Ana Colute, <a rel=\"noreferrer noopener\" href=\"https:\/\/claradenidet.com\/\" target=\"_blank\">Clara Denidet<\/a>, <a rel=\"noreferrer noopener\" href=\"https:\/\/www.princiaitoua.com\/\" target=\"_blank\">Princia Itoua<\/a>, <a href=\"https:\/\/www.robinsonhotel.org\/\" target=\"_blank\" rel=\"noreferrer noopener\">Fran\u00e7ois Martig<\/a>, <a href=\"https:\/\/www.mariannemispelaere.com\/\" target=\"_blank\" rel=\"noreferrer noopener\">Marianne Mispela\u00ebre<\/a>, <a href=\"https:\/\/www.marinasmorodinova.com\/\" target=\"_blank\" rel=\"noreferrer noopener\">Marina Smorodinova<\/a><\/p>\n<!-- \/wp:paragraph -->\n\n<!-- wp:paragraph -->\n<p>Le projet <em>Et maintenant <\/em>s\u2019est d\u2019abord incarn\u00e9 dans une r\u00e9sidence digitale, dans le contexte du d\u00e9confinement lors du printemps 2020, il prend forme aujourd\u2019hui par une \u00e9dition et une soir\u00e9e consacr\u00e9e \u00e0 son activation. <\/p>\n<!-- \/wp:paragraph -->\n\n<!-- wp:paragraph -->\n<p>Comment les artistes ont travaill\u00e9 pendant la p\u00e9riode particuli\u00e8re du confinement, et quels sont les essais et recherches qu\u2019iels ont souhait\u00e9 faire vivre en public ? Et maintenant que la rencontre est \u00e0 nouveau possible, le 49 Nord 6 Est \u2013 Frac Lorraine vous invite \u00e0 activer l\u2019\u00e9dition lors d\u2019une soir\u00e9e de performances, \u00e9coutes, restitutions et conversations. Ce retour vers l\u2019espace public physique marque la n\u00e9cessit\u00e9 du collectif, celle d\u2019\u00eatre ensemble un corps social \u00e0 voix multiples.<\/p>\n<!-- \/wp:paragraph --><\/div>\n<!-- \/wp:column -->\n\n<!-- wp:column -->\n<div class=\"wp-block-column\"><!-- wp:image {\"id\":372,\"sizeSlug\":\"large\",\"linkDestination\":\"none\"} -->\n<figure class=\"wp-block-image size-large\"><img src=\"https:\/\/www.fraclorraine.org\/wp-content\/uploads\/2022\/08\/EDITION_2020_ET-MAINTENANT_2-1024x768.jpg\" alt=\"\" class=\"wp-image-372\"\/><\/figure>\n<!-- \/wp:image --><\/div>\n<!-- \/wp:column --><\/div>\n<!-- \/wp:columns -->\n\n<!-- wp:paragraph -->\n<p>\u25cf PROGRAMME<\/p>\n<!-- \/wp:paragraph -->\n\n<!-- wp:paragraph -->\n<p><strong>20h \u2013 20h30 <\/strong>Conversation artiste-curatrice, Marianne Mispela\u00ebre et Agn\u00e8s Violeau<\/p>\n<!-- \/wp:paragraph -->\n\n<!-- wp:paragraph -->\n<p><strong>20h30 \u2013 20h45<\/strong> \u00c9coute collective de l\u2019\u0153uvre sonore <em>Nos r\u00e9cits n\u2019ont pas de prix<\/em> de Fran\u00e7ois Martig<\/p>\n<!-- \/wp:paragraph -->\n\n<!-- wp:paragraph -->\n<p><strong>21h \u2013 21h20<\/strong> \u00c9chauffement, improvisation sonore, Ana Colute (Caroline Antoine, Estelle Chr\u00e9tien, Aur\u00e9lie Pertusot)<\/p>\n<!-- \/wp:paragraph -->\n\n<!-- wp:paragraph -->\n<p><strong>21h30 \u2013 21h45<\/strong> \u00c0 propos de la performance<em> R\u00e9paration visible &amp; collective<\/em>. R\u00e9cit par Clara Denidet<\/p>\n<!-- \/wp:paragraph -->\n\n<!-- wp:paragraph -->\n<p><strong>21h45 \u2013 22h<\/strong> <em>Chaturanga<\/em>. Lecture perform\u00e9e de Princia Itoua<\/p>\n<!-- \/wp:paragraph -->\n\n<!-- wp:paragraph -->\n<p><strong>22h \u2013 22h15<\/strong> <em>Traversant les pi\u00e8ces de Brodsky.  <\/em>Performance dans\u00e9e par Marina Smorodinova<\/p>\n<!-- \/wp:paragraph -->\n\n<!-- wp:paragraph -->\n<p><strong>22h15 \u2013 23h<\/strong> Moment d\u2019\u00e9change autour de l\u2019\u00e9dition. <\/p>\n<!-- \/wp:paragraph -->","_fr_post_name":"renocntre-et-maintenant","_fr_post_excerpt":"","_fr_post_title":"Et Maintenant","_en_post_content":"","_en_post_name":"","_en_post_excerpt":"","_en_post_title":"","edit_language":"en"},"tags":[],"event-type":[88],"saison":[46],"lieu":[371],"class_list":["post-1085","evenement","type-evenement","status-publish","hentry"],"excerpt":{"raw":"","rendered":""},"_links":{"self":[{"href":"https:\/\/www.fraclorraine.org\/en\/wp-json\/wp\/v2\/evenement\/1085","targetHints":{"allow":["GET"]}}],"collection":[{"href":"https:\/\/www.fraclorraine.org\/en\/wp-json\/wp\/v2\/evenement"}],"about":[{"href":"https:\/\/www.fraclorraine.org\/en\/wp-json\/wp\/v2\/types\/evenement"}],"wp:attachment":[{"href":"https:\/\/www.fraclorraine.org\/en\/wp-json\/wp\/v2\/media?parent=1085"}],"wp:term":[{"taxonomy":"post_tag","embeddable":true,"href":"https:\/\/www.fraclorraine.org\/en\/wp-json\/wp\/v2\/tags?post=1085"},{"taxonomy":"event-type","embeddable":true,"href":"https:\/\/www.fraclorraine.org\/en\/wp-json\/wp\/v2\/event-type?post=1085"},{"taxonomy":"saison","embeddable":true,"href":"https:\/\/www.fraclorraine.org\/en\/wp-json\/wp\/v2\/saison?post=1085"},{"taxonomy":"lieu","embeddable":true,"href":"https:\/\/www.fraclorraine.org\/en\/wp-json\/wp\/v2\/lieu?post=1085"}],"curies":[{"name":"wp","href":"https:\/\/api.w.org\/{rel}","templated":true}]}}

<!-- wp:columns -->
<div class="wp-block-columns"><!-- wp:column -->
<div class="wp-block-column"><!-- wp:paragraph -->
<p>● Performances, écoutes, lancement d’édition et conversations avec Ana Colute, <a rel="noreferrer noopener" href="https://claradenidet.com/" target="_blank">Clara Denidet</a>, <a rel="noreferrer noopener" href="https://www.princiaitoua.com/" target="_blank">Princia Itoua</a>, <a href="https://www.robinsonhotel.org/" target="_blank" rel="noreferrer noopener">François Martig</a>, <a href="https://www.mariannemispelaere.com/" target="_blank" rel="noreferrer noopener">Marianne Mispelaëre</a>, <a href="https://www.marinasmorodinova.com/" target="_blank" rel="noreferrer noopener">Marina Smorodinova</a></p>
<!-- /wp:paragraph -->

<!-- wp:paragraph -->
<p>Le projet <em>Et maintenant </em>s’est d’abord incarné dans une résidence digitale, dans le contexte du déconfinement lors du printemps 2020, il prend forme aujourd’hui par une édition et une soirée consacrée à son activation. </p>
<!-- /wp:paragraph -->

<!-- wp:paragraph -->
<p>Comment les artistes ont travaillé pendant la période particulière du confinement, et quels sont les essais et recherches qu’iels ont souhaité faire vivre en public ? Et maintenant que la rencontre est à nouveau possible, le 49 Nord 6 Est – Frac Lorraine vous invite à activer l’édition lors d’une soirée de performances, écoutes, restitutions et conversations. Ce retour vers l’espace public physique marque la nécessité du collectif, celle d’être ensemble un corps social à voix multiples.</p>
<!-- /wp:paragraph --></div>
<!-- /wp:column -->

<!-- wp:column -->
<div class="wp-block-column"><!-- wp:image {"id":372,"sizeSlug":"large","linkDestination":"none"} -->
<figure class="wp-block-image size-large"><img src="https://www.fraclorraine.org/wp-content/uploads/2022/08/EDITION_2020_ET-MAINTENANT_2-1024x768.jpg" alt="" class="wp-image-372"/></figure>
<!-- /wp:image --></div>
<!-- /wp:column --></div>
<!-- /wp:columns -->

<!-- wp:paragraph -->
<p>● PROGRAMME</p>
<!-- /wp:paragraph -->

<!-- wp:paragraph -->
<p><strong>20h – 20h30 </strong>Conversation artiste-curatrice, Marianne Mispelaëre et Agnès Violeau</p>
<!-- /wp:paragraph -->

<!-- wp:paragraph -->
<p><strong>20h30 – 20h45</strong> Écoute collective de l’œuvre sonore <em>Nos récits n’ont pas de prix</em> de François Martig</p>
<!-- /wp:paragraph -->

<!-- wp:paragraph -->
<p><strong>21h – 21h20</strong> Échauffement, improvisation sonore, Ana Colute (Caroline Antoine, Estelle Chrétien, Aurélie Pertusot)</p>
<!-- /wp:paragraph -->

<!-- wp:paragraph -->
<p><strong>21h30 – 21h45</strong> À propos de la performance<em> Réparation visible &amp; collective</em>. Récit par Clara Denidet</p>
<!-- /wp:paragraph -->

<!-- wp:paragraph -->
<p><strong>21h45 – 22h</strong> <em>Chaturanga</em>. Lecture performée de Princia Itoua</p>
<!-- /wp:paragraph -->

<!-- wp:paragraph -->
<p><strong>22h – 22h15</strong> <em>Traversant les pièces de Brodsky.  </em>Performance dansée par Marina Smorodinova</p>
<!-- /wp:paragraph -->

<!-- wp:paragraph -->
<p><strong>22h15 – 23h</strong> Moment d’échange autour de l’édition. </p>
<!-- /wp:paragraph -->
