{"id":1114,"date":"2022-09-12T09:42:12","date_gmt":"2022-09-12T09:42:12","guid":{"rendered":"https:\/\/www.fraclorraine.org\/nouveausite2021\/?post_type=evenement&#038;p=1114"},"modified":"2023-01-12T14:03:05","modified_gmt":"2023-01-12T14:03:05","slug":"","status":"publish","type":"evenement","link":"https:\/\/www.fraclorraine.org\/en\/evenement\/entends-monter-nos-cris-contre-coaching-vocal-en-milieu-patriarcal\/","title":{"rendered":"Entends monter nos cris. Contre-coaching vocal en milieu patriarcal","raw":"Entends monter nos cris. Contre-coaching vocal en milieu patriarcal"},"content":{"rendered":"\n<div class=\"wp-block-columns is-layout-flex wp-container-core-columns-is-layout-9d6595d7 wp-block-columns-is-layout-flex\">\n<div class=\"wp-block-column is-layout-flow wp-block-column-is-layout-flow\">\n<p>Listen to our calls. Voice counter-coaching in a patriarcal context.<br>Lecture performance with Caroline Dejoie, researcher, Camille Islert, artist &amp; researcher, and Mathilde Le\u00efchl\u00e9, researcher &amp; art critic<\/p>\n<\/div>\n\n\n\n<div class=\"wp-block-column is-layout-flow wp-block-column-is-layout-flow\">\n<figure class=\"wp-block-image size-large\"><img loading=\"lazy\" decoding=\"async\" width=\"1024\" height=\"574\" src=\"https:\/\/www.fraclorraine.org\/wp-content\/uploads\/2022\/09\/PROG_2021_SEPT-FEV_JOURNEES-PATRIMOINE_1-1024x574.jpg\" alt=\"\" class=\"wp-image-1102\" srcset=\"https:\/\/www.fraclorraine.org\/wp-content\/uploads\/2022\/09\/PROG_2021_SEPT-FEV_JOURNEES-PATRIMOINE_1-1024x574.jpg 1024w, https:\/\/www.fraclorraine.org\/wp-content\/uploads\/2022\/09\/PROG_2021_SEPT-FEV_JOURNEES-PATRIMOINE_1-300x168.jpg 300w, https:\/\/www.fraclorraine.org\/wp-content\/uploads\/2022\/09\/PROG_2021_SEPT-FEV_JOURNEES-PATRIMOINE_1-768x430.jpg 768w, https:\/\/www.fraclorraine.org\/wp-content\/uploads\/2022\/09\/PROG_2021_SEPT-FEV_JOURNEES-PATRIMOINE_1-1536x861.jpg 1536w, https:\/\/www.fraclorraine.org\/wp-content\/uploads\/2022\/09\/PROG_2021_SEPT-FEV_JOURNEES-PATRIMOINE_1-2048x1148.jpg 2048w\" sizes=\"auto, (max-width: 1024px) 100vw, 1024px\" \/><figcaption class=\"wp-element-caption\">Graciela Sacco, <em>Bocanada<\/em>, 2015. Collection 49 Nord 6 Est \u2013 Frac Lorraine \u00a9 M. &amp; C. Garavelli Sacco<\/figcaption><\/figure>\n<\/div>\n<\/div>\n","protected":false,"raw":"<!-- wp:columns -->\n<div class=\"wp-block-columns\"><!-- wp:column -->\n<div class=\"wp-block-column\"><!-- wp:paragraph -->\n<p>Listen to our calls. Voice counter-coaching in a patriarcal context.<br>Lecture performance with Caroline Dejoie, researcher, Camille Islert, artist &amp; researcher, and Mathilde Le\u00efchl\u00e9, researcher &amp; art critic<\/p>\n<!-- \/wp:paragraph --><\/div>\n<!-- \/wp:column -->\n\n<!-- wp:column -->\n<div class=\"wp-block-column\"><!-- wp:image {\"id\":1102,\"sizeSlug\":\"large\",\"linkDestination\":\"none\"} -->\n<figure class=\"wp-block-image size-large\"><img src=\"https:\/\/www.fraclorraine.org\/wp-content\/uploads\/2022\/09\/PROG_2021_SEPT-FEV_JOURNEES-PATRIMOINE_1-1024x574.jpg\" alt=\"\" class=\"wp-image-1102\"\/><figcaption class=\"wp-element-caption\">Graciela Sacco, <em>Bocanada<\/em>, 2015. Collection 49 Nord 6 Est \u2013 Frac Lorraine \u00a9 M. &amp; C. Garavelli Sacco<\/figcaption><\/figure>\n<!-- \/wp:image --><\/div>\n<!-- \/wp:column --><\/div>\n<!-- \/wp:columns -->"},"template":"","meta":{"inline_featured_image":false,"_fr_post_content":"<!-- wp:columns -->\n<div class=\"wp-block-columns\"><!-- wp:column -->\n<div class=\"wp-block-column\"><!-- wp:paragraph -->\n<p>\u25cf Avec <a href=\"https:\/\/www.instagram.com\/caroline_dejoie\/?hl=fr\" target=\"_blank\" rel=\"noreferrer noopener\">Caroline Dejoie<\/a>, artiste-chercheuse, Camille Islert, chercheuse, et Mathilde Le\u00efchl\u00e9, chercheuse et critique d\u2019art<\/p>\n<!-- \/wp:paragraph -->\n\n<!-- wp:paragraph -->\n<p>Trop grave, trop aigu\u00eb, nasillarde, fuyante, agressive ou inexpressive : \u00e0 chaque voix f\u00e9minine correspond un arch\u00e9type misogyne.<\/p>\n<!-- \/wp:paragraph -->\n\n<!-- wp:paragraph -->\n<p>Des manuels et des cours de coaching vocal proposent conseils et exercices pour aider les femmes \u00e0 \u00ab se faire entendre\u2026 sans crier ! \u00bb. Au milieu d\u2019injonctions contradictoires et essentialistes, cette conf\u00e9rence performance propose de nouveaux imaginaires vocaux, d\u2019autres mani\u00e8res d\u2019entendre et se faire entendre.<\/p>\n<!-- \/wp:paragraph --><\/div>\n<!-- \/wp:column -->\n\n<!-- wp:column -->\n<div class=\"wp-block-column\"><!-- wp:image {\"id\":1102,\"sizeSlug\":\"large\",\"linkDestination\":\"none\"} -->\n<figure class=\"wp-block-image size-large\"><img src=\"https:\/\/www.fraclorraine.org\/wp-content\/uploads\/2022\/09\/PROG_2021_SEPT-FEV_JOURNEES-PATRIMOINE_1-1024x574.jpg\" alt=\"\" class=\"wp-image-1102\"\/><figcaption class=\"wp-element-caption\">Graciela Sacco, <em>Bocanada<\/em>, 2015. Collection 49 Nord 6 Est \u2013 Frac Lorraine \u00a9 M. &amp; C. Garavelli Sacco<\/figcaption><\/figure>\n<!-- \/wp:image --><\/div>\n<!-- \/wp:column --><\/div>\n<!-- \/wp:columns -->","_fr_post_name":"entends-monter-nos-cris-contre-coaching-vocal-en-milieu-patriarcal","_fr_post_excerpt":"","_fr_post_title":"Entends monter nos cris. Contre-coaching vocal en milieu patriarcal","_en_post_content":"<!-- wp:columns -->\n<div class=\"wp-block-columns\"><!-- wp:column -->\n<div class=\"wp-block-column\"><!-- wp:paragraph -->\n<p>Listen to our calls. Voice counter-coaching in a patriarcal context.<br>Lecture performance with Caroline Dejoie, researcher, Camille Islert, artist &amp; researcher, and Mathilde Le\u00efchl\u00e9, researcher &amp; art critic<\/p>\n<!-- \/wp:paragraph --><\/div>\n<!-- \/wp:column -->\n\n<!-- wp:column -->\n<div class=\"wp-block-column\"><!-- wp:image {\"id\":1102,\"sizeSlug\":\"large\",\"linkDestination\":\"none\"} -->\n<figure class=\"wp-block-image size-large\"><img src=\"https:\/\/www.fraclorraine.org\/wp-content\/uploads\/2022\/09\/PROG_2021_SEPT-FEV_JOURNEES-PATRIMOINE_1-1024x574.jpg\" alt=\"\" class=\"wp-image-1102\"\/><figcaption class=\"wp-element-caption\">Graciela Sacco, <em>Bocanada<\/em>, 2015. Collection 49 Nord 6 Est \u2013 Frac Lorraine \u00a9 M. &amp; C. Garavelli Sacco<\/figcaption><\/figure>\n<!-- \/wp:image --><\/div>\n<!-- \/wp:column --><\/div>\n<!-- \/wp:columns -->","_en_post_name":"","_en_post_excerpt":"","_en_post_title":"Entends monter nos cris. Contre-coaching vocal en milieu patriarcal","edit_language":"en"},"tags":[18],"event-type":[97],"saison":[45],"lieu":[371],"class_list":["post-1114","evenement","type-evenement","status-publish","hentry","tag-performance"],"excerpt":{"raw":"","rendered":""},"_links":{"self":[{"href":"https:\/\/www.fraclorraine.org\/en\/wp-json\/wp\/v2\/evenement\/1114","targetHints":{"allow":["GET"]}}],"collection":[{"href":"https:\/\/www.fraclorraine.org\/en\/wp-json\/wp\/v2\/evenement"}],"about":[{"href":"https:\/\/www.fraclorraine.org\/en\/wp-json\/wp\/v2\/types\/evenement"}],"wp:attachment":[{"href":"https:\/\/www.fraclorraine.org\/en\/wp-json\/wp\/v2\/media?parent=1114"}],"wp:term":[{"taxonomy":"post_tag","embeddable":true,"href":"https:\/\/www.fraclorraine.org\/en\/wp-json\/wp\/v2\/tags?post=1114"},{"taxonomy":"event-type","embeddable":true,"href":"https:\/\/www.fraclorraine.org\/en\/wp-json\/wp\/v2\/event-type?post=1114"},{"taxonomy":"saison","embeddable":true,"href":"https:\/\/www.fraclorraine.org\/en\/wp-json\/wp\/v2\/saison?post=1114"},{"taxonomy":"lieu","embeddable":true,"href":"https:\/\/www.fraclorraine.org\/en\/wp-json\/wp\/v2\/lieu?post=1114"}],"curies":[{"name":"wp","href":"https:\/\/api.w.org\/{rel}","templated":true}]}}

<div class="wp-block-columns is-layout-flex wp-container-core-columns-is-layout-9d6595d7 wp-block-columns-is-layout-flex">
<div class="wp-block-column is-layout-flow wp-block-column-is-layout-flow">
<p>Listen to our calls. Voice counter-coaching in a patriarcal context.<br>Lecture performance with Caroline Dejoie, researcher, Camille Islert, artist &amp; researcher, and Mathilde Leïchlé, researcher &amp; art critic</p>
</div>



<div class="wp-block-column is-layout-flow wp-block-column-is-layout-flow">
<figure class="wp-block-image size-large"><img loading="lazy" decoding="async" width="1024" height="574" src="https://www.fraclorraine.org/wp-content/uploads/2022/09/PROG_2021_SEPT-FEV_JOURNEES-PATRIMOINE_1-1024x574.jpg" alt="" class="wp-image-1102" srcset="https://www.fraclorraine.org/wp-content/uploads/2022/09/PROG_2021_SEPT-FEV_JOURNEES-PATRIMOINE_1-1024x574.jpg 1024w, https://www.fraclorraine.org/wp-content/uploads/2022/09/PROG_2021_SEPT-FEV_JOURNEES-PATRIMOINE_1-300x168.jpg 300w, https://www.fraclorraine.org/wp-content/uploads/2022/09/PROG_2021_SEPT-FEV_JOURNEES-PATRIMOINE_1-768x430.jpg 768w, https://www.fraclorraine.org/wp-content/uploads/2022/09/PROG_2021_SEPT-FEV_JOURNEES-PATRIMOINE_1-1536x861.jpg 1536w, https://www.fraclorraine.org/wp-content/uploads/2022/09/PROG_2021_SEPT-FEV_JOURNEES-PATRIMOINE_1-2048x1148.jpg 2048w" sizes="auto, (max-width: 1024px) 100vw, 1024px" /><figcaption class="wp-element-caption">Graciela Sacco, <em>Bocanada</em>, 2015. Collection 49 Nord 6 Est – Frac Lorraine © M. &amp; C. Garavelli Sacco</figcaption></figure>
</div>
</div>

<!-- wp:columns -->
<div class="wp-block-columns"><!-- wp:column -->
<div class="wp-block-column"><!-- wp:paragraph -->
<p>Listen to our calls. Voice counter-coaching in a patriarcal context.<br>Lecture performance with Caroline Dejoie, researcher, Camille Islert, artist &amp; researcher, and Mathilde Leïchlé, researcher &amp; art critic</p>
<!-- /wp:paragraph --></div>
<!-- /wp:column -->

<!-- wp:column -->
<div class="wp-block-column"><!-- wp:image {"id":1102,"sizeSlug":"large","linkDestination":"none"} -->
<figure class="wp-block-image size-large"><img src="https://www.fraclorraine.org/wp-content/uploads/2022/09/PROG_2021_SEPT-FEV_JOURNEES-PATRIMOINE_1-1024x574.jpg" alt="" class="wp-image-1102"/><figcaption class="wp-element-caption">Graciela Sacco, <em>Bocanada</em>, 2015. Collection 49 Nord 6 Est – Frac Lorraine © M. &amp; C. Garavelli Sacco</figcaption></figure>
<!-- /wp:image --></div>
<!-- /wp:column --></div>
<!-- /wp:columns -->

<!-- wp:columns -->
<div class="wp-block-columns"><!-- wp:column -->
<div class="wp-block-column"><!-- wp:paragraph -->
<p>● Avec <a href="https://www.instagram.com/caroline_dejoie/?hl=fr" target="_blank" rel="noreferrer noopener">Caroline Dejoie</a>, artiste-chercheuse, Camille Islert, chercheuse, et Mathilde Leïchlé, chercheuse et critique d’art</p>
<!-- /wp:paragraph -->

<!-- wp:paragraph -->
<p>Trop grave, trop aiguë, nasillarde, fuyante, agressive ou inexpressive : à chaque voix féminine correspond un archétype misogyne.</p>
<!-- /wp:paragraph -->

<!-- wp:paragraph -->
<p>Des manuels et des cours de coaching vocal proposent conseils et exercices pour aider les femmes à « se faire entendre… sans crier ! ». Au milieu d’injonctions contradictoires et essentialistes, cette conférence performance propose de nouveaux imaginaires vocaux, d’autres manières d’entendre et se faire entendre.</p>
<!-- /wp:paragraph --></div>
<!-- /wp:column -->

<!-- wp:column -->
<div class="wp-block-column"><!-- wp:image {"id":1102,"sizeSlug":"large","linkDestination":"none"} -->
<figure class="wp-block-image size-large"><img src="https://www.fraclorraine.org/wp-content/uploads/2022/09/PROG_2021_SEPT-FEV_JOURNEES-PATRIMOINE_1-1024x574.jpg" alt="" class="wp-image-1102"/><figcaption class="wp-element-caption">Graciela Sacco, <em>Bocanada</em>, 2015. Collection 49 Nord 6 Est – Frac Lorraine © M. &amp; C. Garavelli Sacco</figcaption></figure>
<!-- /wp:image --></div>
<!-- /wp:column --></div>
<!-- /wp:columns -->
