{"id":1118,"date":"2022-09-12T10:22:17","date_gmt":"2022-09-12T10:22:17","guid":{"rendered":"https:\/\/www.fraclorraine.org\/nouveausite2021\/?post_type=evenement&#038;p=1118"},"modified":"2024-08-27T17:34:38","modified_gmt":"2024-08-27T15:34:38","slug":"","status":"publish","type":"evenement","link":"https:\/\/www.fraclorraine.org\/en\/evenement\/culture-materielle-en-transfert\/","title":{"rendered":"Material culture in transit\ufffc","raw":"Material culture in transit\ufffc"},"content":{"rendered":"\n<div class=\"wp-block-columns is-layout-flex wp-container-core-columns-is-layout-9d6595d7 wp-block-columns-is-layout-flex\">\n<div class=\"wp-block-column is-layout-flow wp-block-column-is-layout-flow\">\n<p>\u25cf With Marion Bertin, Doctor of Anthropology, temporary researcher at the University of Avignon and researcher at the Centre Norbert Elias; Monique Jeudy-Ballini, anthropologist and director of research at the&nbsp;CNRS&nbsp;and Kenza-Marie Safraoui, curator at the Palais des ducs de Lorraine \u2013 Mus\u00e9e lorrain.<br>Moderated by Guillaume le Gall, professor of art history at the University of Lorraine.<\/p>\n\n\n\n<p>Transformed meanings, new narratives, construction of collective memories: what happens to objects when they are displaced? The roundtable contributes to Frac\u2019s ongoing reflection about its itinerant collection and the dynamics between objects and contexts.<\/p>\n<\/div>\n\n\n\n<div class=\"wp-block-column is-layout-flow wp-block-column-is-layout-flow\">\n<figure class=\"wp-block-embed is-type-video is-provider-youtube wp-block-embed-youtube wp-embed-aspect-16-9 wp-has-aspect-ratio\"><div class=\"wp-block-embed__wrapper\">\n<iframe loading=\"lazy\" title=\"[ Table ronde ] Culture mat\u00e9rielle en transfert\" width=\"500\" height=\"281\" src=\"https:\/\/www.youtube.com\/embed\/zjDO_KGQi3U?feature=oembed\" frameborder=\"0\" allow=\"accelerometer; autoplay; clipboard-write; encrypted-media; gyroscope; picture-in-picture; web-share\" referrerpolicy=\"strict-origin-when-cross-origin\" allowfullscreen><\/iframe>\n<\/div><\/figure>\n<\/div>\n<\/div>\n","protected":false,"raw":"<!-- wp:columns -->\n<div class=\"wp-block-columns\"><!-- wp:column -->\n<div class=\"wp-block-column\"><!-- wp:paragraph -->\n<p>\u25cf With Marion Bertin, Doctor of Anthropology, temporary researcher at the University of Avignon and researcher at the Centre Norbert Elias; Monique Jeudy-Ballini, anthropologist and director of research at the&nbsp;CNRS&nbsp;and Kenza-Marie Safraoui, curator at the Palais des ducs de Lorraine \u2013 Mus\u00e9e lorrain.<br>Moderated by Guillaume le Gall, professor of art history at the University of Lorraine.<\/p>\n<!-- \/wp:paragraph -->\n\n<!-- wp:paragraph -->\n<p>Transformed meanings, new narratives, construction of collective memories: what happens to objects when they are displaced? The roundtable contributes to Frac\u2019s ongoing reflection about its itinerant collection and the dynamics between objects and contexts.<\/p>\n<!-- \/wp:paragraph --><\/div>\n<!-- \/wp:column -->\n\n<!-- wp:column -->\n<div class=\"wp-block-column\"><!-- wp:embed {\"url\":\"https:\/\/www.youtube.com\/watch?v=zjDO_KGQi3U\",\"type\":\"video\",\"providerNameSlug\":\"youtube\",\"responsive\":true,\"className\":\"wp-embed-aspect-16-9 wp-has-aspect-ratio\"} -->\n<figure class=\"wp-block-embed is-type-video is-provider-youtube wp-block-embed-youtube wp-embed-aspect-16-9 wp-has-aspect-ratio\"><div class=\"wp-block-embed__wrapper\">\nhttps:\/\/www.youtube.com\/watch?v=zjDO_KGQi3U\n<\/div><\/figure>\n<!-- \/wp:embed --><\/div>\n<!-- \/wp:column --><\/div>\n<!-- \/wp:columns -->"},"template":"","meta":{"inline_featured_image":false,"_fr_post_content":"<!-- wp:columns -->\n<div class=\"wp-block-columns\"><!-- wp:column -->\n<div class=\"wp-block-column\"><!-- wp:paragraph -->\n<p>Transformation de sens, cr\u00e9ation de nouveaux r\u00e9cits, construction de la m\u00e9moire collective\u2009.<\/p>\n<!-- \/wp:paragraph -->\n\n<!-- wp:paragraph -->\n<p>Qu\u2019est ce qui est \u00e0 l\u2019\u0153uvre lorsque des objets sont d\u00e9plac\u00e9s\u2009? La table ronde ouvre une r\u00e9flexion au sein du Frac sur les dynamiques entre objets et contextes, en lien avec l\u2019itin\u00e9rance constante de sa collection.<\/p>\n<!-- \/wp:paragraph --><\/div>\n<!-- \/wp:column -->\n\n<!-- wp:column -->\n<div class=\"wp-block-column\"><!-- wp:embed {\"url\":\"https:\/\/www.youtube.com\/watch?v=zjDO_KGQi3U\",\"type\":\"video\",\"providerNameSlug\":\"youtube\",\"responsive\":true,\"className\":\"wp-embed-aspect-16-9 wp-has-aspect-ratio\"} -->\n<figure class=\"wp-block-embed is-type-video is-provider-youtube wp-block-embed-youtube wp-embed-aspect-16-9 wp-has-aspect-ratio\"><div class=\"wp-block-embed__wrapper\">\nhttps:\/\/www.youtube.com\/watch?v=zjDO_KGQi3U\n<\/div><\/figure>\n<!-- \/wp:embed --><\/div>\n<!-- \/wp:column --><\/div>\n<!-- \/wp:columns -->\n\n<!-- wp:paragraph -->\n<p>\u25cf  LES INTERVENANT.ES<\/p>\n<!-- \/wp:paragraph -->\n\n<!-- wp:paragraph -->\n<p><strong>Marion Bertin <\/strong>Docteure en anthropologie,&nbsp;ATER&nbsp;\u00e0 l\u2019Universit\u00e9 d\u2019Avignon et chercheuse au Centre Norbert Elias<\/p>\n<!-- \/wp:paragraph -->\n\n<!-- wp:paragraph -->\n<p><strong>Monique Jeudy-Ballini <\/strong>Anthropologue et directrice de recherche au&nbsp;CNRS<\/p>\n<!-- \/wp:paragraph -->\n\n<!-- wp:paragraph -->\n<p> <strong>Kenza-Marie Safraoui <\/strong>Conservatrice du patrimoine au Palais des ducs de Lorraine \u2013 Mus\u00e9e lorrain<\/p>\n<!-- \/wp:paragraph -->\n\n<!-- wp:paragraph -->\n<p><strong>Mod\u00e9ration par Guillaume le Gall <\/strong>Professeur d\u2019histoire de l\u2019art \u00e0 l\u2019Universit\u00e9 de Lorraine<\/p>\n<!-- \/wp:paragraph -->","_fr_post_name":"culture-materielle-en-transfert","_fr_post_excerpt":"","_fr_post_title":"Culture mat\u00e9rielle en transfert","_en_post_content":"<!-- wp:columns -->\n<div class=\"wp-block-columns\"><!-- wp:column -->\n<div class=\"wp-block-column\"><!-- wp:paragraph -->\n<p>\u25cf With Marion Bertin, Doctor of Anthropology, temporary researcher at the University of Avignon and researcher at the Centre Norbert Elias; Monique Jeudy-Ballini, anthropologist and director of research at the&nbsp;CNRS&nbsp;and Kenza-Marie Safraoui, curator at the Palais des ducs de Lorraine \u2013 Mus\u00e9e lorrain.<br>Moderated by Guillaume le Gall, professor of art history at the University of Lorraine.<\/p>\n<!-- \/wp:paragraph -->\n\n<!-- wp:paragraph -->\n<p>Transformed meanings, new narratives, construction of collective memories: what happens to objects when they are displaced? The roundtable contributes to Frac\u2019s ongoing reflection about its itinerant collection and the dynamics between objects and contexts.<\/p>\n<!-- \/wp:paragraph --><\/div>\n<!-- \/wp:column -->\n\n<!-- wp:column -->\n<div class=\"wp-block-column\"><!-- wp:embed {\"url\":\"https:\/\/www.youtube.com\/watch?v=zjDO_KGQi3U\",\"type\":\"video\",\"providerNameSlug\":\"youtube\",\"responsive\":true,\"className\":\"wp-embed-aspect-16-9 wp-has-aspect-ratio\"} -->\n<figure class=\"wp-block-embed is-type-video is-provider-youtube wp-block-embed-youtube wp-embed-aspect-16-9 wp-has-aspect-ratio\"><div class=\"wp-block-embed__wrapper\">\nhttps:\/\/www.youtube.com\/watch?v=zjDO_KGQi3U\n<\/div><\/figure>\n<!-- \/wp:embed --><\/div>\n<!-- \/wp:column --><\/div>\n<!-- \/wp:columns -->","_en_post_name":"","_en_post_excerpt":"","_en_post_title":"Material culture in transit\ufffc","edit_language":"en"},"tags":[38],"event-type":[136],"saison":[31],"lieu":[371],"class_list":["post-1118","evenement","type-evenement","status-publish","hentry","tag-table-ronde"],"excerpt":{"raw":"","rendered":""},"_links":{"self":[{"href":"https:\/\/www.fraclorraine.org\/en\/wp-json\/wp\/v2\/evenement\/1118","targetHints":{"allow":["GET"]}}],"collection":[{"href":"https:\/\/www.fraclorraine.org\/en\/wp-json\/wp\/v2\/evenement"}],"about":[{"href":"https:\/\/www.fraclorraine.org\/en\/wp-json\/wp\/v2\/types\/evenement"}],"wp:attachment":[{"href":"https:\/\/www.fraclorraine.org\/en\/wp-json\/wp\/v2\/media?parent=1118"}],"wp:term":[{"taxonomy":"post_tag","embeddable":true,"href":"https:\/\/www.fraclorraine.org\/en\/wp-json\/wp\/v2\/tags?post=1118"},{"taxonomy":"event-type","embeddable":true,"href":"https:\/\/www.fraclorraine.org\/en\/wp-json\/wp\/v2\/event-type?post=1118"},{"taxonomy":"saison","embeddable":true,"href":"https:\/\/www.fraclorraine.org\/en\/wp-json\/wp\/v2\/saison?post=1118"},{"taxonomy":"lieu","embeddable":true,"href":"https:\/\/www.fraclorraine.org\/en\/wp-json\/wp\/v2\/lieu?post=1118"}],"curies":[{"name":"wp","href":"https:\/\/api.w.org\/{rel}","templated":true}]}}

<div class="wp-block-columns is-layout-flex wp-container-core-columns-is-layout-9d6595d7 wp-block-columns-is-layout-flex">
<div class="wp-block-column is-layout-flow wp-block-column-is-layout-flow">
<p>● With Marion Bertin, Doctor of Anthropology, temporary researcher at the University of Avignon and researcher at the Centre Norbert Elias; Monique Jeudy-Ballini, anthropologist and director of research at the&nbsp;CNRS&nbsp;and Kenza-Marie Safraoui, curator at the Palais des ducs de Lorraine – Musée lorrain.<br>Moderated by Guillaume le Gall, professor of art history at the University of Lorraine.</p>



<p>Transformed meanings, new narratives, construction of collective memories: what happens to objects when they are displaced? The roundtable contributes to Frac’s ongoing reflection about its itinerant collection and the dynamics between objects and contexts.</p>
</div>



<div class="wp-block-column is-layout-flow wp-block-column-is-layout-flow">
<figure class="wp-block-embed is-type-video is-provider-youtube wp-block-embed-youtube wp-embed-aspect-16-9 wp-has-aspect-ratio"><div class="wp-block-embed__wrapper">
<iframe loading="lazy" title="[ Table ronde ] Culture matérielle en transfert" width="500" height="281" src="https://www.youtube.com/embed/zjDO_KGQi3U?feature=oembed" frameborder="0" allow="accelerometer; autoplay; clipboard-write; encrypted-media; gyroscope; picture-in-picture; web-share" referrerpolicy="strict-origin-when-cross-origin" allowfullscreen></iframe>
</div></figure>
</div>
</div>

<!-- wp:columns -->
<div class="wp-block-columns"><!-- wp:column -->
<div class="wp-block-column"><!-- wp:paragraph -->
<p>● With Marion Bertin, Doctor of Anthropology, temporary researcher at the University of Avignon and researcher at the Centre Norbert Elias; Monique Jeudy-Ballini, anthropologist and director of research at the&nbsp;CNRS&nbsp;and Kenza-Marie Safraoui, curator at the Palais des ducs de Lorraine – Musée lorrain.<br>Moderated by Guillaume le Gall, professor of art history at the University of Lorraine.</p>
<!-- /wp:paragraph -->

<!-- wp:paragraph -->
<p>Transformed meanings, new narratives, construction of collective memories: what happens to objects when they are displaced? The roundtable contributes to Frac’s ongoing reflection about its itinerant collection and the dynamics between objects and contexts.</p>
<!-- /wp:paragraph --></div>
<!-- /wp:column -->

<!-- wp:column -->
<div class="wp-block-column"><!-- wp:embed {"url":"https://www.youtube.com/watch?v=zjDO_KGQi3U","type":"video","providerNameSlug":"youtube","responsive":true,"className":"wp-embed-aspect-16-9 wp-has-aspect-ratio"} -->
<figure class="wp-block-embed is-type-video is-provider-youtube wp-block-embed-youtube wp-embed-aspect-16-9 wp-has-aspect-ratio"><div class="wp-block-embed__wrapper">
https://www.youtube.com/watch?v=zjDO_KGQi3U
</div></figure>
<!-- /wp:embed --></div>
<!-- /wp:column --></div>
<!-- /wp:columns -->

<!-- wp:columns -->
<div class="wp-block-columns"><!-- wp:column -->
<div class="wp-block-column"><!-- wp:paragraph -->
<p>Transformation de sens, création de nouveaux récits, construction de la mémoire collective .</p>
<!-- /wp:paragraph -->

<!-- wp:paragraph -->
<p>Qu’est ce qui est à l’œuvre lorsque des objets sont déplacés ? La table ronde ouvre une réflexion au sein du Frac sur les dynamiques entre objets et contextes, en lien avec l’itinérance constante de sa collection.</p>
<!-- /wp:paragraph --></div>
<!-- /wp:column -->

<!-- wp:column -->
<div class="wp-block-column"><!-- wp:embed {"url":"https://www.youtube.com/watch?v=zjDO_KGQi3U","type":"video","providerNameSlug":"youtube","responsive":true,"className":"wp-embed-aspect-16-9 wp-has-aspect-ratio"} -->
<figure class="wp-block-embed is-type-video is-provider-youtube wp-block-embed-youtube wp-embed-aspect-16-9 wp-has-aspect-ratio"><div class="wp-block-embed__wrapper">
https://www.youtube.com/watch?v=zjDO_KGQi3U
</div></figure>
<!-- /wp:embed --></div>
<!-- /wp:column --></div>
<!-- /wp:columns -->

<!-- wp:paragraph -->
<p>●  LES INTERVENANT.ES</p>
<!-- /wp:paragraph -->

<!-- wp:paragraph -->
<p><strong>Marion Bertin </strong>Docteure en anthropologie,&nbsp;ATER&nbsp;à l’Université d’Avignon et chercheuse au Centre Norbert Elias</p>
<!-- /wp:paragraph -->

<!-- wp:paragraph -->
<p><strong>Monique Jeudy-Ballini </strong>Anthropologue et directrice de recherche au&nbsp;CNRS</p>
<!-- /wp:paragraph -->

<!-- wp:paragraph -->
<p> <strong>Kenza-Marie Safraoui </strong>Conservatrice du patrimoine au Palais des ducs de Lorraine – Musée lorrain</p>
<!-- /wp:paragraph -->

<!-- wp:paragraph -->
<p><strong>Modération par Guillaume le Gall </strong>Professeur d’histoire de l’art à l’Université de Lorraine</p>
<!-- /wp:paragraph -->

Culture matérielle en transfert
