{"id":1119,"date":"2022-09-12T12:02:29","date_gmt":"2022-09-12T12:02:29","guid":{"rendered":"https:\/\/www.fraclorraine.org\/nouveausite2021\/?post_type=evenement&#038;p=1119"},"modified":"2023-01-12T14:05:09","modified_gmt":"2023-01-12T14:05:09","slug":"","status":"publish","type":"evenement","link":"https:\/\/www.fraclorraine.org\/en\/evenement\/visite-subjective-2\/","title":{"rendered":"Subjective tours\ufffc","raw":"Subjective tours\ufffc"},"content":{"rendered":"\n<div class=\"wp-block-columns is-layout-flex wp-container-core-columns-is-layout-9d6595d7 wp-block-columns-is-layout-flex\">\n<div class=\"wp-block-column is-layout-flow wp-block-column-is-layout-flow\">\n<p>Members of the Moselle region\u2019s Iraqi Yazidi community offer a subjective tour of the exhibition. Hadia Azam (a teacher), Luqman Azam (a former soldier in Iraq) and Qaisar Khalat Yazdeen (an archaeologist specialising in the Neo-Assyrian Empire) will share with the public a personal reading of the exhibited works, informed by their own history, inspiration and knowledge.<\/p>\n<\/div>\n\n\n\n<div class=\"wp-block-column is-layout-flow wp-block-column-is-layout-flow\">\n<figure class=\"wp-block-image size-large\"><img loading=\"lazy\" decoding=\"async\" width=\"1024\" height=\"683\" src=\"https:\/\/www.fraclorraine.org\/wp-content\/uploads\/2022\/10\/EXPO_2022_RAKOWITZ_32-1024x683.jpg\" alt=\"\" class=\"wp-image-4287\" srcset=\"https:\/\/www.fraclorraine.org\/wp-content\/uploads\/2022\/10\/EXPO_2022_RAKOWITZ_32-1024x683.jpg 1024w, https:\/\/www.fraclorraine.org\/wp-content\/uploads\/2022\/10\/EXPO_2022_RAKOWITZ_32-300x200.jpg 300w, https:\/\/www.fraclorraine.org\/wp-content\/uploads\/2022\/10\/EXPO_2022_RAKOWITZ_32-768x512.jpg 768w, https:\/\/www.fraclorraine.org\/wp-content\/uploads\/2022\/10\/EXPO_2022_RAKOWITZ_32-1536x1024.jpg 1536w, https:\/\/www.fraclorraine.org\/wp-content\/uploads\/2022\/10\/EXPO_2022_RAKOWITZ_32-2048x1365.jpg 2048w\" sizes=\"auto, (max-width: 1024px) 100vw, 1024px\" \/><figcaption class=\"wp-element-caption\">VExhibition view, <em>R\u00e9apparitions<\/em>, feb \u2013 june 2022. 49 Nord 6 Est \u2013 Frac Lorraine, Metz. Photos Fred Dott <\/figcaption><\/figure>\n<\/div>\n<\/div>\n","protected":false,"raw":"<!-- wp:columns -->\n<div class=\"wp-block-columns\"><!-- wp:column -->\n<div class=\"wp-block-column\"><!-- wp:paragraph -->\n<p>Members of the Moselle region\u2019s Iraqi Yazidi community offer a subjective tour of the exhibition. Hadia Azam (a teacher), Luqman Azam (a former soldier in Iraq) and Qaisar Khalat Yazdeen (an archaeologist specialising in the Neo-Assyrian Empire) will share with the public a personal reading of the exhibited works, informed by their own history, inspiration and knowledge.<\/p>\n<!-- \/wp:paragraph --><\/div>\n<!-- \/wp:column -->\n\n<!-- wp:column -->\n<div class=\"wp-block-column\"><!-- wp:image {\"id\":4287,\"sizeSlug\":\"large\",\"linkDestination\":\"none\"} -->\n<figure class=\"wp-block-image size-large\"><img src=\"https:\/\/www.fraclorraine.org\/wp-content\/uploads\/2022\/10\/EXPO_2022_RAKOWITZ_32-1024x683.jpg\" alt=\"\" class=\"wp-image-4287\"\/><figcaption class=\"wp-element-caption\">VExhibition view, <em>R\u00e9apparitions<\/em>, feb \u2013 june 2022. 49 Nord 6 Est \u2013 Frac Lorraine, Metz. Photos Fred Dott <\/figcaption><\/figure>\n<!-- \/wp:image --><\/div>\n<!-- \/wp:column --><\/div>\n<!-- \/wp:columns -->"},"template":"","meta":{"inline_featured_image":false,"_fr_post_content":"<!-- wp:columns -->\n<div class=\"wp-block-columns\"><!-- wp:column -->\n<div class=\"wp-block-column\"><!-- wp:paragraph -->\n<p>\u25cf Parcours subjectif des expositions<\/p>\n<!-- \/wp:paragraph -->\n\n<!-- wp:paragraph -->\n<p>Des membres de la communaut\u00e9 y\u00e9zidie d\u2019Irak install\u00e9e en Moselle proposent un parcours subjectif de l\u2019exposition. <\/p>\n<!-- \/wp:paragraph -->\n\n<!-- wp:paragraph -->\n<p>Hadia Azam, enseignante, Luqman Azam, ancien militaire en Irak et Qaisar Khalat Yazdeen, arch\u00e9ologue sp\u00e9cialiste de l\u2019empire n\u00e9o-assyrien, invitent \u00e0 une lecture personnelle des \u0153uvres, nourrie par leur histoire, leurs inspirations, leurs savoirs.<\/p>\n<!-- \/wp:paragraph --><\/div>\n<!-- \/wp:column -->\n\n<!-- wp:column -->\n<div class=\"wp-block-column\"><!-- wp:image {\"id\":4287,\"sizeSlug\":\"large\",\"linkDestination\":\"none\"} -->\n<figure class=\"wp-block-image size-large\"><img src=\"https:\/\/www.fraclorraine.org\/wp-content\/uploads\/2022\/10\/EXPO_2022_RAKOWITZ_32-1024x683.jpg\" alt=\"\" class=\"wp-image-4287\"\/><figcaption class=\"wp-element-caption\">Vue d\u2019exposition <em>R\u00e9apparitions<\/em>, f\u00e9vrier \u2013 juin 2022. 49 Nord 6 Est \u2013 Frac Lorraine, Metz. Photos Fred Dott <\/figcaption><\/figure>\n<!-- \/wp:image --><\/div>\n<!-- \/wp:column --><\/div>\n<!-- \/wp:columns -->","_fr_post_name":"visite-subjective-2","_fr_post_excerpt":"","_fr_post_title":"Visite subjective","_en_post_content":"<!-- wp:columns -->\n<div class=\"wp-block-columns\"><!-- wp:column -->\n<div class=\"wp-block-column\"><!-- wp:paragraph -->\n<p>Members of the Moselle region\u2019s Iraqi Yazidi community offer a subjective tour of the exhibition. Hadia Azam (a teacher), Luqman Azam (a former soldier in Iraq) and Qaisar Khalat Yazdeen (an archaeologist specialising in the Neo-Assyrian Empire) will share with the public a personal reading of the exhibited works, informed by their own history, inspiration and knowledge.<\/p>\n<!-- \/wp:paragraph --><\/div>\n<!-- \/wp:column -->\n\n<!-- wp:column -->\n<div class=\"wp-block-column\"><!-- wp:image {\"id\":4287,\"sizeSlug\":\"large\",\"linkDestination\":\"none\"} -->\n<figure class=\"wp-block-image size-large\"><img src=\"https:\/\/www.fraclorraine.org\/wp-content\/uploads\/2022\/10\/EXPO_2022_RAKOWITZ_32-1024x683.jpg\" alt=\"\" class=\"wp-image-4287\"\/><figcaption class=\"wp-element-caption\">VExhibition view, <em>R\u00e9apparitions<\/em>, feb \u2013 june 2022. 49 Nord 6 Est \u2013 Frac Lorraine, Metz. Photos Fred Dott <\/figcaption><\/figure>\n<!-- \/wp:image --><\/div>\n<!-- \/wp:column --><\/div>\n<!-- \/wp:columns -->","_en_post_name":"","_en_post_excerpt":"","_en_post_title":"Subjective tours\ufffc","edit_language":"en"},"tags":[39],"event-type":[231],"saison":[31],"lieu":[371],"class_list":["post-1119","evenement","type-evenement","status-publish","hentry","tag-visite-subjective"],"excerpt":{"raw":"","rendered":""},"_links":{"self":[{"href":"https:\/\/www.fraclorraine.org\/en\/wp-json\/wp\/v2\/evenement\/1119","targetHints":{"allow":["GET"]}}],"collection":[{"href":"https:\/\/www.fraclorraine.org\/en\/wp-json\/wp\/v2\/evenement"}],"about":[{"href":"https:\/\/www.fraclorraine.org\/en\/wp-json\/wp\/v2\/types\/evenement"}],"wp:attachment":[{"href":"https:\/\/www.fraclorraine.org\/en\/wp-json\/wp\/v2\/media?parent=1119"}],"wp:term":[{"taxonomy":"post_tag","embeddable":true,"href":"https:\/\/www.fraclorraine.org\/en\/wp-json\/wp\/v2\/tags?post=1119"},{"taxonomy":"event-type","embeddable":true,"href":"https:\/\/www.fraclorraine.org\/en\/wp-json\/wp\/v2\/event-type?post=1119"},{"taxonomy":"saison","embeddable":true,"href":"https:\/\/www.fraclorraine.org\/en\/wp-json\/wp\/v2\/saison?post=1119"},{"taxonomy":"lieu","embeddable":true,"href":"https:\/\/www.fraclorraine.org\/en\/wp-json\/wp\/v2\/lieu?post=1119"}],"curies":[{"name":"wp","href":"https:\/\/api.w.org\/{rel}","templated":true}]}}

<div class="wp-block-columns is-layout-flex wp-container-core-columns-is-layout-9d6595d7 wp-block-columns-is-layout-flex">
<div class="wp-block-column is-layout-flow wp-block-column-is-layout-flow">
<p>Members of the Moselle region’s Iraqi Yazidi community offer a subjective tour of the exhibition. Hadia Azam (a teacher), Luqman Azam (a former soldier in Iraq) and Qaisar Khalat Yazdeen (an archaeologist specialising in the Neo-Assyrian Empire) will share with the public a personal reading of the exhibited works, informed by their own history, inspiration and knowledge.</p>
</div>



<div class="wp-block-column is-layout-flow wp-block-column-is-layout-flow">
<figure class="wp-block-image size-large"><img loading="lazy" decoding="async" width="1024" height="683" src="https://www.fraclorraine.org/wp-content/uploads/2022/10/EXPO_2022_RAKOWITZ_32-1024x683.jpg" alt="" class="wp-image-4287" srcset="https://www.fraclorraine.org/wp-content/uploads/2022/10/EXPO_2022_RAKOWITZ_32-1024x683.jpg 1024w, https://www.fraclorraine.org/wp-content/uploads/2022/10/EXPO_2022_RAKOWITZ_32-300x200.jpg 300w, https://www.fraclorraine.org/wp-content/uploads/2022/10/EXPO_2022_RAKOWITZ_32-768x512.jpg 768w, https://www.fraclorraine.org/wp-content/uploads/2022/10/EXPO_2022_RAKOWITZ_32-1536x1024.jpg 1536w, https://www.fraclorraine.org/wp-content/uploads/2022/10/EXPO_2022_RAKOWITZ_32-2048x1365.jpg 2048w" sizes="auto, (max-width: 1024px) 100vw, 1024px" /><figcaption class="wp-element-caption">VExhibition view, <em>Réapparitions</em>, feb – june 2022. 49 Nord 6 Est – Frac Lorraine, Metz. Photos Fred Dott </figcaption></figure>
</div>
</div>

<!-- wp:columns -->
<div class="wp-block-columns"><!-- wp:column -->
<div class="wp-block-column"><!-- wp:paragraph -->
<p>Members of the Moselle region’s Iraqi Yazidi community offer a subjective tour of the exhibition. Hadia Azam (a teacher), Luqman Azam (a former soldier in Iraq) and Qaisar Khalat Yazdeen (an archaeologist specialising in the Neo-Assyrian Empire) will share with the public a personal reading of the exhibited works, informed by their own history, inspiration and knowledge.</p>
<!-- /wp:paragraph --></div>
<!-- /wp:column -->

<!-- wp:column -->
<div class="wp-block-column"><!-- wp:image {"id":4287,"sizeSlug":"large","linkDestination":"none"} -->
<figure class="wp-block-image size-large"><img src="https://www.fraclorraine.org/wp-content/uploads/2022/10/EXPO_2022_RAKOWITZ_32-1024x683.jpg" alt="" class="wp-image-4287"/><figcaption class="wp-element-caption">VExhibition view, <em>Réapparitions</em>, feb – june 2022. 49 Nord 6 Est – Frac Lorraine, Metz. Photos Fred Dott </figcaption></figure>
<!-- /wp:image --></div>
<!-- /wp:column --></div>
<!-- /wp:columns -->

<!-- wp:columns -->
<div class="wp-block-columns"><!-- wp:column -->
<div class="wp-block-column"><!-- wp:paragraph -->
<p>● Parcours subjectif des expositions</p>
<!-- /wp:paragraph -->

<!-- wp:paragraph -->
<p>Des membres de la communauté yézidie d’Irak installée en Moselle proposent un parcours subjectif de l’exposition. </p>
<!-- /wp:paragraph -->

<!-- wp:paragraph -->
<p>Hadia Azam, enseignante, Luqman Azam, ancien militaire en Irak et Qaisar Khalat Yazdeen, archéologue spécialiste de l’empire néo-assyrien, invitent à une lecture personnelle des œuvres, nourrie par leur histoire, leurs inspirations, leurs savoirs.</p>
<!-- /wp:paragraph --></div>
<!-- /wp:column -->

<!-- wp:column -->
<div class="wp-block-column"><!-- wp:image {"id":4287,"sizeSlug":"large","linkDestination":"none"} -->
<figure class="wp-block-image size-large"><img src="https://www.fraclorraine.org/wp-content/uploads/2022/10/EXPO_2022_RAKOWITZ_32-1024x683.jpg" alt="" class="wp-image-4287"/><figcaption class="wp-element-caption">Vue d’exposition <em>Réapparitions</em>, février – juin 2022. 49 Nord 6 Est – Frac Lorraine, Metz. Photos Fred Dott </figcaption></figure>
<!-- /wp:image --></div>
<!-- /wp:column --></div>
<!-- /wp:columns -->
