{"id":1140,"date":"2022-09-12T13:29:38","date_gmt":"2022-09-12T13:29:38","guid":{"rendered":"https:\/\/www.fraclorraine.org\/nouveausite2021\/?post_type=evenement&#038;p=1140"},"modified":"2023-01-12T13:55:54","modified_gmt":"2023-01-12T13:55:54","slug":"","status":"publish","type":"evenement","link":"https:\/\/www.fraclorraine.org\/en\/evenement\/visite-jardin-et-patrimoine\/","title":{"rendered":"","raw":""},"content":{"rendered":"","protected":false,"raw":""},"template":"","meta":{"inline_featured_image":false,"_fr_post_content":"<!-- wp:columns -->\n<div class=\"wp-block-columns\"><!-- wp:column -->\n<div class=\"wp-block-column\"><!-- wp:paragraph -->\n<p>\u25cf D\u00e9couvrez le b\u00e2timent du Frac Lorraine, l\u2019H\u00f4tel Saint-Livier, ainsi que son jardin !<\/p>\n<!-- \/wp:paragraph -->\n\n<!-- wp:paragraph -->\n<p>Liliana Motta artiste-botaniste, n\u00e9e en 1959 \u00e0 Buenos Aires (AR), aime les plantes hors normes ! Depuis 2010, elle s\u2019engage aux c\u00f4t\u00e9s du 49 Nord 6 Est, pour la r\u00e9habilitation des \u00ab plantes \u00e9trang\u00e8res \u00bb qu\u2019elles soient curatives ou au contraire invasives, voire de \u00ab mauvaises herbes \u00bb !<\/p>\n<!-- \/wp:paragraph --><\/div>\n<!-- \/wp:column -->\n\n<!-- wp:column -->\n<div class=\"wp-block-column\"><!-- wp:image {\"id\":1129,\"sizeSlug\":\"large\",\"linkDestination\":\"none\"} -->\n<figure class=\"wp-block-image size-large\"><img src=\"https:\/\/www.fraclorraine.org\/wp-content\/uploads\/2022\/09\/PROG_2022_FEV-AOUT_JARDIN_1-1024x683.jpg\" alt=\"\" class=\"wp-image-1129\"\/><figcaption class=\"wp-element-caption\">Photo : Fred Dott<\/figcaption><\/figure>\n<!-- \/wp:image --><\/div>\n<!-- \/wp:column --><\/div>\n<!-- \/wp:columns -->","_fr_post_name":"visite-jardin-et-patrimoine","_fr_post_excerpt":"","_fr_post_title":"Visite jardin et patrimoine","_en_post_content":"","_en_post_name":"","_en_post_excerpt":"","_en_post_title":"","edit_language":"en"},"tags":[224,120,40],"event-type":[150],"saison":[44],"lieu":[371],"class_list":["post-1140","evenement","type-evenement","status-publish","hentry","tag-jardin","tag-journees-europeennes-du-m-patrimoine","tag-visite"],"excerpt":{"raw":"","rendered":""},"_links":{"self":[{"href":"https:\/\/www.fraclorraine.org\/en\/wp-json\/wp\/v2\/evenement\/1140","targetHints":{"allow":["GET"]}}],"collection":[{"href":"https:\/\/www.fraclorraine.org\/en\/wp-json\/wp\/v2\/evenement"}],"about":[{"href":"https:\/\/www.fraclorraine.org\/en\/wp-json\/wp\/v2\/types\/evenement"}],"wp:attachment":[{"href":"https:\/\/www.fraclorraine.org\/en\/wp-json\/wp\/v2\/media?parent=1140"}],"wp:term":[{"taxonomy":"post_tag","embeddable":true,"href":"https:\/\/www.fraclorraine.org\/en\/wp-json\/wp\/v2\/tags?post=1140"},{"taxonomy":"event-type","embeddable":true,"href":"https:\/\/www.fraclorraine.org\/en\/wp-json\/wp\/v2\/event-type?post=1140"},{"taxonomy":"saison","embeddable":true,"href":"https:\/\/www.fraclorraine.org\/en\/wp-json\/wp\/v2\/saison?post=1140"},{"taxonomy":"lieu","embeddable":true,"href":"https:\/\/www.fraclorraine.org\/en\/wp-json\/wp\/v2\/lieu?post=1140"}],"curies":[{"name":"wp","href":"https:\/\/api.w.org\/{rel}","templated":true}]}}

<!-- wp:columns -->
<div class="wp-block-columns"><!-- wp:column -->
<div class="wp-block-column"><!-- wp:paragraph -->
<p>● Découvrez le bâtiment du Frac Lorraine, l’Hôtel Saint-Livier, ainsi que son jardin !</p>
<!-- /wp:paragraph -->

<!-- wp:paragraph -->
<p>Liliana Motta artiste-botaniste, née en 1959 à Buenos Aires (AR), aime les plantes hors normes ! Depuis 2010, elle s’engage aux côtés du 49 Nord 6 Est, pour la réhabilitation des « plantes étrangères » qu’elles soient curatives ou au contraire invasives, voire de « mauvaises herbes » !</p>
<!-- /wp:paragraph --></div>
<!-- /wp:column -->

<!-- wp:column -->
<div class="wp-block-column"><!-- wp:image {"id":1129,"sizeSlug":"large","linkDestination":"none"} -->
<figure class="wp-block-image size-large"><img src="https://www.fraclorraine.org/wp-content/uploads/2022/09/PROG_2022_FEV-AOUT_JARDIN_1-1024x683.jpg" alt="" class="wp-image-1129"/><figcaption class="wp-element-caption">Photo : Fred Dott</figcaption></figure>
<!-- /wp:image --></div>
<!-- /wp:column --></div>
<!-- /wp:columns -->
