{"id":6554,"date":"2023-01-12T09:34:34","date_gmt":"2023-01-12T09:34:34","guid":{"rendered":"https:\/\/www.fraclorraine.org\/nouveausite2021\/?post_type=evenement&#038;p=6554"},"modified":"2023-03-31T11:27:35","modified_gmt":"2023-03-31T09:27:35","slug":"","status":"publish","type":"evenement","link":"https:\/\/www.fraclorraine.org\/en\/evenement\/nature-is-queer\/","title":{"rendered":"Nature is queer !","raw":"Nature is queer !"},"content":{"rendered":"\n<div class=\"wp-block-columns is-layout-flex wp-container-core-columns-is-layout-9d6595d7 wp-block-columns-is-layout-flex\">\n<div class=\"wp-block-column is-layout-flow wp-block-column-is-layout-flow\">\n<p>\u25cf With Elise Lammer, researcher and curator, and Cy Lecerf Maulpoix, journalist and activist. Moderated by Claire Lahuerta, visual artist and university professor in visual arts at the Lorraine University of Metz .<\/p>\n\n\n\n<p>Queer ecology invites us to reinvent our understanding of nature and biology in the light of queer theories. How can we overcome the opposition between \u2018natural and non-natural\u2019, \u2018living and non-living\u2019, \u2018human and non-human\u2019? Based on journalistic research and artistic practices, this conversation will explore new ways of thinking about our relationship with nature that are based on neither domination nor destruction.<\/p>\n<\/div>\n\n\n\n<div class=\"wp-block-column is-layout-flow wp-block-column-is-layout-flow\">\n<figure class=\"wp-block-image size-large\"><img loading=\"lazy\" decoding=\"async\" width=\"1024\" height=\"698\" src=\"https:\/\/www.fraclorraine.org\/wp-content\/uploads\/2023\/01\/PROG_2023_FEV-AOUT_RENCONTRE_NATURE_QUEER_1-1024x698.jpeg\" alt=\"\" class=\"wp-image-6555\" srcset=\"https:\/\/www.fraclorraine.org\/wp-content\/uploads\/2023\/01\/PROG_2023_FEV-AOUT_RENCONTRE_NATURE_QUEER_1-1024x698.jpeg 1024w, https:\/\/www.fraclorraine.org\/wp-content\/uploads\/2023\/01\/PROG_2023_FEV-AOUT_RENCONTRE_NATURE_QUEER_1-300x205.jpeg 300w, https:\/\/www.fraclorraine.org\/wp-content\/uploads\/2023\/01\/PROG_2023_FEV-AOUT_RENCONTRE_NATURE_QUEER_1-768x524.jpeg 768w, https:\/\/www.fraclorraine.org\/wp-content\/uploads\/2023\/01\/PROG_2023_FEV-AOUT_RENCONTRE_NATURE_QUEER_1-1536x1048.jpeg 1536w, https:\/\/www.fraclorraine.org\/wp-content\/uploads\/2023\/01\/PROG_2023_FEV-AOUT_RENCONTRE_NATURE_QUEER_1-2048x1397.jpeg 2048w\" sizes=\"auto, (max-width: 1024px) 100vw, 1024px\" \/><\/figure>\n<\/div>\n<\/div>\n","protected":false,"raw":"<!-- wp:columns -->\n<div class=\"wp-block-columns\"><!-- wp:column -->\n<div class=\"wp-block-column\"><!-- wp:paragraph -->\n<p>\u25cf With Elise Lammer, researcher and curator, and Cy Lecerf Maulpoix, journalist and activist. Moderated by Claire Lahuerta, visual artist and university professor in visual arts at the Lorraine University of Metz .<\/p>\n<!-- \/wp:paragraph -->\n\n<!-- wp:paragraph -->\n<p>Queer ecology invites us to reinvent our understanding of nature and biology in the light of queer theories. How can we overcome the opposition between \u2018natural and non-natural\u2019, \u2018living and non-living\u2019, \u2018human and non-human\u2019? Based on journalistic research and artistic practices, this conversation will explore new ways of thinking about our relationship with nature that are based on neither domination nor destruction.<\/p>\n<!-- \/wp:paragraph --><\/div>\n<!-- \/wp:column -->\n\n<!-- wp:column -->\n<div class=\"wp-block-column\"><!-- wp:image {\"id\":6555,\"sizeSlug\":\"large\",\"linkDestination\":\"none\"} -->\n<figure class=\"wp-block-image size-large\"><img src=\"https:\/\/www.fraclorraine.org\/wp-content\/uploads\/2023\/01\/PROG_2023_FEV-AOUT_RENCONTRE_NATURE_QUEER_1-1024x698.jpeg\" alt=\"\" class=\"wp-image-6555\"\/><\/figure>\n<!-- \/wp:image --><\/div>\n<!-- \/wp:column --><\/div>\n<!-- \/wp:columns -->"},"template":"","meta":{"inline_featured_image":false,"_fr_post_content":"<!-- wp:columns -->\n<div class=\"wp-block-columns\"><!-- wp:column -->\n<div class=\"wp-block-column\"><!-- wp:paragraph -->\n<p>\u25cf Avec <a rel=\"noreferrer noopener\" href=\"https:\/\/www.instagram.com\/lammerelise\/?hl=fr\" target=\"_blank\">Elise Lammer<\/a>, chercheuse et curatrice, et Cy Lecerf Maulpoix, journaliste et militant. Mod\u00e9ration par Claire Lahuerta, professeure d\u2019universit\u00e9 en arts plastiques&nbsp;\u00e0 l\u2019Universit\u00e9 Lorraine de Metz et&nbsp;plasticienne<\/p>\n<!-- \/wp:paragraph -->\n\n<!-- wp:paragraph -->\n<p>L\u2019\u00e9cologie queer propose de r\u00e9inventer notre compr\u00e9hension de la nature et de la biologie \u00e0 la lumi\u00e8re des th\u00e9ories queer. Comment d\u00e9passer l'opposition entre \u201cnaturel et non naturel\u201d, entre \u201cvivant et non vivant\u201d, \u201dhumain et non humain\u201d ?&nbsp; \u00c0 partir de recherches journalistiques et de pratiques artistiques, cette conversation explore de nouvelles fa\u00e7ons de penser notre rapport \u00e0 la nature qui ne seraient pas dominatrices ou destructrices.<br><br><\/p>\n<!-- \/wp:paragraph -->\n\n<!-- wp:paragraph -->\n<p><strong>Cy Lecerf Maulpoix<\/strong>&nbsp;a fait partie de collectifs d\u2019action transp\u00e9d\u00e9gouines et de justice climatique depuis la COP21. Chercheur et journaliste ind\u00e9pendant, il couvre les luttes sociales, les cultures minoritaires au travers d\u2019entretiens, d\u2019enqu\u00eates et de reportages parus dans la presse g\u00e9n\u00e9raliste et sp\u00e9cialis\u00e9e. Auteur d\u2019<em>\u00c9cologies D\u00e9viantes&nbsp;<\/em>(Cambourakis 2021), d\u2019<em>Edward Carpenter et l\u2019Autre Nature&nbsp;<\/em>(Le Passager Clandestin 2022), il poursuit actuellement plusieurs projets de traduction et d'\u00e9criture autour des liens entre les luttes de lib\u00e9ration sexuelle, l\u2019\u00e9cologie et l\u2019anticapitalisme.<\/p>\n<!-- \/wp:paragraph -->\n\n<!-- wp:paragraph -->\n<p><strong>Elise Lammer<\/strong>&nbsp;est une commissaire investie dans la r\u00e9alisation d'expositions, la programmation publique, l'archivage, l'enseignement et le jardinage. \u00c0 travers les m\u00e9dias, son travail porte sur des questions li\u00e9es au r\u00f4le des espaces (public, domestique) dans la construction de l'identit\u00e9. Bas\u00e9 sur une approche transg\u00e9n\u00e9rationnelle et intersectionnelle, il s\u2019attache \u00e0 int\u00e9grer les r\u00e9cits mis \u00e0 l\u2019\u00e9cart d'une histoire monolithique et unilat\u00e9rale. Actuellement doctorante \u00e0 l\u2019Institute Art Gender and Nature de B\u00e2le (Suisse) et \u00e0 l\u2019Universit\u00e9 de Linz (Autriche), ses recherches portent sur le jardin de l'artiste, cin\u00e9aste, auteur et militant des droits des homosexuels britannique Derek Jarman (UK, 1942-1994).&nbsp;Parall\u00e8lement, elle d\u00e9veloppe une archive et un programme artistique pour sensibiliser \u00e0 l\u2019h\u00e9ritage de Jarman. Depuis 2019, elle cultive un jardin en hommage&nbsp;<em>Prospect Cottage<\/em>&nbsp;\u00e0 la Becque \/ R\u00e9sidence d\u2019artistes, La Tour-de-Peilz.&nbsp;<\/p>\n<!-- \/wp:paragraph -->\n\n<!-- wp:paragraph -->\n<p><strong>Claire Lahuerta<\/strong>&nbsp;est professeure d\u2019universit\u00e9 en arts plastiques&nbsp;\u00e0 l\u2019Universit\u00e9 Lorraine de Metz et&nbsp;plasticienne.&nbsp;Elle&nbsp;y&nbsp;codirige&nbsp;le Master&nbsp;2&nbsp;Arts de l\u2019exposition et sc\u00e9nographies. Membre&nbsp;du&nbsp;CREM&nbsp;(EA3476), elle&nbsp;est l\u2019autrice notamment de&nbsp;<a href=\"http:\/\/www.editions-harmattan.fr\/index.asp?navig=catalogue&amp;obj=livre&amp;no=34404\"><em>HUMEURS.&nbsp;L\u2019\u00e9coulement en art comme herm\u00e9neutique critique du corps d\u00e9faillant<\/em><\/a><em>&nbsp;<\/em>(2011) et coordonne le num\u00e9ro 43 de la revue Figures de l\u2019art :&nbsp;<em>Le r\u00e9cit auto-pornographique en art contemporain : une strat\u00e9gie critique des genres<\/em>&nbsp;(\u00e0 para\u00eetre en juin 2023). Ses recherches actuelles portent sur la radicalit\u00e9 artistique post-queer, et sur les pratiques artistiques corporelles et militantes (tatouage queer, scarification, performance shibari).<\/p>\n<!-- \/wp:paragraph -->\n\n<!-- wp:paragraph -->\n<p><br><br><\/p>\n<!-- \/wp:paragraph -->\n\n<!-- wp:paragraph -->\n<p><br><br><\/p>\n<!-- \/wp:paragraph --><\/div>\n<!-- \/wp:column -->\n\n<!-- wp:column -->\n<div class=\"wp-block-column\"><!-- wp:image {\"id\":6555,\"sizeSlug\":\"large\",\"linkDestination\":\"none\"} -->\n<figure class=\"wp-block-image size-large\"><img src=\"https:\/\/www.fraclorraine.org\/wp-content\/uploads\/2023\/01\/PROG_2023_FEV-AOUT_RENCONTRE_NATURE_QUEER_1-1024x698.jpeg\" alt=\"\" class=\"wp-image-6555\"\/><\/figure>\n<!-- \/wp:image --><\/div>\n<!-- \/wp:column --><\/div>\n<!-- \/wp:columns -->","_fr_post_name":"nature-is-queer","_fr_post_excerpt":"","_fr_post_title":"Nature is queer !","_en_post_content":"<!-- wp:columns -->\n<div class=\"wp-block-columns\"><!-- wp:column -->\n<div class=\"wp-block-column\"><!-- wp:paragraph -->\n<p>\u25cf With Elise Lammer, researcher and curator, and Cy Lecerf Maulpoix, journalist and activist. Moderated by Claire Lahuerta, visual artist and university professor in visual arts at the Lorraine University of Metz .<\/p>\n<!-- \/wp:paragraph -->\n\n<!-- wp:paragraph -->\n<p>Queer ecology invites us to reinvent our understanding of nature and biology in the light of queer theories. How can we overcome the opposition between \u2018natural and non-natural\u2019, \u2018living and non-living\u2019, \u2018human and non-human\u2019? Based on journalistic research and artistic practices, this conversation will explore new ways of thinking about our relationship with nature that are based on neither domination nor destruction.<\/p>\n<!-- \/wp:paragraph --><\/div>\n<!-- \/wp:column -->\n\n<!-- wp:column -->\n<div class=\"wp-block-column\"><!-- wp:image {\"id\":6555,\"sizeSlug\":\"large\",\"linkDestination\":\"none\"} -->\n<figure class=\"wp-block-image size-large\"><img src=\"https:\/\/www.fraclorraine.org\/wp-content\/uploads\/2023\/01\/PROG_2023_FEV-AOUT_RENCONTRE_NATURE_QUEER_1-1024x698.jpeg\" alt=\"\" class=\"wp-image-6555\"\/><\/figure>\n<!-- \/wp:image --><\/div>\n<!-- \/wp:column --><\/div>\n<!-- \/wp:columns -->","_en_post_name":"","_en_post_excerpt":"","_en_post_title":"Nature is queer !","edit_language":"en"},"tags":[389,100],"event-type":[101],"saison":[378],"lieu":[371],"class_list":["post-6554","evenement","type-evenement","status-publish","hentry","tag-queer","tag-rencontre"],"excerpt":{"raw":"","rendered":""},"_links":{"self":[{"href":"https:\/\/www.fraclorraine.org\/en\/wp-json\/wp\/v2\/evenement\/6554","targetHints":{"allow":["GET"]}}],"collection":[{"href":"https:\/\/www.fraclorraine.org\/en\/wp-json\/wp\/v2\/evenement"}],"about":[{"href":"https:\/\/www.fraclorraine.org\/en\/wp-json\/wp\/v2\/types\/evenement"}],"wp:attachment":[{"href":"https:\/\/www.fraclorraine.org\/en\/wp-json\/wp\/v2\/media?parent=6554"}],"wp:term":[{"taxonomy":"post_tag","embeddable":true,"href":"https:\/\/www.fraclorraine.org\/en\/wp-json\/wp\/v2\/tags?post=6554"},{"taxonomy":"event-type","embeddable":true,"href":"https:\/\/www.fraclorraine.org\/en\/wp-json\/wp\/v2\/event-type?post=6554"},{"taxonomy":"saison","embeddable":true,"href":"https:\/\/www.fraclorraine.org\/en\/wp-json\/wp\/v2\/saison?post=6554"},{"taxonomy":"lieu","embeddable":true,"href":"https:\/\/www.fraclorraine.org\/en\/wp-json\/wp\/v2\/lieu?post=6554"}],"curies":[{"name":"wp","href":"https:\/\/api.w.org\/{rel}","templated":true}]}}

<!-- wp:columns -->
<div class="wp-block-columns"><!-- wp:column -->
<div class="wp-block-column"><!-- wp:paragraph -->
<p>● Avec <a rel="noreferrer noopener" href="https://www.instagram.com/lammerelise/?hl=fr" target="_blank">Elise Lammer</a>, chercheuse et curatrice, et Cy Lecerf Maulpoix, journaliste et militant. Modération par Claire Lahuerta, professeure d’université en arts plastiques&nbsp;à l’Université Lorraine de Metz et&nbsp;plasticienne</p>
<!-- /wp:paragraph -->

<!-- wp:paragraph -->
<p>L’écologie queer propose de réinventer notre compréhension de la nature et de la biologie à la lumière des théories queer. Comment dépasser l'opposition entre “naturel et non naturel”, entre “vivant et non vivant”, ”humain et non humain” ?&nbsp; À partir de recherches journalistiques et de pratiques artistiques, cette conversation explore de nouvelles façons de penser notre rapport à la nature qui ne seraient pas dominatrices ou destructrices.<br><br></p>
<!-- /wp:paragraph -->

<!-- wp:paragraph -->
<p><strong>Cy Lecerf Maulpoix</strong>&nbsp;a fait partie de collectifs d’action transpédégouines et de justice climatique depuis la COP21. Chercheur et journaliste indépendant, il couvre les luttes sociales, les cultures minoritaires au travers d’entretiens, d’enquêtes et de reportages parus dans la presse généraliste et spécialisée. Auteur d’<em>Écologies Déviantes&nbsp;</em>(Cambourakis 2021), d’<em>Edward Carpenter et l’Autre Nature&nbsp;</em>(Le Passager Clandestin 2022), il poursuit actuellement plusieurs projets de traduction et d'écriture autour des liens entre les luttes de libération sexuelle, l’écologie et l’anticapitalisme.</p>
<!-- /wp:paragraph -->

<!-- wp:paragraph -->
<p><strong>Elise Lammer</strong>&nbsp;est une commissaire investie dans la réalisation d'expositions, la programmation publique, l'archivage, l'enseignement et le jardinage. À travers les médias, son travail porte sur des questions liées au rôle des espaces (public, domestique) dans la construction de l'identité. Basé sur une approche transgénérationnelle et intersectionnelle, il s’attache à intégrer les récits mis à l’écart d'une histoire monolithique et unilatérale. Actuellement doctorante à l’Institute Art Gender and Nature de Bâle (Suisse) et à l’Université de Linz (Autriche), ses recherches portent sur le jardin de l'artiste, cinéaste, auteur et militant des droits des homosexuels britannique Derek Jarman (UK, 1942-1994).&nbsp;Parallèlement, elle développe une archive et un programme artistique pour sensibiliser à l’héritage de Jarman. Depuis 2019, elle cultive un jardin en hommage&nbsp;<em>Prospect Cottage</em>&nbsp;à la Becque / Résidence d’artistes, La Tour-de-Peilz.&nbsp;</p>
<!-- /wp:paragraph -->

<!-- wp:paragraph -->
<p><strong>Claire Lahuerta</strong>&nbsp;est professeure d’université en arts plastiques&nbsp;à l’Université Lorraine de Metz et&nbsp;plasticienne.&nbsp;Elle&nbsp;y&nbsp;codirige&nbsp;le Master&nbsp;2&nbsp;Arts de l’exposition et scénographies. Membre&nbsp;du&nbsp;CREM&nbsp;(EA3476), elle&nbsp;est l’autrice notamment de&nbsp;<a href="http://www.editions-harmattan.fr/index.asp?navig=catalogue&amp;obj=livre&amp;no=34404"><em>HUMEURS.&nbsp;L’écoulement en art comme herméneutique critique du corps défaillant</em></a><em>&nbsp;</em>(2011) et coordonne le numéro 43 de la revue Figures de l’art :&nbsp;<em>Le récit auto-pornographique en art contemporain : une stratégie critique des genres</em>&nbsp;(à paraître en juin 2023). Ses recherches actuelles portent sur la radicalité artistique post-queer, et sur les pratiques artistiques corporelles et militantes (tatouage queer, scarification, performance shibari).</p>
<!-- /wp:paragraph -->

<!-- wp:paragraph -->
<p><br><br></p>
<!-- /wp:paragraph -->

<!-- wp:paragraph -->
<p><br><br></p>
<!-- /wp:paragraph --></div>
<!-- /wp:column -->

<!-- wp:column -->
<div class="wp-block-column"><!-- wp:image {"id":6555,"sizeSlug":"large","linkDestination":"none"} -->
<figure class="wp-block-image size-large"><img src="https://www.fraclorraine.org/wp-content/uploads/2023/01/PROG_2023_FEV-AOUT_RENCONTRE_NATURE_QUEER_1-1024x698.jpeg" alt="" class="wp-image-6555"/></figure>
<!-- /wp:image --></div>
<!-- /wp:column --></div>
<!-- /wp:columns -->
