{"id":7354,"date":"2023-02-09T12:35:14","date_gmt":"2023-02-09T11:35:14","guid":{"rendered":"https:\/\/www.fraclorraine.org\/?post_type=evenement&#038;p=7354"},"modified":"2023-05-04T15:36:55","modified_gmt":"2023-05-04T13:36:55","slug":"","status":"publish","type":"evenement","link":"https:\/\/www.fraclorraine.org\/en\/evenement\/visite-interpretee-en-lsf-5\/","title":{"rendered":"","raw":""},"content":{"rendered":"","protected":false,"raw":""},"template":"","meta":{"inline_featured_image":false,"_fr_post_content":"<!-- wp:columns -->\n<div class=\"wp-block-columns\"><!-- wp:column -->\n<div class=\"wp-block-column\"><!-- wp:paragraph -->\n<p>\u25cf Samedi 19 mars, 21 mai et 9 juillet \u00e0 15h : visite des expositions<em> <\/em>Pippa Garner, Adelhyd van Bender, Claire Pentecost et <em>Degr\u00e9s Est \u2013 Marine Fr\u0153liger <\/em>, interpr\u00e9t\u00e9e en Langue des Signes Fran\u00e7aise.<br><br>\u25cf Samedi 3 juin \u00e0 16h : visite-atelier interpr\u00e9t\u00e9e en LSF.<strong> <\/strong>Participez \u00e0 une visite du jardin puis \u00e0 l\u2019atelier Yes We Care\u00a0qui questionne le futur des jardins face aux changements climatiques.<br>--<br><a href=\"https:\/\/www.fraclorraine.org\/evenement\/rendez-vous-aux-jardins-3\/\">Dans le cadre de Rendez-vous aux jardins\u00a0!<\/a><\/p>\n<!-- \/wp:paragraph --><\/div>\n<!-- \/wp:column -->\n\n<!-- wp:column -->\n<div class=\"wp-block-column\"><!-- wp:embed {\"url\":\"https:\/\/www.youtube.com\/watch?v=1t4u8bKr2KA\\u0026t=6s\",\"type\":\"video\",\"providerNameSlug\":\"youtube\",\"responsive\":true,\"className\":\"wp-embed-aspect-16-9 wp-has-aspect-ratio\"} -->\n<figure class=\"wp-block-embed is-type-video is-provider-youtube wp-block-embed-youtube wp-embed-aspect-16-9 wp-has-aspect-ratio\"><div class=\"wp-block-embed__wrapper\">\nhttps:\/\/www.youtube.com\/watch?v=1t4u8bKr2KA&amp;t=6s\n<\/div><\/figure>\n<!-- \/wp:embed --><\/div>\n<!-- \/wp:column --><\/div>\n<!-- \/wp:columns -->","_fr_post_name":"visite-interpretee-en-lsf-5","_fr_post_excerpt":"","_fr_post_title":"Visite interpr\u00e9t\u00e9e en LSF","_en_post_content":"","_en_post_name":"","_en_post_excerpt":"","_en_post_title":"","edit_language":"en"},"tags":[226,155],"event-type":[150,154],"saison":[378],"lieu":[371],"class_list":["post-7354","evenement","type-evenement","status-publish","hentry","tag-lsf","tag-visite-lsf"],"excerpt":{"raw":"","rendered":""},"_links":{"self":[{"href":"https:\/\/www.fraclorraine.org\/en\/wp-json\/wp\/v2\/evenement\/7354","targetHints":{"allow":["GET"]}}],"collection":[{"href":"https:\/\/www.fraclorraine.org\/en\/wp-json\/wp\/v2\/evenement"}],"about":[{"href":"https:\/\/www.fraclorraine.org\/en\/wp-json\/wp\/v2\/types\/evenement"}],"wp:attachment":[{"href":"https:\/\/www.fraclorraine.org\/en\/wp-json\/wp\/v2\/media?parent=7354"}],"wp:term":[{"taxonomy":"post_tag","embeddable":true,"href":"https:\/\/www.fraclorraine.org\/en\/wp-json\/wp\/v2\/tags?post=7354"},{"taxonomy":"event-type","embeddable":true,"href":"https:\/\/www.fraclorraine.org\/en\/wp-json\/wp\/v2\/event-type?post=7354"},{"taxonomy":"saison","embeddable":true,"href":"https:\/\/www.fraclorraine.org\/en\/wp-json\/wp\/v2\/saison?post=7354"},{"taxonomy":"lieu","embeddable":true,"href":"https:\/\/www.fraclorraine.org\/en\/wp-json\/wp\/v2\/lieu?post=7354"}],"curies":[{"name":"wp","href":"https:\/\/api.w.org\/{rel}","templated":true}]}}

<!-- wp:columns -->
<div class="wp-block-columns"><!-- wp:column -->
<div class="wp-block-column"><!-- wp:paragraph -->
<p>● Samedi 19 mars, 21 mai et 9 juillet à 15h : visite des expositions<em> </em>Pippa Garner, Adelhyd van Bender, Claire Pentecost et <em>Degrés Est – Marine Frœliger </em>, interprétée en Langue des Signes Française.<br><br>● Samedi 3 juin à 16h : visite-atelier interprétée en LSF.<strong> </strong>Participez à une visite du jardin puis à l’atelier Yes We Care qui questionne le futur des jardins face aux changements climatiques.<br>--<br><a href="https://www.fraclorraine.org/evenement/rendez-vous-aux-jardins-3/">Dans le cadre de Rendez-vous aux jardins !</a></p>
<!-- /wp:paragraph --></div>
<!-- /wp:column -->

<!-- wp:column -->
<div class="wp-block-column"><!-- wp:embed {"url":"https://www.youtube.com/watch?v=1t4u8bKr2KA\u0026t=6s","type":"video","providerNameSlug":"youtube","responsive":true,"className":"wp-embed-aspect-16-9 wp-has-aspect-ratio"} -->
<figure class="wp-block-embed is-type-video is-provider-youtube wp-block-embed-youtube wp-embed-aspect-16-9 wp-has-aspect-ratio"><div class="wp-block-embed__wrapper">
https://www.youtube.com/watch?v=1t4u8bKr2KA&amp;t=6s
</div></figure>
<!-- /wp:embed --></div>
<!-- /wp:column --></div>
<!-- /wp:columns -->

Visite interprétée en LSF
