{"id":7819,"date":"2023-07-12T16:10:07","date_gmt":"2023-07-12T14:10:07","guid":{"rendered":"https:\/\/www.fraclorraine.org\/?post_type=evenement&#038;p=7819"},"modified":"2023-11-27T17:05:20","modified_gmt":"2023-11-27T16:05:20","slug":"","status":"publish","type":"evenement","link":"https:\/\/www.fraclorraine.org\/en\/evenement\/visite-interpretee-en-lsf-6\/","title":{"rendered":"","raw":""},"content":{"rendered":"","protected":false,"raw":""},"template":"","meta":{"inline_featured_image":false,"_fr_post_content":"<!-- wp:columns -->\n<div class=\"wp-block-columns\"><!-- wp:column -->\n<div class=\"wp-block-column\"><!-- wp:paragraph -->\n<p>\u25cf Dimanches 26 novembre et 28 janvier \u00e0 15h : visite des expositions<em><a href=\"https:\/\/www.fraclorraine.org\/exhibition\/comment-se-raconter\/\"> Comment se raconter<\/a><\/em> et <em><a href=\"https:\/\/www.fraclorraine.org\/exhibition\/degres-est-adriann-beghin\/\">Degr\u00e9s Est \u2013 Adriann Beghin<\/a><\/em>, interpr\u00e9t\u00e9e en Langue des Signes Fran\u00e7aise.<br><br>\u25cf Dimanche 17 septembre \u00e0 15h : visite patrimoine interpr\u00e9t\u00e9e en LSF.<strong> <\/strong><br>--<br><a href=\"https:\/\/www.fraclorraine.org\/evenement\/journees-europeennes-du-matrimoine-et-du-patrimoine-2023\/\">Dans le cadre des Journ\u00e9es du Matrimoine et du Patrimoine&nbsp;!<\/a><\/p>\n<!-- \/wp:paragraph --><\/div>\n<!-- \/wp:column -->\n\n<!-- wp:column -->\n<div class=\"wp-block-column\"><!-- wp:embed {\"url\":\"https:\/\/www.youtube.com\/watch?v=dhsc5GZBAME\\u0026ab_channel=49Nord6Est-FracLorraine\",\"type\":\"video\",\"providerNameSlug\":\"youtube\",\"responsive\":true,\"className\":\"wp-embed-aspect-16-9 wp-has-aspect-ratio\"} -->\n<figure class=\"wp-block-embed is-type-video is-provider-youtube wp-block-embed-youtube wp-embed-aspect-16-9 wp-has-aspect-ratio\"><div class=\"wp-block-embed__wrapper\">\nhttps:\/\/www.youtube.com\/watch?v=dhsc5GZBAME&amp;ab_channel=49Nord6Est-FracLorraine\n<\/div><\/figure>\n<!-- \/wp:embed --><\/div>\n<!-- \/wp:column --><\/div>\n<!-- \/wp:columns -->","_fr_post_name":"visite-interpretee-en-lsf-6","_fr_post_excerpt":"","_fr_post_title":"Visite interpr\u00e9t\u00e9e en LSF","_en_post_content":"","_en_post_name":"","_en_post_excerpt":"","_en_post_title":"","edit_language":"en"},"tags":[226,155],"event-type":[150,154],"saison":[397],"lieu":[371],"class_list":["post-7819","evenement","type-evenement","status-publish","hentry","tag-lsf","tag-visite-lsf"],"excerpt":{"raw":"","rendered":""},"_links":{"self":[{"href":"https:\/\/www.fraclorraine.org\/en\/wp-json\/wp\/v2\/evenement\/7819","targetHints":{"allow":["GET"]}}],"collection":[{"href":"https:\/\/www.fraclorraine.org\/en\/wp-json\/wp\/v2\/evenement"}],"about":[{"href":"https:\/\/www.fraclorraine.org\/en\/wp-json\/wp\/v2\/types\/evenement"}],"wp:attachment":[{"href":"https:\/\/www.fraclorraine.org\/en\/wp-json\/wp\/v2\/media?parent=7819"}],"wp:term":[{"taxonomy":"post_tag","embeddable":true,"href":"https:\/\/www.fraclorraine.org\/en\/wp-json\/wp\/v2\/tags?post=7819"},{"taxonomy":"event-type","embeddable":true,"href":"https:\/\/www.fraclorraine.org\/en\/wp-json\/wp\/v2\/event-type?post=7819"},{"taxonomy":"saison","embeddable":true,"href":"https:\/\/www.fraclorraine.org\/en\/wp-json\/wp\/v2\/saison?post=7819"},{"taxonomy":"lieu","embeddable":true,"href":"https:\/\/www.fraclorraine.org\/en\/wp-json\/wp\/v2\/lieu?post=7819"}],"curies":[{"name":"wp","href":"https:\/\/api.w.org\/{rel}","templated":true}]}}

<!-- wp:columns -->
<div class="wp-block-columns"><!-- wp:column -->
<div class="wp-block-column"><!-- wp:paragraph -->
<p>● Dimanches 26 novembre et 28 janvier à 15h : visite des expositions<em><a href="https://www.fraclorraine.org/exhibition/comment-se-raconter/"> Comment se raconter</a></em> et <em><a href="https://www.fraclorraine.org/exhibition/degres-est-adriann-beghin/">Degrés Est – Adriann Beghin</a></em>, interprétée en Langue des Signes Française.<br><br>● Dimanche 17 septembre à 15h : visite patrimoine interprétée en LSF.<strong> </strong><br>--<br><a href="https://www.fraclorraine.org/evenement/journees-europeennes-du-matrimoine-et-du-patrimoine-2023/">Dans le cadre des Journées du Matrimoine et du Patrimoine&nbsp;!</a></p>
<!-- /wp:paragraph --></div>
<!-- /wp:column -->

<!-- wp:column -->
<div class="wp-block-column"><!-- wp:embed {"url":"https://www.youtube.com/watch?v=dhsc5GZBAME\u0026ab_channel=49Nord6Est-FracLorraine","type":"video","providerNameSlug":"youtube","responsive":true,"className":"wp-embed-aspect-16-9 wp-has-aspect-ratio"} -->
<figure class="wp-block-embed is-type-video is-provider-youtube wp-block-embed-youtube wp-embed-aspect-16-9 wp-has-aspect-ratio"><div class="wp-block-embed__wrapper">
https://www.youtube.com/watch?v=dhsc5GZBAME&amp;ab_channel=49Nord6Est-FracLorraine
</div></figure>
<!-- /wp:embed --></div>
<!-- /wp:column --></div>
<!-- /wp:columns -->

Visite interprétée en LSF
