{"id":881,"date":"2022-09-07T12:23:45","date_gmt":"2022-09-07T12:23:45","guid":{"rendered":"https:\/\/www.fraclorraine.org\/nouveausite2021\/?post_type=evenement&#038;p=881"},"modified":"2023-01-12T14:45:01","modified_gmt":"2023-01-12T14:45:01","slug":"","status":"publish","type":"evenement","link":"https:\/\/www.fraclorraine.org\/en\/evenement\/happy-composition-hours\/","title":{"rendered":"","raw":""},"content":{"rendered":"","protected":false,"raw":""},"template":"","meta":{"inline_featured_image":false,"_fr_post_content":"<!-- wp:columns -->\n<div class=\"wp-block-columns\"><!-- wp:column -->\n<div class=\"wp-block-column\"><!-- wp:paragraph -->\n<p>\u25cf Avec <a href=\"http:\/\/crem.univ-lorraine.fr\/membres\/enseignantes-chercheures-titulaires\/naessens-ophelie\" target=\"_blank\" rel=\"noreferrer noopener\">Oph\u00e9lie Naessens<\/a>, ma\u00eetresse de conf\u00e9rence en arts plastiques &amp; PO, barman<\/p>\n<!-- \/wp:paragraph -->\n\n<!-- wp:paragraph -->\n<p>Et si l\u2019analyse compositionnelle d\u2019une \u0153uvre servait de point de d\u00e9part \u00e0 l\u2019invention d\u2019un cocktail ?<br>C\u2019est le d\u00e9fi qu\u2019ont accept\u00e9 de relever Oph\u00e9lie Naessens et PO. Acidit\u00e9, p\u00e9tillance, twist\u2026 venez exp\u00e9rimenter vos propres combinaisons selon des principes cr\u00e9atifs.<\/p>\n<!-- \/wp:paragraph --><\/div>\n<!-- \/wp:column -->\n\n<!-- wp:column -->\n<div class=\"wp-block-column\"><!-- wp:image {\"id\":882,\"sizeSlug\":\"full\",\"linkDestination\":\"none\"} -->\n<figure class=\"wp-block-image size-full\"><img src=\"https:\/\/www.fraclorraine.org\/wp-content\/uploads\/2022\/09\/PROG_2018_JUILLET-OCTOBRE_HAPPY-COMPOSITION-HOUR_1.jpg\" alt=\"\" class=\"wp-image-882\"\/><\/figure>\n<!-- \/wp:image --><\/div>\n<!-- \/wp:column --><\/div>\n<!-- \/wp:columns -->","_fr_post_name":"happy-composition-hours","_fr_post_excerpt":"","_fr_post_title":"Happy composition hours","_en_post_content":"","_en_post_name":"","_en_post_excerpt":"","_en_post_title":"","edit_language":"en"},"tags":[169],"event-type":[170],"saison":[78],"lieu":[371],"class_list":["post-881","evenement","type-evenement","status-publish","hentry","tag-atelier"],"excerpt":{"raw":"","rendered":""},"_links":{"self":[{"href":"https:\/\/www.fraclorraine.org\/en\/wp-json\/wp\/v2\/evenement\/881","targetHints":{"allow":["GET"]}}],"collection":[{"href":"https:\/\/www.fraclorraine.org\/en\/wp-json\/wp\/v2\/evenement"}],"about":[{"href":"https:\/\/www.fraclorraine.org\/en\/wp-json\/wp\/v2\/types\/evenement"}],"wp:attachment":[{"href":"https:\/\/www.fraclorraine.org\/en\/wp-json\/wp\/v2\/media?parent=881"}],"wp:term":[{"taxonomy":"post_tag","embeddable":true,"href":"https:\/\/www.fraclorraine.org\/en\/wp-json\/wp\/v2\/tags?post=881"},{"taxonomy":"event-type","embeddable":true,"href":"https:\/\/www.fraclorraine.org\/en\/wp-json\/wp\/v2\/event-type?post=881"},{"taxonomy":"saison","embeddable":true,"href":"https:\/\/www.fraclorraine.org\/en\/wp-json\/wp\/v2\/saison?post=881"},{"taxonomy":"lieu","embeddable":true,"href":"https:\/\/www.fraclorraine.org\/en\/wp-json\/wp\/v2\/lieu?post=881"}],"curies":[{"name":"wp","href":"https:\/\/api.w.org\/{rel}","templated":true}]}}

<!-- wp:columns -->
<div class="wp-block-columns"><!-- wp:column -->
<div class="wp-block-column"><!-- wp:paragraph -->
<p>● Avec <a href="http://crem.univ-lorraine.fr/membres/enseignantes-chercheures-titulaires/naessens-ophelie" target="_blank" rel="noreferrer noopener">Ophélie Naessens</a>, maîtresse de conférence en arts plastiques &amp; PO, barman</p>
<!-- /wp:paragraph -->

<!-- wp:paragraph -->
<p>Et si l’analyse compositionnelle d’une œuvre servait de point de départ à l’invention d’un cocktail ?<br>C’est le défi qu’ont accepté de relever Ophélie Naessens et PO. Acidité, pétillance, twist… venez expérimenter vos propres combinaisons selon des principes créatifs.</p>
<!-- /wp:paragraph --></div>
<!-- /wp:column -->

<!-- wp:column -->
<div class="wp-block-column"><!-- wp:image {"id":882,"sizeSlug":"full","linkDestination":"none"} -->
<figure class="wp-block-image size-full"><img src="https://www.fraclorraine.org/wp-content/uploads/2022/09/PROG_2018_JUILLET-OCTOBRE_HAPPY-COMPOSITION-HOUR_1.jpg" alt="" class="wp-image-882"/></figure>
<!-- /wp:image --></div>
<!-- /wp:column --></div>
<!-- /wp:columns -->
