{"id":8858,"date":"2024-09-05T15:24:31","date_gmt":"2024-09-05T13:24:31","guid":{"rendered":"https:\/\/www.fraclorraine.org\/?post_type=evenement&#038;p=8858"},"modified":"2024-10-16T17:01:27","modified_gmt":"2024-10-16T15:01:27","slug":"","status":"publish","type":"evenement","link":"https:\/\/www.fraclorraine.org\/en\/evenement\/journees-europeennes-du-matrimoine-et-du-patrimoine-2024\/","title":{"rendered":"European Heritage Days\ufffc","raw":"European Heritage Days\ufffc"},"content":{"rendered":"\n<div class=\"wp-block-columns is-layout-flex wp-container-core-columns-is-layout-9d6595d7 wp-block-columns-is-layout-flex\">\n<div class=\"wp-block-column is-layout-flow wp-block-column-is-layout-flow\">\n<p>\u25cf Flash\u00a0Visits: <em>7 centuries of history and art<\/em> and<em> A plural garden<\/em><\/p>\n\n\n\n<p>Different departures throughout the weekend to discover either the H\u00f4tel Saint-Livier or 49 Nord 6 Est\u2019s garden with its exceptional plants!<\/p>\n\n\n\n<p>For the third consecutive year, Frac Lorraine and its partners are participating in the European Heritage Days. The projects presented on this occasion aim to counterbalance the Patrimoine (which implies that heritage derives from men) with an accent on the Matrimoine (which underlines heritage coming from women). Let\u2019s strengthen the presence and visibility of female artists! \u00a0<\/p>\n<\/div>\n\n\n\n<div class=\"wp-block-column is-layout-flow wp-block-column-is-layout-flow\">\n<figure class=\"wp-block-image size-full\"><img loading=\"lazy\" decoding=\"async\" width=\"700\" height=\"467\" src=\"https:\/\/www.fraclorraine.org\/wp-content\/uploads\/2023\/02\/jardin-c-Fred-Dott.jpg\" alt=\"\" class=\"wp-image-7365\" srcset=\"https:\/\/www.fraclorraine.org\/wp-content\/uploads\/2023\/02\/jardin-c-Fred-Dott.jpg 700w, https:\/\/www.fraclorraine.org\/wp-content\/uploads\/2023\/02\/jardin-c-Fred-Dott-300x200.jpg 300w\" sizes=\"auto, (max-width: 700px) 100vw, 700px\" \/><figcaption class=\"wp-element-caption\">\u00a9 Fred Dott<\/figcaption><\/figure>\n<\/div>\n<\/div>\n","protected":false,"raw":"<!-- wp:columns -->\n<div class=\"wp-block-columns\"><!-- wp:column -->\n<div class=\"wp-block-column\"><!-- wp:paragraph -->\n<p>\u25cf Flash\u00a0Visits: <em>7 centuries of history and art<\/em> and<em> A plural garden<\/em><\/p>\n<!-- \/wp:paragraph -->\n\n<!-- wp:paragraph -->\n<p>Different departures throughout the weekend to discover either the H\u00f4tel Saint-Livier or 49 Nord 6 Est\u2019s garden with its exceptional plants!<\/p>\n<!-- \/wp:paragraph -->\n\n<!-- wp:paragraph -->\n<p>For the third consecutive year, Frac Lorraine and its partners are participating in the European Heritage Days. The projects presented on this occasion aim to counterbalance the Patrimoine (which implies that heritage derives from men) with an accent on the Matrimoine (which underlines heritage coming from women). Let\u2019s strengthen the presence and visibility of female artists! \u00a0<\/p>\n<!-- \/wp:paragraph --><\/div>\n<!-- \/wp:column -->\n\n<!-- wp:column -->\n<div class=\"wp-block-column\"><!-- wp:image {\"id\":7365,\"sizeSlug\":\"full\",\"linkDestination\":\"none\"} -->\n<figure class=\"wp-block-image size-full\"><img src=\"https:\/\/www.fraclorraine.org\/wp-content\/uploads\/2023\/02\/jardin-c-Fred-Dott.jpg\" alt=\"\" class=\"wp-image-7365\"\/><figcaption class=\"wp-element-caption\">\u00a9 Fred Dott<\/figcaption><\/figure>\n<!-- \/wp:image --><\/div>\n<!-- \/wp:column --><\/div>\n<!-- \/wp:columns -->"},"template":"","meta":{"inline_featured_image":false,"_fr_post_content":"<!-- wp:columns -->\n<div class=\"wp-block-columns\"><!-- wp:column -->\n<div class=\"wp-block-column\"><!-- wp:paragraph -->\n<p>\u25cf VISITES FLASH&nbsp; <br>\u21b3 <em>7 si\u00e8cles d\u2019histoire et d\u2019art<\/em> et <em>Un jardin pluriel<\/em><br><br>Diff\u00e9rents d\u00e9parts tout au long du weekend pour d\u00e9couvrir l\u2019H\u00f4tel Saint-Livier ou le jardin du 49 Nord 6 Est et ses plantes hors-normes !<\/p>\n<!-- \/wp:paragraph --><\/div>\n<!-- \/wp:column -->\n\n<!-- wp:column -->\n<div class=\"wp-block-column\"><!-- wp:image {\"id\":7365,\"sizeSlug\":\"full\",\"linkDestination\":\"none\"} -->\n<figure class=\"wp-block-image size-full\"><img src=\"https:\/\/www.fraclorraine.org\/wp-content\/uploads\/2023\/02\/jardin-c-Fred-Dott.jpg\" alt=\"\" class=\"wp-image-7365\"\/><figcaption class=\"wp-element-caption\">\u00a9 Fred Dott<\/figcaption><\/figure>\n<!-- \/wp:image --><\/div>\n<!-- \/wp:column --><\/div>\n<!-- \/wp:columns -->","_fr_post_name":"journees-europeennes-du-matrimoine-et-du-patrimoine-2024","_fr_post_excerpt":"","_fr_post_title":"Journ\u00e9es europ\u00e9ennes du Matrimoine et du Patrimoine 2024","_en_post_content":"<!-- wp:columns -->\n<div class=\"wp-block-columns\"><!-- wp:column -->\n<div class=\"wp-block-column\"><!-- wp:paragraph -->\n<p>\u25cf Flash\u00a0Visits: <em>7 centuries of history and art<\/em> and<em> A plural garden<\/em><\/p>\n<!-- \/wp:paragraph -->\n\n<!-- wp:paragraph -->\n<p>Different departures throughout the weekend to discover either the H\u00f4tel Saint-Livier or 49 Nord 6 Est\u2019s garden with its exceptional plants!<\/p>\n<!-- \/wp:paragraph -->\n\n<!-- wp:paragraph -->\n<p>For the third consecutive year, Frac Lorraine and its partners are participating in the European Heritage Days. The projects presented on this occasion aim to counterbalance the Patrimoine (which implies that heritage derives from men) with an accent on the Matrimoine (which underlines heritage coming from women). Let\u2019s strengthen the presence and visibility of female artists! \u00a0<\/p>\n<!-- \/wp:paragraph --><\/div>\n<!-- \/wp:column -->\n\n<!-- wp:column -->\n<div class=\"wp-block-column\"><!-- wp:image {\"id\":7365,\"sizeSlug\":\"full\",\"linkDestination\":\"none\"} -->\n<figure class=\"wp-block-image size-full\"><img src=\"https:\/\/www.fraclorraine.org\/wp-content\/uploads\/2023\/02\/jardin-c-Fred-Dott.jpg\" alt=\"\" class=\"wp-image-7365\"\/><figcaption class=\"wp-element-caption\">\u00a9 Fred Dott<\/figcaption><\/figure>\n<!-- \/wp:image --><\/div>\n<!-- \/wp:column --><\/div>\n<!-- \/wp:columns -->","_en_post_name":"","_en_post_excerpt":"","_en_post_title":"European Heritage Days\ufffc","edit_language":"en"},"tags":[224,252,120],"event-type":[150],"saison":[425],"lieu":[371],"class_list":["post-8858","evenement","type-evenement","status-publish","hentry","tag-jardin","tag-jardin-et-patrimoine","tag-journees-europeennes-du-m-patrimoine"],"excerpt":{"raw":"","rendered":""},"_links":{"self":[{"href":"https:\/\/www.fraclorraine.org\/en\/wp-json\/wp\/v2\/evenement\/8858","targetHints":{"allow":["GET"]}}],"collection":[{"href":"https:\/\/www.fraclorraine.org\/en\/wp-json\/wp\/v2\/evenement"}],"about":[{"href":"https:\/\/www.fraclorraine.org\/en\/wp-json\/wp\/v2\/types\/evenement"}],"wp:attachment":[{"href":"https:\/\/www.fraclorraine.org\/en\/wp-json\/wp\/v2\/media?parent=8858"}],"wp:term":[{"taxonomy":"post_tag","embeddable":true,"href":"https:\/\/www.fraclorraine.org\/en\/wp-json\/wp\/v2\/tags?post=8858"},{"taxonomy":"event-type","embeddable":true,"href":"https:\/\/www.fraclorraine.org\/en\/wp-json\/wp\/v2\/event-type?post=8858"},{"taxonomy":"saison","embeddable":true,"href":"https:\/\/www.fraclorraine.org\/en\/wp-json\/wp\/v2\/saison?post=8858"},{"taxonomy":"lieu","embeddable":true,"href":"https:\/\/www.fraclorraine.org\/en\/wp-json\/wp\/v2\/lieu?post=8858"}],"curies":[{"name":"wp","href":"https:\/\/api.w.org\/{rel}","templated":true}]}}

<div class="wp-block-columns is-layout-flex wp-container-core-columns-is-layout-9d6595d7 wp-block-columns-is-layout-flex">
<div class="wp-block-column is-layout-flow wp-block-column-is-layout-flow">
<p>● Flash Visits: <em>7 centuries of history and art</em> and<em> A plural garden</em></p>



<p>Different departures throughout the weekend to discover either the Hôtel Saint-Livier or 49 Nord 6 Est’s garden with its exceptional plants!</p>



<p>For the third consecutive year, Frac Lorraine and its partners are participating in the European Heritage Days. The projects presented on this occasion aim to counterbalance the Patrimoine (which implies that heritage derives from men) with an accent on the Matrimoine (which underlines heritage coming from women). Let’s strengthen the presence and visibility of female artists!  </p>
</div>



<div class="wp-block-column is-layout-flow wp-block-column-is-layout-flow">
<figure class="wp-block-image size-full"><img loading="lazy" decoding="async" width="700" height="467" src="https://www.fraclorraine.org/wp-content/uploads/2023/02/jardin-c-Fred-Dott.jpg" alt="" class="wp-image-7365" srcset="https://www.fraclorraine.org/wp-content/uploads/2023/02/jardin-c-Fred-Dott.jpg 700w, https://www.fraclorraine.org/wp-content/uploads/2023/02/jardin-c-Fred-Dott-300x200.jpg 300w" sizes="auto, (max-width: 700px) 100vw, 700px" /><figcaption class="wp-element-caption">© Fred Dott</figcaption></figure>
</div>
</div>

<!-- wp:columns -->
<div class="wp-block-columns"><!-- wp:column -->
<div class="wp-block-column"><!-- wp:paragraph -->
<p>● Flash Visits: <em>7 centuries of history and art</em> and<em> A plural garden</em></p>
<!-- /wp:paragraph -->

<!-- wp:paragraph -->
<p>Different departures throughout the weekend to discover either the Hôtel Saint-Livier or 49 Nord 6 Est’s garden with its exceptional plants!</p>
<!-- /wp:paragraph -->

<!-- wp:paragraph -->
<p>For the third consecutive year, Frac Lorraine and its partners are participating in the European Heritage Days. The projects presented on this occasion aim to counterbalance the Patrimoine (which implies that heritage derives from men) with an accent on the Matrimoine (which underlines heritage coming from women). Let’s strengthen the presence and visibility of female artists!  </p>
<!-- /wp:paragraph --></div>
<!-- /wp:column -->

<!-- wp:column -->
<div class="wp-block-column"><!-- wp:image {"id":7365,"sizeSlug":"full","linkDestination":"none"} -->
<figure class="wp-block-image size-full"><img src="https://www.fraclorraine.org/wp-content/uploads/2023/02/jardin-c-Fred-Dott.jpg" alt="" class="wp-image-7365"/><figcaption class="wp-element-caption">© Fred Dott</figcaption></figure>
<!-- /wp:image --></div>
<!-- /wp:column --></div>
<!-- /wp:columns -->

<!-- wp:columns -->
<div class="wp-block-columns"><!-- wp:column -->
<div class="wp-block-column"><!-- wp:paragraph -->
<p>● VISITES FLASH&nbsp; <br>↳ <em>7 siècles d’histoire et d’art</em> et <em>Un jardin pluriel</em><br><br>Différents départs tout au long du weekend pour découvrir l’Hôtel Saint-Livier ou le jardin du 49 Nord 6 Est et ses plantes hors-normes !</p>
<!-- /wp:paragraph --></div>
<!-- /wp:column -->

<!-- wp:column -->
<div class="wp-block-column"><!-- wp:image {"id":7365,"sizeSlug":"full","linkDestination":"none"} -->
<figure class="wp-block-image size-full"><img src="https://www.fraclorraine.org/wp-content/uploads/2023/02/jardin-c-Fred-Dott.jpg" alt="" class="wp-image-7365"/><figcaption class="wp-element-caption">© Fred Dott</figcaption></figure>
<!-- /wp:image --></div>
<!-- /wp:column --></div>
<!-- /wp:columns -->

Journées européennes du Matrimoine et du Patrimoine 2024
