{"id":9313,"date":"2025-06-17T12:31:26","date_gmt":"2025-06-17T10:31:26","guid":{"rendered":"https:\/\/www.fraclorraine.org\/?post_type=evenement&#038;p=9313"},"modified":"2025-06-19T17:27:53","modified_gmt":"2025-06-19T15:27:53","slug":"","status":"publish","type":"evenement","link":"https:\/\/www.fraclorraine.org\/en\/evenement\/apero-de-reouverture\/","title":{"rendered":"","raw":""},"content":{"rendered":"","protected":false,"raw":""},"template":"","meta":{"inline_featured_image":false,"_fr_post_content":"<!-- wp:columns -->\n<div class=\"wp-block-columns\"><!-- wp:column -->\n<div class=\"wp-block-column\"><!-- wp:paragraph -->\n<p>\u25cf Retrouvez-nous dans la rue des Trinitaires autour d'un verre et d'une nocturne des expositions pour c\u00e9l\u00e9brer la r\u00e9ouverture du Frac !<\/p>\n<!-- \/wp:paragraph -->\n\n<!-- wp:paragraph -->\n<p>Le 49 Nord 6 Est \u2013 Frac Lorraine, situ\u00e9 rue des Trinitaires \u00e0 Metz, \u00e9tait ferm\u00e9 depuis le 7 mai suite \u00e0 la menace d\u2019effondrement du b\u00e2timent voisin. La r\u00e9ouverture est pr\u00e9vue mardi 24 juin, avec de nouvelles modalit\u00e9s d'accueil. <\/p>\n<!-- \/wp:paragraph -->\n\n<!-- wp:paragraph -->\n<p>Le soir, le Frac sera ouvert exceptionnellement jusqu'\u00e0 20h pour visiter les expositions et partager un verre dans la rue des Trinitaires !<\/p>\n<!-- \/wp:paragraph --><\/div>\n<!-- \/wp:column -->\n\n<!-- wp:column -->\n<div class=\"wp-block-column\"><!-- wp:image {\"id\":9321,\"sizeSlug\":\"large\",\"linkDestination\":\"none\"} -->\n<figure class=\"wp-block-image size-large\"><img src=\"https:\/\/www.fraclorraine.org\/wp-content\/uploads\/2025\/06\/Visuels_site_CP-1024x704.jpg\" alt=\"\" class=\"wp-image-9321\"\/><figcaption class=\"wp-element-caption\">Clemen Parrocchetti, <em>A proposito di un certo pranzo con croci, gioielli e fiori<\/em>, 1969<\/figcaption><\/figure>\n<!-- \/wp:image --><\/div>\n<!-- \/wp:column --><\/div>\n<!-- \/wp:columns -->","_fr_post_name":"apero-de-reouverture","_fr_post_excerpt":"","_fr_post_title":"Ap\u00e9ro de r\u00e9ouverture","_en_post_content":"","_en_post_name":"","_en_post_excerpt":"","_en_post_title":"","edit_language":"en"},"tags":[7,442],"event-type":[88],"saison":[433],"lieu":[371],"class_list":["post-9313","evenement","type-evenement","status-publish","hentry","tag-exposition","tag-fermeture"],"excerpt":{"raw":"","rendered":""},"_links":{"self":[{"href":"https:\/\/www.fraclorraine.org\/en\/wp-json\/wp\/v2\/evenement\/9313","targetHints":{"allow":["GET"]}}],"collection":[{"href":"https:\/\/www.fraclorraine.org\/en\/wp-json\/wp\/v2\/evenement"}],"about":[{"href":"https:\/\/www.fraclorraine.org\/en\/wp-json\/wp\/v2\/types\/evenement"}],"wp:attachment":[{"href":"https:\/\/www.fraclorraine.org\/en\/wp-json\/wp\/v2\/media?parent=9313"}],"wp:term":[{"taxonomy":"post_tag","embeddable":true,"href":"https:\/\/www.fraclorraine.org\/en\/wp-json\/wp\/v2\/tags?post=9313"},{"taxonomy":"event-type","embeddable":true,"href":"https:\/\/www.fraclorraine.org\/en\/wp-json\/wp\/v2\/event-type?post=9313"},{"taxonomy":"saison","embeddable":true,"href":"https:\/\/www.fraclorraine.org\/en\/wp-json\/wp\/v2\/saison?post=9313"},{"taxonomy":"lieu","embeddable":true,"href":"https:\/\/www.fraclorraine.org\/en\/wp-json\/wp\/v2\/lieu?post=9313"}],"curies":[{"name":"wp","href":"https:\/\/api.w.org\/{rel}","templated":true}]}}

<!-- wp:columns -->
<div class="wp-block-columns"><!-- wp:column -->
<div class="wp-block-column"><!-- wp:paragraph -->
<p>● Retrouvez-nous dans la rue des Trinitaires autour d'un verre et d'une nocturne des expositions pour célébrer la réouverture du Frac !</p>
<!-- /wp:paragraph -->

<!-- wp:paragraph -->
<p>Le 49 Nord 6 Est – Frac Lorraine, situé rue des Trinitaires à Metz, était fermé depuis le 7 mai suite à la menace d’effondrement du bâtiment voisin. La réouverture est prévue mardi 24 juin, avec de nouvelles modalités d'accueil. </p>
<!-- /wp:paragraph -->

<!-- wp:paragraph -->
<p>Le soir, le Frac sera ouvert exceptionnellement jusqu'à 20h pour visiter les expositions et partager un verre dans la rue des Trinitaires !</p>
<!-- /wp:paragraph --></div>
<!-- /wp:column -->

<!-- wp:column -->
<div class="wp-block-column"><!-- wp:image {"id":9321,"sizeSlug":"large","linkDestination":"none"} -->
<figure class="wp-block-image size-large"><img src="https://www.fraclorraine.org/wp-content/uploads/2025/06/Visuels_site_CP-1024x704.jpg" alt="" class="wp-image-9321"/><figcaption class="wp-element-caption">Clemen Parrocchetti, <em>A proposito di un certo pranzo con croci, gioielli e fiori</em>, 1969</figcaption></figure>
<!-- /wp:image --></div>
<!-- /wp:column --></div>
<!-- /wp:columns -->

Apéro de réouverture
