{"id":9340,"date":"2025-07-02T12:25:39","date_gmt":"2025-07-02T10:25:39","guid":{"rendered":"https:\/\/www.fraclorraine.org\/?post_type=evenement&#038;p=9340"},"modified":"2026-02-03T17:41:04","modified_gmt":"2026-02-03T16:41:04","slug":"","status":"publish","type":"evenement","link":"https:\/\/www.fraclorraine.org\/en\/evenement\/rencontre-avec-samuel-nicolle\/","title":{"rendered":"","raw":""},"content":{"rendered":"","protected":false,"raw":""},"template":"","meta":{"inline_featured_image":false,"_fr_post_content":"<!-- wp:columns -->\n<div class=\"wp-block-columns\"><!-- wp:column -->\n<div class=\"wp-block-column\"><!-- wp:paragraph -->\n<p>\u25cf Samuel Nicolle \u00e9tait en r\u00e9sidence de recherche au 49 Nord 6 Est du 17 juin au 11 juillet.<\/p>\n<!-- \/wp:paragraph -->\n\n<!-- wp:paragraph -->\n<p>Samuel Nicolle est un.e artiste et chercheur.euse non binaire fran\u00e7ais.e bas\u00e9.e \u00e0 Mexico. Iel s\u2019inspire de la th\u00e9orie queer et de ses figures oubli\u00e9es, tout en convoquant ses propres commmunaut\u00e9s affectives et imaginaires par des citations, des r\u00e9f\u00e9rences et des collaborations. \u00c0 travers des objets, livres, situations et performances, Samuel Nicolle imagine d\u2019autres mondes et r\u00e9cits possibles. Iel termine un m\u00e9moire de recherche sur la frivolit\u00e9 comme sujet et processus de d\u00e9tournement au sein de l\u2019UNAM. Iel a expos\u00e9 \u00e0 la galerie House of Gaga, \u00e0 Guadalajara 90210 et au Mus\u00e9e Carrillo Gil \u00e0 Mexico.<\/p>\n<!-- \/wp:paragraph -->\n\n<!-- wp:paragraph -->\n<p>Lors de sa r\u00e9sidence de recherche au 49 Nord 6 Est, Samuel Nicolle explore ses affinit\u00e9s avec les \u0153uvres de Clemen Parrocchetti et celles de la collection, autant que les porosit\u00e9s du Frac Lorraine avec son environnement.<\/p>\n<!-- \/wp:paragraph -->\n\n<!-- wp:paragraph -->\n<p>Samuel Nicolle proposera une restitution publique de sa r\u00e9sidence de recherche, suivie d\u2019un pot, le mardi 8 juillet \u00e0 18h. L'\u00e9v\u00e9nement est sur r\u00e9servation.<\/p>\n<!-- \/wp:paragraph -->\n\n<!-- wp:paragraph -->\n<p>--<\/p>\n<!-- \/wp:paragraph -->\n\n<!-- wp:paragraph -->\n<p><em>Programmation sur une proposition d\u2019Ana\u00efs Lepage<\/em><\/p>\n<!-- \/wp:paragraph --><\/div>\n<!-- \/wp:column -->\n\n<!-- wp:column -->\n<div class=\"wp-block-column\"><!-- wp:image {\"id\":9051,\"sizeSlug\":\"large\",\"linkDestination\":\"none\"} -->\n<figure class=\"wp-block-image size-large\"><img src=\"https:\/\/www.fraclorraine.org\/wp-content\/uploads\/2025\/02\/Portrait-Samuel-Nicolle_credit-Gizeh-Trejo-min-768x1024.jpg\" alt=\"\" class=\"wp-image-9051\"\/><figcaption class=\"wp-element-caption\">Samuel Nicolle, photo Gizeh Trejo<\/figcaption><\/figure>\n<!-- \/wp:image --><\/div>\n<!-- \/wp:column --><\/div>\n<!-- \/wp:columns -->","_fr_post_name":"rencontre-avec-samuel-nicolle","_fr_post_excerpt":"","_fr_post_title":"Rencontre avec Samuel Nicolle","_en_post_content":"","_en_post_name":"","_en_post_excerpt":"","_en_post_title":"","edit_language":"en"},"tags":[269,83,443,40],"event-type":[106],"saison":[433],"lieu":[371],"class_list":["post-9340","evenement","type-evenement","status-publish","hentry","tag-recherche","tag-residence","tag-restitution","tag-visite"],"excerpt":{"raw":"","rendered":""},"_links":{"self":[{"href":"https:\/\/www.fraclorraine.org\/en\/wp-json\/wp\/v2\/evenement\/9340","targetHints":{"allow":["GET"]}}],"collection":[{"href":"https:\/\/www.fraclorraine.org\/en\/wp-json\/wp\/v2\/evenement"}],"about":[{"href":"https:\/\/www.fraclorraine.org\/en\/wp-json\/wp\/v2\/types\/evenement"}],"wp:attachment":[{"href":"https:\/\/www.fraclorraine.org\/en\/wp-json\/wp\/v2\/media?parent=9340"}],"wp:term":[{"taxonomy":"post_tag","embeddable":true,"href":"https:\/\/www.fraclorraine.org\/en\/wp-json\/wp\/v2\/tags?post=9340"},{"taxonomy":"event-type","embeddable":true,"href":"https:\/\/www.fraclorraine.org\/en\/wp-json\/wp\/v2\/event-type?post=9340"},{"taxonomy":"saison","embeddable":true,"href":"https:\/\/www.fraclorraine.org\/en\/wp-json\/wp\/v2\/saison?post=9340"},{"taxonomy":"lieu","embeddable":true,"href":"https:\/\/www.fraclorraine.org\/en\/wp-json\/wp\/v2\/lieu?post=9340"}],"curies":[{"name":"wp","href":"https:\/\/api.w.org\/{rel}","templated":true}]}}

<!-- wp:columns -->
<div class="wp-block-columns"><!-- wp:column -->
<div class="wp-block-column"><!-- wp:paragraph -->
<p>● Samuel Nicolle était en résidence de recherche au 49 Nord 6 Est du 17 juin au 11 juillet.</p>
<!-- /wp:paragraph -->

<!-- wp:paragraph -->
<p>Samuel Nicolle est un.e artiste et chercheur.euse non binaire français.e basé.e à Mexico. Iel s’inspire de la théorie queer et de ses figures oubliées, tout en convoquant ses propres commmunautés affectives et imaginaires par des citations, des références et des collaborations. À travers des objets, livres, situations et performances, Samuel Nicolle imagine d’autres mondes et récits possibles. Iel termine un mémoire de recherche sur la frivolité comme sujet et processus de détournement au sein de l’UNAM. Iel a exposé à la galerie House of Gaga, à Guadalajara 90210 et au Musée Carrillo Gil à Mexico.</p>
<!-- /wp:paragraph -->

<!-- wp:paragraph -->
<p>Lors de sa résidence de recherche au 49 Nord 6 Est, Samuel Nicolle explore ses affinités avec les œuvres de Clemen Parrocchetti et celles de la collection, autant que les porosités du Frac Lorraine avec son environnement.</p>
<!-- /wp:paragraph -->

<!-- wp:paragraph -->
<p>Samuel Nicolle proposera une restitution publique de sa résidence de recherche, suivie d’un pot, le mardi 8 juillet à 18h. L'événement est sur réservation.</p>
<!-- /wp:paragraph -->

<!-- wp:paragraph -->
<p>--</p>
<!-- /wp:paragraph -->

<!-- wp:paragraph -->
<p><em>Programmation sur une proposition d’Anaïs Lepage</em></p>
<!-- /wp:paragraph --></div>
<!-- /wp:column -->

<!-- wp:column -->
<div class="wp-block-column"><!-- wp:image {"id":9051,"sizeSlug":"large","linkDestination":"none"} -->
<figure class="wp-block-image size-large"><img src="https://www.fraclorraine.org/wp-content/uploads/2025/02/Portrait-Samuel-Nicolle_credit-Gizeh-Trejo-min-768x1024.jpg" alt="" class="wp-image-9051"/><figcaption class="wp-element-caption">Samuel Nicolle, photo Gizeh Trejo</figcaption></figure>
<!-- /wp:image --></div>
<!-- /wp:column --></div>
<!-- /wp:columns -->
