{"id":9453,"date":"2025-10-02T11:47:13","date_gmt":"2025-10-02T09:47:13","guid":{"rendered":"https:\/\/www.fraclorraine.org\/?post_type=evenement&#038;p=9453"},"modified":"2025-10-02T11:47:54","modified_gmt":"2025-10-02T09:47:54","slug":"","status":"publish","type":"evenement","link":"https:\/\/www.fraclorraine.org\/en\/evenement\/visite-jardin-et-patrimoine-7\/","title":{"rendered":"","raw":""},"content":{"rendered":"","protected":false,"raw":""},"template":"","meta":{"inline_featured_image":false,"_fr_post_content":"<!-- wp:columns -->\n<div class=\"wp-block-columns\"><!-- wp:column -->\n<div class=\"wp-block-column\"><!-- wp:paragraph -->\n<p>D\u00e9couvrez le b\u00e2timent du Frac Lorraine, l\u2019H\u00f4tel Saint-Livier, ainsi que son jardin. Liliana Motta, artiste-botaniste, n\u00e9e en 1959 \u00e0 Buenos Aires (Argentine), aime les plantes hors-normes. Depuis 2010, elle s\u2019engage aux c\u00f4t\u00e9s du 49 Nord 6 Est, pour la r\u00e9habilitation des plantes \u00e9trang\u00e8res qu\u2019elles soient curatives ou au contraire invasives, voire de \u00ab mauvaises herbes \u00bb !<\/p>\n<!-- \/wp:paragraph --><\/div>\n<!-- \/wp:column -->\n\n<!-- wp:column -->\n<div class=\"wp-block-column\"><!-- wp:image {\"id\":8780,\"sizeSlug\":\"large\",\"linkDestination\":\"none\"} -->\n<figure class=\"wp-block-image size-large\"><img src=\"https:\/\/www.fraclorraine.org\/wp-content\/uploads\/2024\/07\/5-min-1024x683.jpg\" alt=\"\" class=\"wp-image-8780\"\/><figcaption class=\"wp-element-caption\">Photo \u00a9 Jolan Dwek \u2013 Fabrikarev<\/figcaption><\/figure>\n<!-- \/wp:image --><\/div>\n<!-- \/wp:column --><\/div>\n<!-- \/wp:columns -->","_fr_post_name":"visite-jardin-et-patrimoine-7","_fr_post_excerpt":"","_fr_post_title":"Visite jardin et patrimoine","_en_post_content":"","_en_post_name":"","_en_post_excerpt":"","_en_post_title":"","edit_language":"en"},"tags":[224,367,40],"event-type":[150],"saison":[444],"lieu":[371],"class_list":["post-9453","evenement","type-evenement","status-publish","hentry","tag-jardin","tag-m-patrimoine","tag-visite"],"excerpt":{"raw":"","rendered":""},"_links":{"self":[{"href":"https:\/\/www.fraclorraine.org\/en\/wp-json\/wp\/v2\/evenement\/9453","targetHints":{"allow":["GET"]}}],"collection":[{"href":"https:\/\/www.fraclorraine.org\/en\/wp-json\/wp\/v2\/evenement"}],"about":[{"href":"https:\/\/www.fraclorraine.org\/en\/wp-json\/wp\/v2\/types\/evenement"}],"wp:attachment":[{"href":"https:\/\/www.fraclorraine.org\/en\/wp-json\/wp\/v2\/media?parent=9453"}],"wp:term":[{"taxonomy":"post_tag","embeddable":true,"href":"https:\/\/www.fraclorraine.org\/en\/wp-json\/wp\/v2\/tags?post=9453"},{"taxonomy":"event-type","embeddable":true,"href":"https:\/\/www.fraclorraine.org\/en\/wp-json\/wp\/v2\/event-type?post=9453"},{"taxonomy":"saison","embeddable":true,"href":"https:\/\/www.fraclorraine.org\/en\/wp-json\/wp\/v2\/saison?post=9453"},{"taxonomy":"lieu","embeddable":true,"href":"https:\/\/www.fraclorraine.org\/en\/wp-json\/wp\/v2\/lieu?post=9453"}],"curies":[{"name":"wp","href":"https:\/\/api.w.org\/{rel}","templated":true}]}}

<!-- wp:columns -->
<div class="wp-block-columns"><!-- wp:column -->
<div class="wp-block-column"><!-- wp:paragraph -->
<p>Découvrez le bâtiment du Frac Lorraine, l’Hôtel Saint-Livier, ainsi que son jardin. Liliana Motta, artiste-botaniste, née en 1959 à Buenos Aires (Argentine), aime les plantes hors-normes. Depuis 2010, elle s’engage aux côtés du 49 Nord 6 Est, pour la réhabilitation des plantes étrangères qu’elles soient curatives ou au contraire invasives, voire de « mauvaises herbes » !</p>
<!-- /wp:paragraph --></div>
<!-- /wp:column -->

<!-- wp:column -->
<div class="wp-block-column"><!-- wp:image {"id":8780,"sizeSlug":"large","linkDestination":"none"} -->
<figure class="wp-block-image size-large"><img src="https://www.fraclorraine.org/wp-content/uploads/2024/07/5-min-1024x683.jpg" alt="" class="wp-image-8780"/><figcaption class="wp-element-caption">Photo © Jolan Dwek – Fabrikarev</figcaption></figure>
<!-- /wp:image --></div>
<!-- /wp:column --></div>
<!-- /wp:columns -->
