{"id":953,"date":"2022-09-08T10:37:10","date_gmt":"2022-09-08T10:37:10","guid":{"rendered":"https:\/\/www.fraclorraine.org\/nouveausite2021\/?post_type=evenement&#038;p=953"},"modified":"2023-01-12T14:40:18","modified_gmt":"2023-01-12T14:40:18","slug":"","status":"publish","type":"evenement","link":"https:\/\/www.fraclorraine.org\/en\/evenement\/super-heros-in\/","title":{"rendered":"Super-h\u00e9ros in","raw":"Super-h\u00e9ros in"},"content":{"rendered":"\n<div class=\"wp-block-columns is-layout-flex wp-container-core-columns-is-layout-9d6595d7 wp-block-columns-is-layout-flex\">\n<div class=\"wp-block-column is-layout-flow wp-block-column-is-layout-flow\">\n<p>\u25cf Romain Monsifrot, les <a rel=\"noreferrer noopener\" href=\"http:\/\/www.editionsdeleclisse.fr\/\" target=\"_blank\">Editions de l\u2019Eclisse<\/a>, Vincent Cadieu, IRTS, <a rel=\"noreferrer noopener\" href=\"http:\/\/zoethouron.blogspot.com\/\" target=\"_blank\">Zoe Thouron<\/a> &amp; <a rel=\"noreferrer noopener\" href=\"https:\/\/charlie-zanello.tumblr.com\/\" target=\"_blank\">Charlie Zanello<\/a>, illustrateur.trice. Mod\u00e9ration, Gr\u00e9gory J\u00e9r\u00f4me, <a rel=\"noreferrer noopener\" href=\"https:\/\/centralvapeur.org\/\" target=\"_blank\">Central Vapeur<\/a><\/p>\n\n\n\n<p>While the superhero evokes the idea of force, athletic prowess, superhuman strength, and superpower employed in the service of good, the figure itself has continued to evolve. How do comic-book characters like Ultra-Ch\u00f4meur (the Unemployed Man), Kamala Khan, and others, challenge the stereotypes and codes of representation? What do they tell us about changing social values? We will address these questions in words and images during a genre-breaking illustrated debate.<\/p>\n<\/div>\n\n\n\n<div class=\"wp-block-column is-layout-flow wp-block-column-is-layout-flow\">\n<figure class=\"wp-block-image size-large\"><img loading=\"lazy\" decoding=\"async\" width=\"1024\" height=\"576\" src=\"https:\/\/www.fraclorraine.org\/wp-content\/uploads\/2022\/09\/PROG_2019_JUIN-OCTOBRE-_SUPER-HEROS-IN_1-1024x576.jpg\" alt=\"\" class=\"wp-image-954\" srcset=\"https:\/\/www.fraclorraine.org\/wp-content\/uploads\/2022\/09\/PROG_2019_JUIN-OCTOBRE-_SUPER-HEROS-IN_1-1024x576.jpg 1024w, https:\/\/www.fraclorraine.org\/wp-content\/uploads\/2022\/09\/PROG_2019_JUIN-OCTOBRE-_SUPER-HEROS-IN_1-300x169.jpg 300w, https:\/\/www.fraclorraine.org\/wp-content\/uploads\/2022\/09\/PROG_2019_JUIN-OCTOBRE-_SUPER-HEROS-IN_1-768x432.jpg 768w, https:\/\/www.fraclorraine.org\/wp-content\/uploads\/2022\/09\/PROG_2019_JUIN-OCTOBRE-_SUPER-HEROS-IN_1-1536x864.jpg 1536w, https:\/\/www.fraclorraine.org\/wp-content\/uploads\/2022\/09\/PROG_2019_JUIN-OCTOBRE-_SUPER-HEROS-IN_1.jpg 1920w\" sizes=\"auto, (max-width: 1024px) 100vw, 1024px\" \/><figcaption class=\"wp-element-caption\">Margaret Harrison, <em>Captain America II<\/em>, 1997 \u00a9 Collection particuli\u00e8re Courtesy Nicolas Krupp, B\u00e2le (CH)<\/figcaption><\/figure>\n<\/div>\n<\/div>\n","protected":false,"raw":"<!-- wp:columns -->\n<div class=\"wp-block-columns\"><!-- wp:column -->\n<div class=\"wp-block-column\"><!-- wp:paragraph -->\n<p>\u25cf Romain Monsifrot, les <a rel=\"noreferrer noopener\" href=\"http:\/\/www.editionsdeleclisse.fr\/\" target=\"_blank\">Editions de l\u2019Eclisse<\/a>, Vincent Cadieu, IRTS, <a rel=\"noreferrer noopener\" href=\"http:\/\/zoethouron.blogspot.com\/\" target=\"_blank\">Zoe Thouron<\/a> &amp; <a rel=\"noreferrer noopener\" href=\"https:\/\/charlie-zanello.tumblr.com\/\" target=\"_blank\">Charlie Zanello<\/a>, illustrateur.trice. Mod\u00e9ration, Gr\u00e9gory J\u00e9r\u00f4me, <a rel=\"noreferrer noopener\" href=\"https:\/\/centralvapeur.org\/\" target=\"_blank\">Central Vapeur<\/a><\/p>\n<!-- \/wp:paragraph -->\n\n<!-- wp:paragraph -->\n<p>While the superhero evokes the idea of force, athletic prowess, superhuman strength, and superpower employed in the service of good, the figure itself has continued to evolve. How do comic-book characters like Ultra-Ch\u00f4meur (the Unemployed Man), Kamala Khan, and others, challenge the stereotypes and codes of representation? What do they tell us about changing social values? We will address these questions in words and images during a genre-breaking illustrated debate.<\/p>\n<!-- \/wp:paragraph --><\/div>\n<!-- \/wp:column -->\n\n<!-- wp:column -->\n<div class=\"wp-block-column\"><!-- wp:image {\"id\":954,\"sizeSlug\":\"large\",\"linkDestination\":\"none\"} -->\n<figure class=\"wp-block-image size-large\"><img src=\"https:\/\/www.fraclorraine.org\/wp-content\/uploads\/2022\/09\/PROG_2019_JUIN-OCTOBRE-_SUPER-HEROS-IN_1-1024x576.jpg\" alt=\"\" class=\"wp-image-954\"\/><figcaption class=\"wp-element-caption\">Margaret Harrison, <em>Captain America II<\/em>, 1997 \u00a9 Collection particuli\u00e8re Courtesy Nicolas Krupp, B\u00e2le (CH)<\/figcaption><\/figure>\n<!-- \/wp:image --><\/div>\n<!-- \/wp:column --><\/div>\n<!-- \/wp:columns -->"},"template":"","meta":{"inline_featured_image":false,"_fr_post_content":"<!-- wp:columns -->\n<div class=\"wp-block-columns\"><!-- wp:column -->\n<div class=\"wp-block-column\"><!-- wp:paragraph -->\n<p>\u25cf Romain Monsifrot, les <a rel=\"noreferrer noopener\" href=\"http:\/\/www.editionsdeleclisse.fr\/\" target=\"_blank\">Editions de l\u2019Eclisse<\/a>, Vincent Cadieu, cadre de formation de l\u2019IRTS, <a rel=\"noreferrer noopener\" href=\"http:\/\/zoethouron.blogspot.com\/\" target=\"_blank\">Zoe Thouron<\/a> &amp; <a rel=\"noreferrer noopener\" href=\"https:\/\/charlie-zanello.tumblr.com\/\" target=\"_blank\">Charlie Zanello<\/a>, illustrateur.trice. Mod\u00e9ration, Gr\u00e9gory J\u00e9r\u00f4me, membre de <a href=\"https:\/\/centralvapeur.org\/\" target=\"_blank\" rel=\"noreferrer noopener\">Central Vapeur<\/a><\/p>\n<!-- \/wp:paragraph -->\n\n<!-- wp:paragraph -->\n<p>Si le super-h\u00e9ros renvoie \u00e0 l\u2019id\u00e9e de puissance, de combat athl\u00e9tique, de force surhumaine ou de super-pouvoirs au service du bien, ses contours tendent \u00e0 \u00e9voluer. Comment des personnages comme ultra-ch\u00f4meur, Kamala Khan et bien d\u2019autres viennent r\u00e9interroger les st\u00e9r\u00e9otypes et les codes de repr\u00e9sentation ? En quoi sont-ils r\u00e9v\u00e9lateurs des changements de nos imaginaires soci\u00e9taux ? R\u00e9ponses en paroles et en images lors de cette discussion illustr\u00e9e d\u2019un tout nouveau genre.<\/p>\n<!-- \/wp:paragraph --><\/div>\n<!-- \/wp:column -->\n\n<!-- wp:column -->\n<div class=\"wp-block-column\"><!-- wp:image {\"id\":954,\"sizeSlug\":\"large\",\"linkDestination\":\"none\"} -->\n<figure class=\"wp-block-image size-large\"><img src=\"https:\/\/www.fraclorraine.org\/wp-content\/uploads\/2022\/09\/PROG_2019_JUIN-OCTOBRE-_SUPER-HEROS-IN_1-1024x576.jpg\" alt=\"\" class=\"wp-image-954\"\/><figcaption class=\"wp-element-caption\">Margaret Harrison, <em>Captain America II<\/em>, 1997 \u00a9 Collection particuli\u00e8re. Courtesy Nicolas Krupp, B\u00e2le (CH)<\/figcaption><\/figure>\n<!-- \/wp:image --><\/div>\n<!-- \/wp:column --><\/div>\n<!-- \/wp:columns -->","_fr_post_name":"super-heros-in","_fr_post_excerpt":"","_fr_post_title":"Super-h\u00e9ros in\ufffc","_en_post_content":"<!-- wp:columns -->\n<div class=\"wp-block-columns\"><!-- wp:column -->\n<div class=\"wp-block-column\"><!-- wp:paragraph -->\n<p>\u25cf Romain Monsifrot, les <a rel=\"noreferrer noopener\" href=\"http:\/\/www.editionsdeleclisse.fr\/\" target=\"_blank\">Editions de l\u2019Eclisse<\/a>, Vincent Cadieu, IRTS, <a rel=\"noreferrer noopener\" href=\"http:\/\/zoethouron.blogspot.com\/\" target=\"_blank\">Zoe Thouron<\/a> &amp; <a rel=\"noreferrer noopener\" href=\"https:\/\/charlie-zanello.tumblr.com\/\" target=\"_blank\">Charlie Zanello<\/a>, illustrateur.trice. Mod\u00e9ration, Gr\u00e9gory J\u00e9r\u00f4me, <a rel=\"noreferrer noopener\" href=\"https:\/\/centralvapeur.org\/\" target=\"_blank\">Central Vapeur<\/a><\/p>\n<!-- \/wp:paragraph -->\n\n<!-- wp:paragraph -->\n<p>While the superhero evokes the idea of force, athletic prowess, superhuman strength, and superpower employed in the service of good, the figure itself has continued to evolve. How do comic-book characters like Ultra-Ch\u00f4meur (the Unemployed Man), Kamala Khan, and others, challenge the stereotypes and codes of representation? What do they tell us about changing social values? We will address these questions in words and images during a genre-breaking illustrated debate.<\/p>\n<!-- \/wp:paragraph --><\/div>\n<!-- \/wp:column -->\n\n<!-- wp:column -->\n<div class=\"wp-block-column\"><!-- wp:image {\"id\":954,\"sizeSlug\":\"large\",\"linkDestination\":\"none\"} -->\n<figure class=\"wp-block-image size-large\"><img src=\"https:\/\/www.fraclorraine.org\/wp-content\/uploads\/2022\/09\/PROG_2019_JUIN-OCTOBRE-_SUPER-HEROS-IN_1-1024x576.jpg\" alt=\"\" class=\"wp-image-954\"\/><figcaption class=\"wp-element-caption\">Margaret Harrison, <em>Captain America II<\/em>, 1997 \u00a9 Collection particuli\u00e8re Courtesy Nicolas Krupp, B\u00e2le (CH)<\/figcaption><\/figure>\n<!-- \/wp:image --><\/div>\n<!-- \/wp:column --><\/div>\n<!-- \/wp:columns -->","_en_post_name":"","_en_post_excerpt":"","_en_post_title":"Super-h\u00e9ros in","edit_language":"en"},"tags":[],"event-type":[],"saison":[67],"lieu":[371],"class_list":["post-953","evenement","type-evenement","status-publish","hentry"],"excerpt":{"raw":"","rendered":""},"_links":{"self":[{"href":"https:\/\/www.fraclorraine.org\/en\/wp-json\/wp\/v2\/evenement\/953","targetHints":{"allow":["GET"]}}],"collection":[{"href":"https:\/\/www.fraclorraine.org\/en\/wp-json\/wp\/v2\/evenement"}],"about":[{"href":"https:\/\/www.fraclorraine.org\/en\/wp-json\/wp\/v2\/types\/evenement"}],"wp:attachment":[{"href":"https:\/\/www.fraclorraine.org\/en\/wp-json\/wp\/v2\/media?parent=953"}],"wp:term":[{"taxonomy":"post_tag","embeddable":true,"href":"https:\/\/www.fraclorraine.org\/en\/wp-json\/wp\/v2\/tags?post=953"},{"taxonomy":"event-type","embeddable":true,"href":"https:\/\/www.fraclorraine.org\/en\/wp-json\/wp\/v2\/event-type?post=953"},{"taxonomy":"saison","embeddable":true,"href":"https:\/\/www.fraclorraine.org\/en\/wp-json\/wp\/v2\/saison?post=953"},{"taxonomy":"lieu","embeddable":true,"href":"https:\/\/www.fraclorraine.org\/en\/wp-json\/wp\/v2\/lieu?post=953"}],"curies":[{"name":"wp","href":"https:\/\/api.w.org\/{rel}","templated":true}]}}

Super-héros in

<div class="wp-block-columns is-layout-flex wp-container-core-columns-is-layout-9d6595d7 wp-block-columns-is-layout-flex">
<div class="wp-block-column is-layout-flow wp-block-column-is-layout-flow">
<p>● Romain Monsifrot, les <a rel="noreferrer noopener" href="http://www.editionsdeleclisse.fr/" target="_blank">Editions de l’Eclisse</a>, Vincent Cadieu, IRTS, <a rel="noreferrer noopener" href="http://zoethouron.blogspot.com/" target="_blank">Zoe Thouron</a> &amp; <a rel="noreferrer noopener" href="https://charlie-zanello.tumblr.com/" target="_blank">Charlie Zanello</a>, illustrateur.trice. Modération, Grégory Jérôme, <a rel="noreferrer noopener" href="https://centralvapeur.org/" target="_blank">Central Vapeur</a></p>



<p>While the superhero evokes the idea of force, athletic prowess, superhuman strength, and superpower employed in the service of good, the figure itself has continued to evolve. How do comic-book characters like Ultra-Chômeur (the Unemployed Man), Kamala Khan, and others, challenge the stereotypes and codes of representation? What do they tell us about changing social values? We will address these questions in words and images during a genre-breaking illustrated debate.</p>
</div>



<div class="wp-block-column is-layout-flow wp-block-column-is-layout-flow">
<figure class="wp-block-image size-large"><img loading="lazy" decoding="async" width="1024" height="576" src="https://www.fraclorraine.org/wp-content/uploads/2022/09/PROG_2019_JUIN-OCTOBRE-_SUPER-HEROS-IN_1-1024x576.jpg" alt="" class="wp-image-954" srcset="https://www.fraclorraine.org/wp-content/uploads/2022/09/PROG_2019_JUIN-OCTOBRE-_SUPER-HEROS-IN_1-1024x576.jpg 1024w, https://www.fraclorraine.org/wp-content/uploads/2022/09/PROG_2019_JUIN-OCTOBRE-_SUPER-HEROS-IN_1-300x169.jpg 300w, https://www.fraclorraine.org/wp-content/uploads/2022/09/PROG_2019_JUIN-OCTOBRE-_SUPER-HEROS-IN_1-768x432.jpg 768w, https://www.fraclorraine.org/wp-content/uploads/2022/09/PROG_2019_JUIN-OCTOBRE-_SUPER-HEROS-IN_1-1536x864.jpg 1536w, https://www.fraclorraine.org/wp-content/uploads/2022/09/PROG_2019_JUIN-OCTOBRE-_SUPER-HEROS-IN_1.jpg 1920w" sizes="auto, (max-width: 1024px) 100vw, 1024px" /><figcaption class="wp-element-caption">Margaret Harrison, <em>Captain America II</em>, 1997 © Collection particulière Courtesy Nicolas Krupp, Bâle (CH)</figcaption></figure>
</div>
</div>

<!-- wp:columns -->
<div class="wp-block-columns"><!-- wp:column -->
<div class="wp-block-column"><!-- wp:paragraph -->
<p>● Romain Monsifrot, les <a rel="noreferrer noopener" href="http://www.editionsdeleclisse.fr/" target="_blank">Editions de l’Eclisse</a>, Vincent Cadieu, IRTS, <a rel="noreferrer noopener" href="http://zoethouron.blogspot.com/" target="_blank">Zoe Thouron</a> &amp; <a rel="noreferrer noopener" href="https://charlie-zanello.tumblr.com/" target="_blank">Charlie Zanello</a>, illustrateur.trice. Modération, Grégory Jérôme, <a rel="noreferrer noopener" href="https://centralvapeur.org/" target="_blank">Central Vapeur</a></p>
<!-- /wp:paragraph -->

<!-- wp:paragraph -->
<p>While the superhero evokes the idea of force, athletic prowess, superhuman strength, and superpower employed in the service of good, the figure itself has continued to evolve. How do comic-book characters like Ultra-Chômeur (the Unemployed Man), Kamala Khan, and others, challenge the stereotypes and codes of representation? What do they tell us about changing social values? We will address these questions in words and images during a genre-breaking illustrated debate.</p>
<!-- /wp:paragraph --></div>
<!-- /wp:column -->

<!-- wp:column -->
<div class="wp-block-column"><!-- wp:image {"id":954,"sizeSlug":"large","linkDestination":"none"} -->
<figure class="wp-block-image size-large"><img src="https://www.fraclorraine.org/wp-content/uploads/2022/09/PROG_2019_JUIN-OCTOBRE-_SUPER-HEROS-IN_1-1024x576.jpg" alt="" class="wp-image-954"/><figcaption class="wp-element-caption">Margaret Harrison, <em>Captain America II</em>, 1997 © Collection particulière Courtesy Nicolas Krupp, Bâle (CH)</figcaption></figure>
<!-- /wp:image --></div>
<!-- /wp:column --></div>
<!-- /wp:columns -->

<!-- wp:columns -->
<div class="wp-block-columns"><!-- wp:column -->
<div class="wp-block-column"><!-- wp:paragraph -->
<p>● Romain Monsifrot, les <a rel="noreferrer noopener" href="http://www.editionsdeleclisse.fr/" target="_blank">Editions de l’Eclisse</a>, Vincent Cadieu, cadre de formation de l’IRTS, <a rel="noreferrer noopener" href="http://zoethouron.blogspot.com/" target="_blank">Zoe Thouron</a> &amp; <a rel="noreferrer noopener" href="https://charlie-zanello.tumblr.com/" target="_blank">Charlie Zanello</a>, illustrateur.trice. Modération, Grégory Jérôme, membre de <a href="https://centralvapeur.org/" target="_blank" rel="noreferrer noopener">Central Vapeur</a></p>
<!-- /wp:paragraph -->

<!-- wp:paragraph -->
<p>Si le super-héros renvoie à l’idée de puissance, de combat athlétique, de force surhumaine ou de super-pouvoirs au service du bien, ses contours tendent à évoluer. Comment des personnages comme ultra-chômeur, Kamala Khan et bien d’autres viennent réinterroger les stéréotypes et les codes de représentation ? En quoi sont-ils révélateurs des changements de nos imaginaires sociétaux ? Réponses en paroles et en images lors de cette discussion illustrée d’un tout nouveau genre.</p>
<!-- /wp:paragraph --></div>
<!-- /wp:column -->

<!-- wp:column -->
<div class="wp-block-column"><!-- wp:image {"id":954,"sizeSlug":"large","linkDestination":"none"} -->
<figure class="wp-block-image size-large"><img src="https://www.fraclorraine.org/wp-content/uploads/2022/09/PROG_2019_JUIN-OCTOBRE-_SUPER-HEROS-IN_1-1024x576.jpg" alt="" class="wp-image-954"/><figcaption class="wp-element-caption">Margaret Harrison, <em>Captain America II</em>, 1997 © Collection particulière. Courtesy Nicolas Krupp, Bâle (CH)</figcaption></figure>
<!-- /wp:image --></div>
<!-- /wp:column --></div>
<!-- /wp:columns -->

Super-héros in￼
