{"id":9536,"date":"2025-11-13T10:37:01","date_gmt":"2025-11-13T09:37:01","guid":{"rendered":"https:\/\/www.fraclorraine.org\/?post_type=evenement&#038;p=9536"},"modified":"2025-11-13T10:46:11","modified_gmt":"2025-11-13T09:46:11","slug":"","status":"publish","type":"evenement","link":"https:\/\/www.fraclorraine.org\/en\/evenement\/wefrac-week-end-des-fonds-regionaux-dart-contemporain\/","title":{"rendered":"","raw":""},"content":{"rendered":"","protected":false,"raw":""},"template":"","meta":{"inline_featured_image":false,"_fr_post_content":"<!-- wp:columns -->\n<div class=\"wp-block-columns\"><!-- wp:column -->\n<div class=\"wp-block-column\"><!-- wp:paragraph -->\n<p>\u25cf WEFRAC, Week-end des Fonds R\u00e9gionaux d\u2019Art Contemporain<br>\u21b3 Activit\u00e9s pour enfants<\/p>\n<!-- \/wp:paragraph -->\n\n<!-- wp:paragraph -->\n<p>\u00c0 l'occasion du WEFRAC 2025, le week-end des Fonds R\u00e9gionaux d\u2019Art Contemporain, le Frac Lorraine met \u00e0 l\u2019honneur ses activit\u00e9s \u00e0 partager en famille. Au programme : livrets-jeux pour d\u00e9couvrir les expositions de mani\u00e8re ludique et d\u00e9cal\u00e9e, ateliers de cr\u00e9ation autour du portrait chinois et notre nouvel atelier pour les b\u00e9b\u00e9s. Les activit\u00e9s sont gratuites et ouvertes \u00e0 toustes !<\/p>\n<!-- \/wp:paragraph -->\n\n<!-- wp:paragraph -->\n<p>\u25cf L\u2019\u0153uvre de la collection, <em>Jeu<\/em> de l\u2019artiste Meret Oppenheim, sort des r\u00e9serves du Frac ! Cet atelier est sp\u00e9cialement con\u00e7u pour les b\u00e9b\u00e9s de 4 \u00e0 24 mois. Jeux de formes, de couleurs et de textures seront propos\u00e9s \u00e0 partir d\u2019un tapis d\u2019\u00e9veil r\u00e9alis\u00e9 par Cyndie Fornaciari de l\u2019atelier les Fusettes \u00e0 Metz.<br>\u21b3 Samedi 15 novembre, \u00e0 11h15, 15h et 17h (dur\u00e9e 45 minutes)<\/p>\n<!-- \/wp:paragraph -->\n\n<!-- wp:paragraph -->\n<p>\u25cf D\u00e9couverte des expositions avec un livret-jeu pour adultes et enfants de 3 \u00e0 11 ans ; atelier dessin \u00ab Si j\u2019\u00e9tais... \u00bb ouvert \u00e0 toustes ; coin lecture : s\u00e9lection d'albums jeunesse en partenariat avec les Biblioth\u00e8ques-M\u00e9diath\u00e8ques de la ville de Metz.<br>\u21b3 En continu, de 11h \u00e0 19h<\/p>\n<!-- \/wp:paragraph -->\n\n<!-- wp:paragraph -->\n<p>Toutes les activit\u00e9s sont gratuites et sans inscription.<\/p>\n<!-- \/wp:paragraph --><\/div>\n<!-- \/wp:column -->\n\n<!-- wp:column -->\n<div class=\"wp-block-column\"><!-- wp:image {\"id\":9537,\"sizeSlug\":\"full\",\"linkDestination\":\"none\"} -->\n<figure class=\"wp-block-image size-full\"><img src=\"https:\/\/www.fraclorraine.org\/wp-content\/uploads\/2025\/11\/IMG_1606_min-scaled.jpg\" alt=\"\" class=\"wp-image-9537\"\/><\/figure>\n<!-- \/wp:image --><\/div>\n<!-- \/wp:column --><\/div>\n<!-- \/wp:columns -->","_fr_post_name":"wefrac-week-end-des-fonds-regionaux-dart-contemporain","_fr_post_excerpt":"","_fr_post_title":"WEFRAC, Week-end des Fonds R\u00e9gionaux d\u2019Art Contemporain","_en_post_content":"","_en_post_name":"","_en_post_excerpt":"","_en_post_title":"","edit_language":"en"},"tags":[441,449,175],"event-type":[450],"saison":[444],"lieu":[371],"class_list":["post-9536","evenement","type-evenement","status-publish","hentry","tag-enfants","tag-jeux","tag-wefrac"],"excerpt":{"raw":"","rendered":""},"_links":{"self":[{"href":"https:\/\/www.fraclorraine.org\/en\/wp-json\/wp\/v2\/evenement\/9536","targetHints":{"allow":["GET"]}}],"collection":[{"href":"https:\/\/www.fraclorraine.org\/en\/wp-json\/wp\/v2\/evenement"}],"about":[{"href":"https:\/\/www.fraclorraine.org\/en\/wp-json\/wp\/v2\/types\/evenement"}],"wp:attachment":[{"href":"https:\/\/www.fraclorraine.org\/en\/wp-json\/wp\/v2\/media?parent=9536"}],"wp:term":[{"taxonomy":"post_tag","embeddable":true,"href":"https:\/\/www.fraclorraine.org\/en\/wp-json\/wp\/v2\/tags?post=9536"},{"taxonomy":"event-type","embeddable":true,"href":"https:\/\/www.fraclorraine.org\/en\/wp-json\/wp\/v2\/event-type?post=9536"},{"taxonomy":"saison","embeddable":true,"href":"https:\/\/www.fraclorraine.org\/en\/wp-json\/wp\/v2\/saison?post=9536"},{"taxonomy":"lieu","embeddable":true,"href":"https:\/\/www.fraclorraine.org\/en\/wp-json\/wp\/v2\/lieu?post=9536"}],"curies":[{"name":"wp","href":"https:\/\/api.w.org\/{rel}","templated":true}]}}

<!-- wp:columns -->
<div class="wp-block-columns"><!-- wp:column -->
<div class="wp-block-column"><!-- wp:paragraph -->
<p>● WEFRAC, Week-end des Fonds Régionaux d’Art Contemporain<br>↳ Activités pour enfants</p>
<!-- /wp:paragraph -->

<!-- wp:paragraph -->
<p>À l'occasion du WEFRAC 2025, le week-end des Fonds Régionaux d’Art Contemporain, le Frac Lorraine met à l’honneur ses activités à partager en famille. Au programme : livrets-jeux pour découvrir les expositions de manière ludique et décalée, ateliers de création autour du portrait chinois et notre nouvel atelier pour les bébés. Les activités sont gratuites et ouvertes à toustes !</p>
<!-- /wp:paragraph -->

<!-- wp:paragraph -->
<p>● L’œuvre de la collection, <em>Jeu</em> de l’artiste Meret Oppenheim, sort des réserves du Frac ! Cet atelier est spécialement conçu pour les bébés de 4 à 24 mois. Jeux de formes, de couleurs et de textures seront proposés à partir d’un tapis d’éveil réalisé par Cyndie Fornaciari de l’atelier les Fusettes à Metz.<br>↳ Samedi 15 novembre, à 11h15, 15h et 17h (durée 45 minutes)</p>
<!-- /wp:paragraph -->

<!-- wp:paragraph -->
<p>● Découverte des expositions avec un livret-jeu pour adultes et enfants de 3 à 11 ans ; atelier dessin « Si j’étais... » ouvert à toustes ; coin lecture : sélection d'albums jeunesse en partenariat avec les Bibliothèques-Médiathèques de la ville de Metz.<br>↳ En continu, de 11h à 19h</p>
<!-- /wp:paragraph -->

<!-- wp:paragraph -->
<p>Toutes les activités sont gratuites et sans inscription.</p>
<!-- /wp:paragraph --></div>
<!-- /wp:column -->

<!-- wp:column -->
<div class="wp-block-column"><!-- wp:image {"id":9537,"sizeSlug":"full","linkDestination":"none"} -->
<figure class="wp-block-image size-full"><img src="https://www.fraclorraine.org/wp-content/uploads/2025/11/IMG_1606_min-scaled.jpg" alt="" class="wp-image-9537"/></figure>
<!-- /wp:image --></div>
<!-- /wp:column --></div>
<!-- /wp:columns -->

WEFRAC, Week-end des Fonds Régionaux d’Art Contemporain
