{"id":958,"date":"2022-09-08T10:57:24","date_gmt":"2022-09-08T10:57:24","guid":{"rendered":"https:\/\/www.fraclorraine.org\/nouveausite2021\/?post_type=evenement&#038;p=958"},"modified":"2023-01-12T14:41:26","modified_gmt":"2023-01-12T14:41:26","slug":"","status":"publish","type":"evenement","link":"https:\/\/www.fraclorraine.org\/en\/evenement\/activisme-spirituel-savoirs-alternatifs\/","title":{"rendered":"Spiritual activism and alternative forms of knowledge\ufffc","raw":"Spiritual activism and alternative forms of knowledge\ufffc"},"content":{"rendered":"\n<div class=\"wp-block-columns is-layout-flex wp-container-core-columns-is-layout-9d6595d7 wp-block-columns-is-layout-flex\">\n<div class=\"wp-block-column is-layout-flow wp-block-column-is-layout-flow\">\n<p>\u25cf With Camille Back et <a href=\"https:\/\/celinedrouinlaroche.com\/\" target=\"_blank\" rel=\"noreferrer noopener\">C\u00e9line Drouin Laroche<\/a><\/p>\n\n\n\n<hr class=\"wp-block-separator has-alpha-channel-opacity\"\/>\n\n\n\n<p>How is it possible to share something intangible (visions, actions, sensations) and the deep knowledge that comes with it? How is it possible to communicate it and make it present? Over the course of two days we will work on devising concrete actions meant to transform existing social conditions.<\/p>\n<\/div>\n\n\n\n<div class=\"wp-block-column is-layout-flow wp-block-column-is-layout-flow\">\n<figure class=\"wp-block-image size-large\"><img loading=\"lazy\" decoding=\"async\" width=\"1024\" height=\"576\" src=\"https:\/\/www.fraclorraine.org\/wp-content\/uploads\/2022\/09\/PROG_2019_JUIN-OCTOBRE-_ACTIVISME-SPIRITUEL_1-1024x576.png\" alt=\"\" class=\"wp-image-959\" srcset=\"https:\/\/www.fraclorraine.org\/wp-content\/uploads\/2022\/09\/PROG_2019_JUIN-OCTOBRE-_ACTIVISME-SPIRITUEL_1-1024x576.png 1024w, https:\/\/www.fraclorraine.org\/wp-content\/uploads\/2022\/09\/PROG_2019_JUIN-OCTOBRE-_ACTIVISME-SPIRITUEL_1-300x169.png 300w, https:\/\/www.fraclorraine.org\/wp-content\/uploads\/2022\/09\/PROG_2019_JUIN-OCTOBRE-_ACTIVISME-SPIRITUEL_1-768x432.png 768w, https:\/\/www.fraclorraine.org\/wp-content\/uploads\/2022\/09\/PROG_2019_JUIN-OCTOBRE-_ACTIVISME-SPIRITUEL_1-1536x864.png 1536w, https:\/\/www.fraclorraine.org\/wp-content\/uploads\/2022\/09\/PROG_2019_JUIN-OCTOBRE-_ACTIVISME-SPIRITUEL_1.png 1920w\" sizes=\"auto, (max-width: 1024px) 100vw, 1024px\" \/><figcaption>\u00a9 C\u00e9line Drouin-Laroche<\/figcaption><\/figure>\n<\/div>\n<\/div>\n","protected":false,"raw":"<!-- wp:columns -->\n<div class=\"wp-block-columns\"><!-- wp:column -->\n<div class=\"wp-block-column\"><!-- wp:paragraph -->\n<p>\u25cf With Camille Back et <a href=\"https:\/\/celinedrouinlaroche.com\/\" target=\"_blank\" rel=\"noreferrer noopener\">C\u00e9line Drouin Laroche<\/a><\/p>\n<!-- \/wp:paragraph -->\n\n<!-- wp:separator -->\n<hr class=\"wp-block-separator has-alpha-channel-opacity\"\/>\n<!-- \/wp:separator -->\n\n<!-- wp:paragraph -->\n<p>How is it possible to share something intangible (visions, actions, sensations) and the deep knowledge that comes with it? How is it possible to communicate it and make it present? Over the course of two days we will work on devising concrete actions meant to transform existing social conditions.<\/p>\n<!-- \/wp:paragraph --><\/div>\n<!-- \/wp:column -->\n\n<!-- wp:column -->\n<div class=\"wp-block-column\"><!-- wp:image {\"id\":959,\"sizeSlug\":\"large\",\"linkDestination\":\"none\"} -->\n<figure class=\"wp-block-image size-large\"><img src=\"https:\/\/www.fraclorraine.org\/wp-content\/uploads\/2022\/09\/PROG_2019_JUIN-OCTOBRE-_ACTIVISME-SPIRITUEL_1-1024x576.png\" alt=\"\" class=\"wp-image-959\"\/><figcaption>\u00a9 C\u00e9line Drouin-Laroche<\/figcaption><\/figure>\n<!-- \/wp:image --><\/div>\n<!-- \/wp:column --><\/div>\n<!-- \/wp:columns -->"},"template":"","meta":{"inline_featured_image":false,"_fr_post_content":"<!-- wp:columns -->\n<div class=\"wp-block-columns\"><!-- wp:column -->\n<div class=\"wp-block-column\"><!-- wp:paragraph -->\n<p>\u25cf Avec Camille Back et <a href=\"https:\/\/celinedrouinlaroche.com\/\" target=\"_blank\" rel=\"noreferrer noopener\">C\u00e9line Drouin Laroche<\/a><\/p>\n<!-- \/wp:paragraph -->\n\n<!-- wp:paragraph -->\n<p>Comment partager quelque chose d\u2019immat\u00e9riel (visions, actions, sensations\u2026) et la connaissance profonde que cela nous a apport\u00e9e ? <\/p>\n<!-- \/wp:paragraph -->\n\n<!-- wp:paragraph -->\n<p>Comment les transmettre et les rendre pr\u00e9sentes ? Deux jours pour inventer des actions concr\u00e8tes destin\u00e9es \u00e0 transformer les conditions sociales existantes, avec Camille Back (doctorante en \u00c9tudes hispaniques et en Arts et M\u00e9dias \u00e0 l\u2019universit\u00e9 Sorbonne Nouvelle \u2013 Paris 3) et C\u00e9line Drouin Laroche (artiste)<\/p>\n<!-- \/wp:paragraph -->\n\n<!-- wp:paragraph -->\n<p>Camille Back et C\u00e9line Drouin Laroche m\u00e8nent une recherche commune autour de Gloria Anzald\u00f9a (1942\u20132004), engag\u00e9e dans l\u2019\u00e9laboration des th\u00e9ories chicanas, queers et f\u00e9ministes d\u00e9coloniales. Activiste et auteure d\u2019essais, ses fictions et po\u00e8mes ont contribu\u00e9 \u00e0 l\u2019\u00e9mergence de la th\u00e9orie queer et \u00e0 l\u2019introduction de la pens\u00e9e du mestizaje (m\u00e9tissage) aux \u00c9tats-Unis. <\/p>\n<!-- \/wp:paragraph -->\n\n<!-- wp:paragraph -->\n<p>Ensemble, elles s\u2019att\u00e8lent \u00e0 cr\u00e9er des moyens de performer cette recherche et de la partager dans un espace qui se pr\u00e9occupe de lier des pratiques \u00e0 la th\u00e9orie et de faire en sorte que la production de formes croise celle des savoirs.<\/p>\n<!-- \/wp:paragraph --><\/div>\n<!-- \/wp:column -->\n\n<!-- wp:column -->\n<div class=\"wp-block-column\"><!-- wp:gallery {\"linkTo\":\"none\"} -->\n<figure class=\"wp-block-gallery has-nested-images columns-default is-cropped\"><!-- wp:image {\"id\":959,\"sizeSlug\":\"large\",\"linkDestination\":\"none\"} -->\n<figure class=\"wp-block-image size-large\"><img src=\"https:\/\/www.fraclorraine.org\/wp-content\/uploads\/2022\/09\/PROG_2019_JUIN-OCTOBRE-_ACTIVISME-SPIRITUEL_1.png\" alt=\"\" class=\"wp-image-959\"\/><figcaption class=\"wp-element-caption\">\u00a9 C\u00e9line Drouin-Laroche<\/figcaption><\/figure>\n<!-- \/wp:image -->\n\n<!-- wp:image {\"id\":960,\"sizeSlug\":\"large\",\"linkDestination\":\"none\"} -->\n<figure class=\"wp-block-image size-large\"><img src=\"https:\/\/www.fraclorraine.org\/wp-content\/uploads\/2022\/09\/PROG_2019_JUIN-OCTOBRE-_ACTIVISME-SPIRITUEL_2.png\" alt=\"\" class=\"wp-image-960\"\/><figcaption class=\"wp-element-caption\">\u00a9 C\u00e9line Drouin-Laroche<\/figcaption><\/figure>\n<!-- \/wp:image --><\/figure>\n<!-- \/wp:gallery --><\/div>\n<!-- \/wp:column --><\/div>\n<!-- \/wp:columns -->\n\n<!-- wp:paragraph -->\n<p><\/p>\n<!-- \/wp:paragraph -->","_fr_post_name":"activisme-spirituel-savoirs-alternatifs","_fr_post_excerpt":"","_fr_post_title":"Activisme spirituel & savoirs alternatifs","_en_post_content":"<!-- wp:columns -->\n<div class=\"wp-block-columns\"><!-- wp:column -->\n<div class=\"wp-block-column\"><!-- wp:paragraph -->\n<p>\u25cf With Camille Back et <a href=\"https:\/\/celinedrouinlaroche.com\/\" target=\"_blank\" rel=\"noreferrer noopener\">C\u00e9line Drouin Laroche<\/a><\/p>\n<!-- \/wp:paragraph -->\n\n<!-- wp:separator -->\n<hr class=\"wp-block-separator has-alpha-channel-opacity\"\/>\n<!-- \/wp:separator -->\n\n<!-- wp:paragraph -->\n<p>How is it possible to share something intangible (visions, actions, sensations) and the deep knowledge that comes with it? How is it possible to communicate it and make it present? Over the course of two days we will work on devising concrete actions meant to transform existing social conditions.<\/p>\n<!-- \/wp:paragraph --><\/div>\n<!-- \/wp:column -->\n\n<!-- wp:column -->\n<div class=\"wp-block-column\"><!-- wp:image {\"id\":959,\"sizeSlug\":\"large\",\"linkDestination\":\"none\"} -->\n<figure class=\"wp-block-image size-large\"><img src=\"https:\/\/www.fraclorraine.org\/wp-content\/uploads\/2022\/09\/PROG_2019_JUIN-OCTOBRE-_ACTIVISME-SPIRITUEL_1-1024x576.png\" alt=\"\" class=\"wp-image-959\"\/><figcaption>\u00a9 C\u00e9line Drouin-Laroche<\/figcaption><\/figure>\n<!-- \/wp:image --><\/div>\n<!-- \/wp:column --><\/div>\n<!-- \/wp:columns -->","_en_post_name":"","_en_post_excerpt":"","_en_post_title":"Spiritual activism and alternative forms of knowledge\ufffc","edit_language":"en"},"tags":[135],"event-type":[132],"saison":[67],"lieu":[371],"class_list":["post-958","evenement","type-evenement","status-publish","hentry","tag-workshop"],"excerpt":{"raw":"","rendered":""},"_links":{"self":[{"href":"https:\/\/www.fraclorraine.org\/en\/wp-json\/wp\/v2\/evenement\/958","targetHints":{"allow":["GET"]}}],"collection":[{"href":"https:\/\/www.fraclorraine.org\/en\/wp-json\/wp\/v2\/evenement"}],"about":[{"href":"https:\/\/www.fraclorraine.org\/en\/wp-json\/wp\/v2\/types\/evenement"}],"wp:attachment":[{"href":"https:\/\/www.fraclorraine.org\/en\/wp-json\/wp\/v2\/media?parent=958"}],"wp:term":[{"taxonomy":"post_tag","embeddable":true,"href":"https:\/\/www.fraclorraine.org\/en\/wp-json\/wp\/v2\/tags?post=958"},{"taxonomy":"event-type","embeddable":true,"href":"https:\/\/www.fraclorraine.org\/en\/wp-json\/wp\/v2\/event-type?post=958"},{"taxonomy":"saison","embeddable":true,"href":"https:\/\/www.fraclorraine.org\/en\/wp-json\/wp\/v2\/saison?post=958"},{"taxonomy":"lieu","embeddable":true,"href":"https:\/\/www.fraclorraine.org\/en\/wp-json\/wp\/v2\/lieu?post=958"}],"curies":[{"name":"wp","href":"https:\/\/api.w.org\/{rel}","templated":true}]}}

<div class="wp-block-columns is-layout-flex wp-container-core-columns-is-layout-9d6595d7 wp-block-columns-is-layout-flex">
<div class="wp-block-column is-layout-flow wp-block-column-is-layout-flow">
<p>● With Camille Back et <a href="https://celinedrouinlaroche.com/" target="_blank" rel="noreferrer noopener">Céline Drouin Laroche</a></p>



<hr class="wp-block-separator has-alpha-channel-opacity"/>



<p>How is it possible to share something intangible (visions, actions, sensations) and the deep knowledge that comes with it? How is it possible to communicate it and make it present? Over the course of two days we will work on devising concrete actions meant to transform existing social conditions.</p>
</div>



<div class="wp-block-column is-layout-flow wp-block-column-is-layout-flow">
<figure class="wp-block-image size-large"><img loading="lazy" decoding="async" width="1024" height="576" src="https://www.fraclorraine.org/wp-content/uploads/2022/09/PROG_2019_JUIN-OCTOBRE-_ACTIVISME-SPIRITUEL_1-1024x576.png" alt="" class="wp-image-959" srcset="https://www.fraclorraine.org/wp-content/uploads/2022/09/PROG_2019_JUIN-OCTOBRE-_ACTIVISME-SPIRITUEL_1-1024x576.png 1024w, https://www.fraclorraine.org/wp-content/uploads/2022/09/PROG_2019_JUIN-OCTOBRE-_ACTIVISME-SPIRITUEL_1-300x169.png 300w, https://www.fraclorraine.org/wp-content/uploads/2022/09/PROG_2019_JUIN-OCTOBRE-_ACTIVISME-SPIRITUEL_1-768x432.png 768w, https://www.fraclorraine.org/wp-content/uploads/2022/09/PROG_2019_JUIN-OCTOBRE-_ACTIVISME-SPIRITUEL_1-1536x864.png 1536w, https://www.fraclorraine.org/wp-content/uploads/2022/09/PROG_2019_JUIN-OCTOBRE-_ACTIVISME-SPIRITUEL_1.png 1920w" sizes="auto, (max-width: 1024px) 100vw, 1024px" /><figcaption>© Céline Drouin-Laroche</figcaption></figure>
</div>
</div>

<!-- wp:columns -->
<div class="wp-block-columns"><!-- wp:column -->
<div class="wp-block-column"><!-- wp:paragraph -->
<p>● With Camille Back et <a href="https://celinedrouinlaroche.com/" target="_blank" rel="noreferrer noopener">Céline Drouin Laroche</a></p>
<!-- /wp:paragraph -->

<!-- wp:separator -->
<hr class="wp-block-separator has-alpha-channel-opacity"/>
<!-- /wp:separator -->

<!-- wp:paragraph -->
<p>How is it possible to share something intangible (visions, actions, sensations) and the deep knowledge that comes with it? How is it possible to communicate it and make it present? Over the course of two days we will work on devising concrete actions meant to transform existing social conditions.</p>
<!-- /wp:paragraph --></div>
<!-- /wp:column -->

<!-- wp:column -->
<div class="wp-block-column"><!-- wp:image {"id":959,"sizeSlug":"large","linkDestination":"none"} -->
<figure class="wp-block-image size-large"><img src="https://www.fraclorraine.org/wp-content/uploads/2022/09/PROG_2019_JUIN-OCTOBRE-_ACTIVISME-SPIRITUEL_1-1024x576.png" alt="" class="wp-image-959"/><figcaption>© Céline Drouin-Laroche</figcaption></figure>
<!-- /wp:image --></div>
<!-- /wp:column --></div>
<!-- /wp:columns -->

<!-- wp:columns -->
<div class="wp-block-columns"><!-- wp:column -->
<div class="wp-block-column"><!-- wp:paragraph -->
<p>● Avec Camille Back et <a href="https://celinedrouinlaroche.com/" target="_blank" rel="noreferrer noopener">Céline Drouin Laroche</a></p>
<!-- /wp:paragraph -->

<!-- wp:paragraph -->
<p>Comment partager quelque chose d’immatériel (visions, actions, sensations…) et la connaissance profonde que cela nous a apportée ? </p>
<!-- /wp:paragraph -->

<!-- wp:paragraph -->
<p>Comment les transmettre et les rendre présentes ? Deux jours pour inventer des actions concrètes destinées à transformer les conditions sociales existantes, avec Camille Back (doctorante en Études hispaniques et en Arts et Médias à l’université Sorbonne Nouvelle – Paris 3) et Céline Drouin Laroche (artiste)</p>
<!-- /wp:paragraph -->

<!-- wp:paragraph -->
<p>Camille Back et Céline Drouin Laroche mènent une recherche commune autour de Gloria Anzaldùa (1942–2004), engagée dans l’élaboration des théories chicanas, queers et féministes décoloniales. Activiste et auteure d’essais, ses fictions et poèmes ont contribué à l’émergence de la théorie queer et à l’introduction de la pensée du mestizaje (métissage) aux États-Unis. </p>
<!-- /wp:paragraph -->

<!-- wp:paragraph -->
<p>Ensemble, elles s’attèlent à créer des moyens de performer cette recherche et de la partager dans un espace qui se préoccupe de lier des pratiques à la théorie et de faire en sorte que la production de formes croise celle des savoirs.</p>
<!-- /wp:paragraph --></div>
<!-- /wp:column -->

<!-- wp:column -->
<div class="wp-block-column"><!-- wp:gallery {"linkTo":"none"} -->
<figure class="wp-block-gallery has-nested-images columns-default is-cropped"><!-- wp:image {"id":959,"sizeSlug":"large","linkDestination":"none"} -->
<figure class="wp-block-image size-large"><img src="https://www.fraclorraine.org/wp-content/uploads/2022/09/PROG_2019_JUIN-OCTOBRE-_ACTIVISME-SPIRITUEL_1.png" alt="" class="wp-image-959"/><figcaption class="wp-element-caption">© Céline Drouin-Laroche</figcaption></figure>
<!-- /wp:image -->

<!-- wp:image {"id":960,"sizeSlug":"large","linkDestination":"none"} -->
<figure class="wp-block-image size-large"><img src="https://www.fraclorraine.org/wp-content/uploads/2022/09/PROG_2019_JUIN-OCTOBRE-_ACTIVISME-SPIRITUEL_2.png" alt="" class="wp-image-960"/><figcaption class="wp-element-caption">© Céline Drouin-Laroche</figcaption></figure>
<!-- /wp:image --></figure>
<!-- /wp:gallery --></div>
<!-- /wp:column --></div>
<!-- /wp:columns -->

<!-- wp:paragraph -->
<p></p>
<!-- /wp:paragraph -->
