{"id":9648,"date":"2026-03-30T14:40:41","date_gmt":"2026-03-30T12:40:41","guid":{"rendered":"https:\/\/www.fraclorraine.org\/?post_type=evenement&#038;p=9648"},"modified":"2026-04-17T12:58:44","modified_gmt":"2026-04-17T10:58:44","slug":"","status":"publish","type":"evenement","link":"https:\/\/www.fraclorraine.org\/en\/evenement\/sous-le-meme-toit\/","title":{"rendered":"","raw":""},"content":{"rendered":"","protected":false,"raw":""},"template":"","meta":{"inline_featured_image":false,"_fr_post_content":"<!-- wp:columns -->\n<div class=\"wp-block-columns\"><!-- wp:column -->\n<div class=\"wp-block-column\"><!-- wp:paragraph -->\n<p>\u25cf Avec un\u00b7e charpentier\u00b7e<\/p>\n<!-- \/wp:paragraph -->\n\n<!-- wp:paragraph -->\n<p>Un artisan charpentier vous propose un parcours singulier de l\u2019exposition color\u00e9 par son exp\u00e9rience dans la fabrication de structures en bois. Venez en apprendre davantage sur les toits qui nous abritent et sur le travail de Beverly Buchanan.<\/p>\n<!-- \/wp:paragraph -->\n\n<!-- wp:paragraph -->\n<p>--<\/p>\n<!-- \/wp:paragraph -->\n\n<!-- wp:paragraph -->\n<p><em>Les visites sont sur r\u00e9servation aupr\u00e8s de <a href=\"mailto:j.mirabito@fraclorraine.org\" target=\"_blank\" rel=\"noreferrer noopener\">j.mirabito@fraclorraine.org<\/a><\/em><\/p>\n<!-- \/wp:paragraph -->\n\n<!-- wp:paragraph -->\n<p><em>La visite du 21 mai sera interpr\u00e9t\u00e9e en LSF. Sur r\u00e9servation, minimum 7 jours \u00e0 l'avance \u00e0 <a href=\"mailto:reservation@fraclorraine.org\" target=\"_blank\" rel=\"noreferrer noopener\">reservation@fraclorraine.org<\/a><\/em><\/p>\n<!-- \/wp:paragraph --><\/div>\n<!-- \/wp:column -->\n\n<!-- wp:column -->\n<div class=\"wp-block-column\"><!-- wp:image {\"id\":9671,\"sizeSlug\":\"full\",\"linkDestination\":\"none\"} -->\n<figure class=\"wp-block-image size-full\"><img src=\"https:\/\/www.fraclorraine.org\/wp-content\/uploads\/2026\/03\/BB0311-min-min-scaled.jpeg\" alt=\"\" class=\"wp-image-9671\"\/><figcaption class=\"wp-element-caption\">Beverly Buchanan, <em>Miss Alice Goes Visiting<\/em>, 2004. Courtesy Estate of Beverly Buchanan et Andrew Edlin Gallery, New York<\/figcaption><\/figure>\n<!-- \/wp:image --><\/div>\n<!-- \/wp:column --><\/div>\n<!-- \/wp:columns -->","_fr_post_name":"sous-le-meme-toit","_fr_post_excerpt":"","_fr_post_title":"Sous le m\u00eame toit","_en_post_content":"","_en_post_name":"","_en_post_excerpt":"","_en_post_title":"","edit_language":"en"},"tags":[7,40,39],"event-type":[231],"saison":[451],"lieu":[371],"class_list":["post-9648","evenement","type-evenement","status-publish","hentry","tag-exposition","tag-visite","tag-visite-subjective"],"excerpt":{"raw":"","rendered":""},"_links":{"self":[{"href":"https:\/\/www.fraclorraine.org\/en\/wp-json\/wp\/v2\/evenement\/9648","targetHints":{"allow":["GET"]}}],"collection":[{"href":"https:\/\/www.fraclorraine.org\/en\/wp-json\/wp\/v2\/evenement"}],"about":[{"href":"https:\/\/www.fraclorraine.org\/en\/wp-json\/wp\/v2\/types\/evenement"}],"wp:attachment":[{"href":"https:\/\/www.fraclorraine.org\/en\/wp-json\/wp\/v2\/media?parent=9648"}],"wp:term":[{"taxonomy":"post_tag","embeddable":true,"href":"https:\/\/www.fraclorraine.org\/en\/wp-json\/wp\/v2\/tags?post=9648"},{"taxonomy":"event-type","embeddable":true,"href":"https:\/\/www.fraclorraine.org\/en\/wp-json\/wp\/v2\/event-type?post=9648"},{"taxonomy":"saison","embeddable":true,"href":"https:\/\/www.fraclorraine.org\/en\/wp-json\/wp\/v2\/saison?post=9648"},{"taxonomy":"lieu","embeddable":true,"href":"https:\/\/www.fraclorraine.org\/en\/wp-json\/wp\/v2\/lieu?post=9648"}],"curies":[{"name":"wp","href":"https:\/\/api.w.org\/{rel}","templated":true}]}}

<!-- wp:columns -->
<div class="wp-block-columns"><!-- wp:column -->
<div class="wp-block-column"><!-- wp:paragraph -->
<p>● Avec un·e charpentier·e</p>
<!-- /wp:paragraph -->

<!-- wp:paragraph -->
<p>Un artisan charpentier vous propose un parcours singulier de l’exposition coloré par son expérience dans la fabrication de structures en bois. Venez en apprendre davantage sur les toits qui nous abritent et sur le travail de Beverly Buchanan.</p>
<!-- /wp:paragraph -->

<!-- wp:paragraph -->
<p>--</p>
<!-- /wp:paragraph -->

<!-- wp:paragraph -->
<p><em>Les visites sont sur réservation auprès de <a href="mailto:j.mirabito@fraclorraine.org" target="_blank" rel="noreferrer noopener">j.mirabito@fraclorraine.org</a></em></p>
<!-- /wp:paragraph -->

<!-- wp:paragraph -->
<p><em>La visite du 21 mai sera interprétée en LSF. Sur réservation, minimum 7 jours à l'avance à <a href="mailto:reservation@fraclorraine.org" target="_blank" rel="noreferrer noopener">reservation@fraclorraine.org</a></em></p>
<!-- /wp:paragraph --></div>
<!-- /wp:column -->

<!-- wp:column -->
<div class="wp-block-column"><!-- wp:image {"id":9671,"sizeSlug":"full","linkDestination":"none"} -->
<figure class="wp-block-image size-full"><img src="https://www.fraclorraine.org/wp-content/uploads/2026/03/BB0311-min-min-scaled.jpeg" alt="" class="wp-image-9671"/><figcaption class="wp-element-caption">Beverly Buchanan, <em>Miss Alice Goes Visiting</em>, 2004. Courtesy Estate of Beverly Buchanan et Andrew Edlin Gallery, New York</figcaption></figure>
<!-- /wp:image --></div>
<!-- /wp:column --></div>
<!-- /wp:columns -->

Sous le même toit
