{"id":9650,"date":"2026-03-30T18:07:16","date_gmt":"2026-03-30T16:07:16","guid":{"rendered":"https:\/\/www.fraclorraine.org\/?post_type=evenement&#038;p=9650"},"modified":"2026-04-24T13:52:25","modified_gmt":"2026-04-24T11:52:25","slug":"","status":"publish","type":"evenement","link":"https:\/\/www.fraclorraine.org\/en\/evenement\/deconstruire-loubli\/","title":{"rendered":"","raw":""},"content":{"rendered":"","protected":false,"raw":""},"template":"","meta":{"inline_featured_image":false,"_fr_post_content":"<!-- wp:columns -->\n<div class=\"wp-block-columns\"><!-- wp:column -->\n<div class=\"wp-block-column\"><!-- wp:paragraph -->\n<p>\u25cf Avec Milena Charbit, chercheuse en architecture, Samia Henni, historienne et chercheuse en architecture, et \u00c9lizabeth Lebovici, historienne de l\u2019art<\/p>\n<!-- \/wp:paragraph -->\n\n<!-- wp:paragraph -->\n<p>Les espaces qui nous entourent et les architectures qui nous orientent fa\u00e7onnent notre mani\u00e8re de vivre. \u00c0 travers leurs recherches respectives sur les architectures coloniales, les archives sensibles et l\u2019histoire des pratiques de l\u2019espace queer, les invit\u00e9es discuteront de la mani\u00e8re dont la m\u00e9moire et l\u2019espace se construisent mutuellement.<\/p>\n<!-- \/wp:paragraph -->\n\n<!-- wp:paragraph -->\n<p>--<\/p>\n<!-- \/wp:paragraph -->\n\n<!-- wp:paragraph -->\n<p><em>En partenariat avec la Maison de l\u2019architecture de Lorraine&nbsp;<\/em><\/p>\n<!-- \/wp:paragraph --><\/div>\n<!-- \/wp:column -->\n\n<!-- wp:column -->\n<div class=\"wp-block-column\"><!-- wp:image {\"id\":695,\"sizeSlug\":\"full\",\"linkDestination\":\"none\"} -->\n<figure class=\"wp-block-image size-full\"><img src=\"https:\/\/www.fraclorraine.org\/wp-content\/uploads\/2022\/08\/INDEX_FERRARI_1_COLLECTION-scaled.jpg\" alt=\"\" class=\"wp-image-695\"\/><figcaption class=\"wp-element-caption\">Le\u00f3n Ferrari, <em>Bairro<\/em>, 1980. Collection 49 Nord 6 Est \u2013 Frac Lorraine, Metz. Photo : R\u00e9mi Villaggi<br><\/figcaption><\/figure>\n<!-- \/wp:image --><\/div>\n<!-- \/wp:column --><\/div>\n<!-- \/wp:columns -->","_fr_post_name":"deconstruire-loubli","_fr_post_excerpt":"","_fr_post_title":"D\u00e9construire l\u2019oubli","_en_post_content":"","_en_post_name":"","_en_post_excerpt":"","_en_post_title":"","edit_language":"en"},"tags":[25,100],"event-type":[93,136],"saison":[451],"lieu":[371],"class_list":["post-9650","evenement","type-evenement","status-publish","hentry","tag-conference","tag-rencontre"],"excerpt":{"raw":"","rendered":""},"_links":{"self":[{"href":"https:\/\/www.fraclorraine.org\/en\/wp-json\/wp\/v2\/evenement\/9650","targetHints":{"allow":["GET"]}}],"collection":[{"href":"https:\/\/www.fraclorraine.org\/en\/wp-json\/wp\/v2\/evenement"}],"about":[{"href":"https:\/\/www.fraclorraine.org\/en\/wp-json\/wp\/v2\/types\/evenement"}],"wp:attachment":[{"href":"https:\/\/www.fraclorraine.org\/en\/wp-json\/wp\/v2\/media?parent=9650"}],"wp:term":[{"taxonomy":"post_tag","embeddable":true,"href":"https:\/\/www.fraclorraine.org\/en\/wp-json\/wp\/v2\/tags?post=9650"},{"taxonomy":"event-type","embeddable":true,"href":"https:\/\/www.fraclorraine.org\/en\/wp-json\/wp\/v2\/event-type?post=9650"},{"taxonomy":"saison","embeddable":true,"href":"https:\/\/www.fraclorraine.org\/en\/wp-json\/wp\/v2\/saison?post=9650"},{"taxonomy":"lieu","embeddable":true,"href":"https:\/\/www.fraclorraine.org\/en\/wp-json\/wp\/v2\/lieu?post=9650"}],"curies":[{"name":"wp","href":"https:\/\/api.w.org\/{rel}","templated":true}]}}

<!-- wp:columns -->
<div class="wp-block-columns"><!-- wp:column -->
<div class="wp-block-column"><!-- wp:paragraph -->
<p>● Avec Milena Charbit, chercheuse en architecture, Samia Henni, historienne et chercheuse en architecture, et Élizabeth Lebovici, historienne de l’art</p>
<!-- /wp:paragraph -->

<!-- wp:paragraph -->
<p>Les espaces qui nous entourent et les architectures qui nous orientent façonnent notre manière de vivre. À travers leurs recherches respectives sur les architectures coloniales, les archives sensibles et l’histoire des pratiques de l’espace queer, les invitées discuteront de la manière dont la mémoire et l’espace se construisent mutuellement.</p>
<!-- /wp:paragraph -->

<!-- wp:paragraph -->
<p>--</p>
<!-- /wp:paragraph -->

<!-- wp:paragraph -->
<p><em>En partenariat avec la Maison de l’architecture de Lorraine&nbsp;</em></p>
<!-- /wp:paragraph --></div>
<!-- /wp:column -->

<!-- wp:column -->
<div class="wp-block-column"><!-- wp:image {"id":695,"sizeSlug":"full","linkDestination":"none"} -->
<figure class="wp-block-image size-full"><img src="https://www.fraclorraine.org/wp-content/uploads/2022/08/INDEX_FERRARI_1_COLLECTION-scaled.jpg" alt="" class="wp-image-695"/><figcaption class="wp-element-caption">León Ferrari, <em>Bairro</em>, 1980. Collection 49 Nord 6 Est – Frac Lorraine, Metz. Photo : Rémi Villaggi<br></figcaption></figure>
<!-- /wp:image --></div>
<!-- /wp:column --></div>
<!-- /wp:columns -->

Déconstruire l’oubli
