{"id":705,"date":"2022-09-01T08:34:49","date_gmt":"2022-09-01T08:34:49","guid":{"rendered":"https:\/\/www.fraclorraine.org\/nouveausite2021\/?post_type=exhibition&#038;p=705"},"modified":"2023-01-12T15:45:55","modified_gmt":"2023-01-12T15:45:55","slug":"","status":"publish","type":"exhibition","link":"https:\/\/www.fraclorraine.org\/en\/exhibition\/couleur-amazonie\/","title":{"rendered":"","raw":""},"content":{"rendered":"","protected":false,"raw":""},"template":"","meta":{"inline_featured_image":false,"_fr_post_content":"<!-- wp:columns -->\n<div class=\"wp-block-columns\"><!-- wp:column -->\n<div class=\"wp-block-column\"><!-- wp:paragraph -->\n<p>\u25cf Avec des \u0153uvres de la collection du 49 Nord 6 Est \u2013 Frac Lorraine de Agn\u00e8s&nbsp;Denes, Pascal&nbsp;Duthoit, Julie C.&nbsp;Fortier, Maria&nbsp;Laet, Susana&nbsp;Mejia<\/p>\n<!-- \/wp:paragraph -->\n\n<!-- wp:paragraph -->\n<p>Les artistes pr\u00e9sent\u00e9s dans <em>Couleur Amazonie<\/em> se distinguent par l\u2019attention qu\u2019ils portent aux arbres.<\/p>\n<!-- \/wp:paragraph -->\n\n<!-- wp:paragraph -->\n<p>Les \u0153uvres de Pascal Duthoit, Susana Mejia et Julie C. Fortier font p\u00e9n\u00e9trer dans les couleurs, les odeurs et les myst\u00e8res de la for\u00eat. Quant aux propositions po\u00e9tiques d\u2019Agn\u00e8s Denes et Maria Laet, elles sont li\u00e9es \u00e0 la notion de \u00ab care \u00bb ou l\u2019id\u00e9e de \u00ab prendre soin \u00bb des arbres. Nous ne d\u00e9fendons pas la nature, nous sommes la nature qui se d\u00e9fend !<\/p>\n<!-- \/wp:paragraph --><\/div>\n<!-- \/wp:column -->\n\n<!-- wp:column -->\n<div class=\"wp-block-column\"><!-- wp:image {\"id\":706,\"sizeSlug\":\"large\",\"linkDestination\":\"none\"} -->\n<figure class=\"wp-block-image size-large\"><img src=\"https:\/\/www.fraclorraine.org\/wp-content\/uploads\/2022\/09\/INDEX_DENES_1_COLLECTION-677x1024.jpg\" alt=\"\" class=\"wp-image-706\"\/><figcaption class=\"wp-element-caption\">Agnes Denes, <em>Rice \/Tree \/Burial<\/em>, 1977\/2012 <br>Collection 49 Nord 6 Est - Frac Lorraine, Metz (FR) \u00a9 A. Denes <\/figcaption><\/figure>\n<!-- \/wp:image --><\/div>\n<!-- \/wp:column --><\/div>\n<!-- \/wp:columns -->","_fr_post_name":"couleur-amazonie","_fr_post_excerpt":"","_fr_post_title":"Couleur Amazonie\ufffc","_en_post_content":"","_en_post_name":"","_en_post_excerpt":"","_en_post_title":"","edit_language":"en"},"tags":[7,41],"event-type":[42],"saison":[78],"lieu":[373],"class_list":["post-705","exhibition","type-exhibition","status-publish","hentry","tag-exposition","tag-hors-les-murs"],"excerpt":{"raw":"","rendered":""},"_links":{"self":[{"href":"https:\/\/www.fraclorraine.org\/en\/wp-json\/wp\/v2\/exhibition\/705","targetHints":{"allow":["GET"]}}],"collection":[{"href":"https:\/\/www.fraclorraine.org\/en\/wp-json\/wp\/v2\/exhibition"}],"about":[{"href":"https:\/\/www.fraclorraine.org\/en\/wp-json\/wp\/v2\/types\/exhibition"}],"wp:attachment":[{"href":"https:\/\/www.fraclorraine.org\/en\/wp-json\/wp\/v2\/media?parent=705"}],"wp:term":[{"taxonomy":"post_tag","embeddable":true,"href":"https:\/\/www.fraclorraine.org\/en\/wp-json\/wp\/v2\/tags?post=705"},{"taxonomy":"event-type","embeddable":true,"href":"https:\/\/www.fraclorraine.org\/en\/wp-json\/wp\/v2\/event-type?post=705"},{"taxonomy":"saison","embeddable":true,"href":"https:\/\/www.fraclorraine.org\/en\/wp-json\/wp\/v2\/saison?post=705"},{"taxonomy":"lieu","embeddable":true,"href":"https:\/\/www.fraclorraine.org\/en\/wp-json\/wp\/v2\/lieu?post=705"}],"curies":[{"name":"wp","href":"https:\/\/api.w.org\/{rel}","templated":true}]}}

<!-- wp:columns -->
<div class="wp-block-columns"><!-- wp:column -->
<div class="wp-block-column"><!-- wp:paragraph -->
<p>● Avec des œuvres de la collection du 49 Nord 6 Est – Frac Lorraine de Agnès&nbsp;Denes, Pascal&nbsp;Duthoit, Julie C.&nbsp;Fortier, Maria&nbsp;Laet, Susana&nbsp;Mejia</p>
<!-- /wp:paragraph -->

<!-- wp:paragraph -->
<p>Les artistes présentés dans <em>Couleur Amazonie</em> se distinguent par l’attention qu’ils portent aux arbres.</p>
<!-- /wp:paragraph -->

<!-- wp:paragraph -->
<p>Les œuvres de Pascal Duthoit, Susana Mejia et Julie C. Fortier font pénétrer dans les couleurs, les odeurs et les mystères de la forêt. Quant aux propositions poétiques d’Agnès Denes et Maria Laet, elles sont liées à la notion de « care » ou l’idée de « prendre soin » des arbres. Nous ne défendons pas la nature, nous sommes la nature qui se défend !</p>
<!-- /wp:paragraph --></div>
<!-- /wp:column -->

<!-- wp:column -->
<div class="wp-block-column"><!-- wp:image {"id":706,"sizeSlug":"large","linkDestination":"none"} -->
<figure class="wp-block-image size-large"><img src="https://www.fraclorraine.org/wp-content/uploads/2022/09/INDEX_DENES_1_COLLECTION-677x1024.jpg" alt="" class="wp-image-706"/><figcaption class="wp-element-caption">Agnes Denes, <em>Rice /Tree /Burial</em>, 1977/2012 <br>Collection 49 Nord 6 Est - Frac Lorraine, Metz (FR) © A. Denes </figcaption></figure>
<!-- /wp:image --></div>
<!-- /wp:column --></div>
<!-- /wp:columns -->
