{"id":781,"date":"2022-09-02T08:27:46","date_gmt":"2022-09-02T08:27:46","guid":{"rendered":"https:\/\/www.fraclorraine.org\/nouveausite2021\/?post_type=exhibition&#038;p=781"},"modified":"2023-01-12T15:38:16","modified_gmt":"2023-01-12T15:38:16","slug":"","status":"publish","type":"exhibition","link":"https:\/\/www.fraclorraine.org\/en\/exhibition\/leau-na-pas-dennemi\/","title":{"rendered":"","raw":""},"content":{"rendered":"","protected":false,"raw":""},"template":"","meta":{"inline_featured_image":false,"_fr_post_content":"<!-- wp:columns -->\n<div class=\"wp-block-columns\"><!-- wp:column -->\n<div class=\"wp-block-column\"><!-- wp:paragraph -->\n<p>\u25cf  Exposition \u00e0 l\u2019initiative du Pr\u00e9au de Max\u00e9ville et du 49 Nord 6 Est \u2013 Frac Lorraine, avec des \u0153uvres d\u2019Estelle Chr\u00e9tien et des collections des 3 Frac du Grand Est de Jennifer Douzenel, Mireille Gros, Otobong Nkanga, Younes Rahmoun et Robin Rhode<\/p>\n<!-- \/wp:paragraph -->\n\n<!-- wp:paragraph -->\n<p>Tirant son titre d\u2019un proverbe <em>yoruba<\/em>, l\u2019exposition <em>L\u2019eau n\u2019a pas d\u2019ennemi<\/em> interroge la relation paradoxale que nous entretenons avec la nature. <\/p>\n<!-- \/wp:paragraph -->\n\n<!-- wp:paragraph -->\n<p>Celle que l\u2019on appelle Asase Ya ou Ga\u00efa est \u00e0 la fois consid\u00e9r\u00e9e comme une force mystique qui suscite l\u2019admiration, et comme une ressource destin\u00e9e \u00e0 \u00eatre r\u00e9gul\u00e9e et exploit\u00e9e. Sans se limiter \u00e0 une vision occidentale, l\u2019exposition pr\u00e9sente des \u0153uvres qui pr\u00eatent attention aux pierres, \u00e0 l\u2019eau, aux graines, aux feuilles et aux racines. La nature est ici vue comme une composante active, qui impose sa puissance et inspire le respect.<\/p>\n<!-- \/wp:paragraph --><\/div>\n<!-- \/wp:column -->\n\n<!-- wp:column -->\n<div class=\"wp-block-column\"><!-- wp:image {\"id\":782,\"sizeSlug\":\"full\",\"linkDestination\":\"none\"} -->\n<figure class=\"wp-block-image size-full\"><img src=\"https:\/\/www.fraclorraine.org\/wp-content\/uploads\/2022\/09\/HLM_2019_MAXEVILLE_L-EAU-N-A-PAS-D-ENNEMIS_1.jpg\" alt=\"\" class=\"wp-image-782\"\/><figcaption class=\"wp-element-caption\">\u00a9 Estelle Chr\u00e9tien\n<\/figcaption><\/figure>\n<!-- \/wp:image --><\/div>\n<!-- \/wp:column --><\/div>\n<!-- \/wp:columns -->","_fr_post_name":"leau-na-pas-dennemi","_fr_post_excerpt":"","_fr_post_title":"L\u2019Eau n\u2019a pas d\u2019ennemi","_en_post_content":"","_en_post_name":"","_en_post_excerpt":"","_en_post_title":"","edit_language":"en"},"tags":[7,41],"event-type":[42],"saison":[47],"lieu":[373],"class_list":["post-781","exhibition","type-exhibition","status-publish","hentry","tag-exposition","tag-hors-les-murs"],"excerpt":{"raw":"","rendered":""},"_links":{"self":[{"href":"https:\/\/www.fraclorraine.org\/en\/wp-json\/wp\/v2\/exhibition\/781","targetHints":{"allow":["GET"]}}],"collection":[{"href":"https:\/\/www.fraclorraine.org\/en\/wp-json\/wp\/v2\/exhibition"}],"about":[{"href":"https:\/\/www.fraclorraine.org\/en\/wp-json\/wp\/v2\/types\/exhibition"}],"wp:attachment":[{"href":"https:\/\/www.fraclorraine.org\/en\/wp-json\/wp\/v2\/media?parent=781"}],"wp:term":[{"taxonomy":"post_tag","embeddable":true,"href":"https:\/\/www.fraclorraine.org\/en\/wp-json\/wp\/v2\/tags?post=781"},{"taxonomy":"event-type","embeddable":true,"href":"https:\/\/www.fraclorraine.org\/en\/wp-json\/wp\/v2\/event-type?post=781"},{"taxonomy":"saison","embeddable":true,"href":"https:\/\/www.fraclorraine.org\/en\/wp-json\/wp\/v2\/saison?post=781"},{"taxonomy":"lieu","embeddable":true,"href":"https:\/\/www.fraclorraine.org\/en\/wp-json\/wp\/v2\/lieu?post=781"}],"curies":[{"name":"wp","href":"https:\/\/api.w.org\/{rel}","templated":true}]}}

<!-- wp:columns -->
<div class="wp-block-columns"><!-- wp:column -->
<div class="wp-block-column"><!-- wp:paragraph -->
<p>●  Exposition à l’initiative du Préau de Maxéville et du 49 Nord 6 Est – Frac Lorraine, avec des œuvres d’Estelle Chrétien et des collections des 3 Frac du Grand Est de Jennifer Douzenel, Mireille Gros, Otobong Nkanga, Younes Rahmoun et Robin Rhode</p>
<!-- /wp:paragraph -->

<!-- wp:paragraph -->
<p>Tirant son titre d’un proverbe <em>yoruba</em>, l’exposition <em>L’eau n’a pas d’ennemi</em> interroge la relation paradoxale que nous entretenons avec la nature. </p>
<!-- /wp:paragraph -->

<!-- wp:paragraph -->
<p>Celle que l’on appelle Asase Ya ou Gaïa est à la fois considérée comme une force mystique qui suscite l’admiration, et comme une ressource destinée à être régulée et exploitée. Sans se limiter à une vision occidentale, l’exposition présente des œuvres qui prêtent attention aux pierres, à l’eau, aux graines, aux feuilles et aux racines. La nature est ici vue comme une composante active, qui impose sa puissance et inspire le respect.</p>
<!-- /wp:paragraph --></div>
<!-- /wp:column -->

<!-- wp:column -->
<div class="wp-block-column"><!-- wp:image {"id":782,"sizeSlug":"full","linkDestination":"none"} -->
<figure class="wp-block-image size-full"><img src="https://www.fraclorraine.org/wp-content/uploads/2022/09/HLM_2019_MAXEVILLE_L-EAU-N-A-PAS-D-ENNEMIS_1.jpg" alt="" class="wp-image-782"/><figcaption class="wp-element-caption">© Estelle Chrétien
</figcaption></figure>
<!-- /wp:image --></div>
<!-- /wp:column --></div>
<!-- /wp:columns -->
