{"id":7829,"date":"2023-07-17T11:41:06","date_gmt":"2023-07-17T09:41:06","guid":{"rendered":"https:\/\/www.fraclorraine.org\/?post_type=exhibition&#038;p=7829"},"modified":"2024-07-04T19:01:19","modified_gmt":"2024-07-04T17:01:19","slug":"","status":"publish","type":"exhibition","link":"https:\/\/www.fraclorraine.org\/en\/exhibition\/medias-memoires-artefacts\/","title":{"rendered":"","raw":""},"content":{"rendered":"","protected":false,"raw":""},"template":"","meta":{"inline_featured_image":false,"_fr_post_content":"<!-- wp:columns -->\n<div class=\"wp-block-columns\"><!-- wp:column -->\n<div class=\"wp-block-column\"><!-- wp:paragraph -->\n<p>\u25cf Avec des \u0153uvres de la collection du 49 Nord<br>6 Est \u2013 Frac Lorraine de Claire Fontaine, Georgie Nettell, Nil Yalter et Nicole Croiset et l\u2019artiste invit\u00e9e Cristina Escobar<\/p>\n<!-- \/wp:paragraph -->\n\n<!-- wp:paragraph -->\n<p><em>M\u00e9dias, m\u00e9moires\u2009: artefacts<\/em> interroge nos rapports \u00e0 l\u2019information et \u00e0 ses supports de diffusion. Les m\u00e9dias participent \u00e0 l\u2019\u00e9laboration de r\u00e9cits communs et, par-del\u00e0, d\u2019une m\u00e9moire collective qu\u2019il s\u2019agit de mettre en perspective et de s\u2019approprier.<\/p>\n<!-- \/wp:paragraph --><\/div>\n<!-- \/wp:column -->\n\n<!-- wp:column -->\n<div class=\"wp-block-column\"><!-- wp:image {\"id\":7830,\"sizeSlug\":\"large\",\"linkDestination\":\"none\"} -->\n<figure class=\"wp-block-image size-large\"><img src=\"https:\/\/www.fraclorraine.org\/wp-content\/uploads\/2023\/07\/HLM_2023_FAMECK_MEDIA_MEMOIRES_ARTEFACTS-1024x682.jpeg\" alt=\"\" class=\"wp-image-7830\"\/><figcaption class=\"wp-element-caption\">Claire Fontaine, <em>Newsfloor (Lib\u00e9ration)<\/em>, 2019, vue d\u2019exposition \u00ab Les printemps seront silencieux \u00bb, Confort moderne, Poitiers 2019. Photo Aur\u00e9lien Mole<\/figcaption><\/figure>\n<!-- \/wp:image --><\/div>\n<!-- \/wp:column --><\/div>\n<!-- \/wp:columns -->","_fr_post_name":"medias-memoires-artefacts","_fr_post_excerpt":"","_fr_post_title":"M\u00e9dias, m\u00e9moires\u2009: artefacts","_en_post_content":"","_en_post_name":"","_en_post_excerpt":"","_en_post_title":"","edit_language":"en"},"tags":[41],"event-type":[42],"saison":[397],"lieu":[373],"class_list":["post-7829","exhibition","type-exhibition","status-publish","hentry","tag-hors-les-murs"],"excerpt":{"raw":"","rendered":""},"_links":{"self":[{"href":"https:\/\/www.fraclorraine.org\/en\/wp-json\/wp\/v2\/exhibition\/7829","targetHints":{"allow":["GET"]}}],"collection":[{"href":"https:\/\/www.fraclorraine.org\/en\/wp-json\/wp\/v2\/exhibition"}],"about":[{"href":"https:\/\/www.fraclorraine.org\/en\/wp-json\/wp\/v2\/types\/exhibition"}],"wp:attachment":[{"href":"https:\/\/www.fraclorraine.org\/en\/wp-json\/wp\/v2\/media?parent=7829"}],"wp:term":[{"taxonomy":"post_tag","embeddable":true,"href":"https:\/\/www.fraclorraine.org\/en\/wp-json\/wp\/v2\/tags?post=7829"},{"taxonomy":"event-type","embeddable":true,"href":"https:\/\/www.fraclorraine.org\/en\/wp-json\/wp\/v2\/event-type?post=7829"},{"taxonomy":"saison","embeddable":true,"href":"https:\/\/www.fraclorraine.org\/en\/wp-json\/wp\/v2\/saison?post=7829"},{"taxonomy":"lieu","embeddable":true,"href":"https:\/\/www.fraclorraine.org\/en\/wp-json\/wp\/v2\/lieu?post=7829"}],"curies":[{"name":"wp","href":"https:\/\/api.w.org\/{rel}","templated":true}]}}

<!-- wp:columns -->
<div class="wp-block-columns"><!-- wp:column -->
<div class="wp-block-column"><!-- wp:paragraph -->
<p>● Avec des œuvres de la collection du 49 Nord<br>6 Est – Frac Lorraine de Claire Fontaine, Georgie Nettell, Nil Yalter et Nicole Croiset et l’artiste invitée Cristina Escobar</p>
<!-- /wp:paragraph -->

<!-- wp:paragraph -->
<p><em>Médias, mémoires : artefacts</em> interroge nos rapports à l’information et à ses supports de diffusion. Les médias participent à l’élaboration de récits communs et, par-delà, d’une mémoire collective qu’il s’agit de mettre en perspective et de s’approprier.</p>
<!-- /wp:paragraph --></div>
<!-- /wp:column -->

<!-- wp:column -->
<div class="wp-block-column"><!-- wp:image {"id":7830,"sizeSlug":"large","linkDestination":"none"} -->
<figure class="wp-block-image size-large"><img src="https://www.fraclorraine.org/wp-content/uploads/2023/07/HLM_2023_FAMECK_MEDIA_MEMOIRES_ARTEFACTS-1024x682.jpeg" alt="" class="wp-image-7830"/><figcaption class="wp-element-caption">Claire Fontaine, <em>Newsfloor (Libération)</em>, 2019, vue d’exposition « Les printemps seront silencieux », Confort moderne, Poitiers 2019. Photo Aurélien Mole</figcaption></figure>
<!-- /wp:image --></div>
<!-- /wp:column --></div>
<!-- /wp:columns -->

Médias, mémoires : artefacts
