{"id":783,"date":"2022-09-02T08:36:24","date_gmt":"2022-09-02T08:36:24","guid":{"rendered":"https:\/\/www.fraclorraine.org\/nouveausite2021\/?post_type=exhibition&#038;p=783"},"modified":"2023-01-12T15:38:55","modified_gmt":"2023-01-12T15:38:55","slug":"","status":"publish","type":"exhibition","link":"https:\/\/www.fraclorraine.org\/en\/exhibition\/le-monde-nomade\/","title":{"rendered":"","raw":""},"content":{"rendered":"","protected":false,"raw":""},"template":"","meta":{"inline_featured_image":false,"_fr_post_content":"<!-- wp:columns -->\n<div class=\"wp-block-columns\"><!-- wp:column -->\n<div class=\"wp-block-column\"><!-- wp:paragraph -->\n<p>\u25cf  Exposition avec des \u0153uvres de la collection du Frac Lorraine d'Armelle Caron, Julien Discrit, Marco Godinho, Isabelle Krieg, David Renaud, \u00c0ngels Rib\u00e9<\/p>\n<!-- \/wp:paragraph -->\n\n<!-- wp:paragraph -->\n<p>Pourquoi existe-t-il des fronti\u00e8res ? Pourquoi avoir cr\u00e9\u00e9 de toute pi\u00e8ce des lignes temporaires, arbitraires, que les langues et les peuples ne cessent de d\u00e9faire ? Les \u0153uvres pr\u00e9sent\u00e9es dans cette exposition abordent les questions d\u2019appartenance \u00e0 un territoire et les mouvements de populations. Elles proposent d\u2019autres fa\u00e7ons de repr\u00e9senter le monde.<\/p>\n<!-- \/wp:paragraph --><\/div>\n<!-- \/wp:column -->\n\n<!-- wp:column -->\n<div class=\"wp-block-column\"><!-- wp:image {\"id\":758,\"sizeSlug\":\"large\",\"linkDestination\":\"none\"} -->\n<figure class=\"wp-block-image size-large\"><img src=\"https:\/\/www.fraclorraine.org\/wp-content\/uploads\/2022\/09\/INDEX_GODINHO_2_COLLECTION-1024x768.jpg\" alt=\"\" class=\"wp-image-758\"\/><figcaption class=\"wp-element-caption\">Marco Godinho, <em>Le monde nomade #1,<\/em> 2006. Collection 49 Nord 6 Est \u2013 Frac Lorraine, Metz (FR) \u00a9 Marco Godinho <\/figcaption><\/figure>\n<!-- \/wp:image --><\/div>\n<!-- \/wp:column --><\/div>\n<!-- \/wp:columns -->","_fr_post_name":"le-monde-nomade","_fr_post_excerpt":"","_fr_post_title":"Le Monde nomade","_en_post_content":"","_en_post_name":"","_en_post_excerpt":"","_en_post_title":"","edit_language":"en"},"tags":[7,41],"event-type":[42],"saison":[49],"lieu":[373],"class_list":["post-783","exhibition","type-exhibition","status-publish","hentry","tag-exposition","tag-hors-les-murs"],"excerpt":{"raw":"","rendered":""},"_links":{"self":[{"href":"https:\/\/www.fraclorraine.org\/en\/wp-json\/wp\/v2\/exhibition\/783","targetHints":{"allow":["GET"]}}],"collection":[{"href":"https:\/\/www.fraclorraine.org\/en\/wp-json\/wp\/v2\/exhibition"}],"about":[{"href":"https:\/\/www.fraclorraine.org\/en\/wp-json\/wp\/v2\/types\/exhibition"}],"wp:attachment":[{"href":"https:\/\/www.fraclorraine.org\/en\/wp-json\/wp\/v2\/media?parent=783"}],"wp:term":[{"taxonomy":"post_tag","embeddable":true,"href":"https:\/\/www.fraclorraine.org\/en\/wp-json\/wp\/v2\/tags?post=783"},{"taxonomy":"event-type","embeddable":true,"href":"https:\/\/www.fraclorraine.org\/en\/wp-json\/wp\/v2\/event-type?post=783"},{"taxonomy":"saison","embeddable":true,"href":"https:\/\/www.fraclorraine.org\/en\/wp-json\/wp\/v2\/saison?post=783"},{"taxonomy":"lieu","embeddable":true,"href":"https:\/\/www.fraclorraine.org\/en\/wp-json\/wp\/v2\/lieu?post=783"}],"curies":[{"name":"wp","href":"https:\/\/api.w.org\/{rel}","templated":true}]}}

<!-- wp:columns -->
<div class="wp-block-columns"><!-- wp:column -->
<div class="wp-block-column"><!-- wp:paragraph -->
<p>●  Exposition avec des œuvres de la collection du Frac Lorraine d'Armelle Caron, Julien Discrit, Marco Godinho, Isabelle Krieg, David Renaud, Àngels Ribé</p>
<!-- /wp:paragraph -->

<!-- wp:paragraph -->
<p>Pourquoi existe-t-il des frontières ? Pourquoi avoir créé de toute pièce des lignes temporaires, arbitraires, que les langues et les peuples ne cessent de défaire ? Les œuvres présentées dans cette exposition abordent les questions d’appartenance à un territoire et les mouvements de populations. Elles proposent d’autres façons de représenter le monde.</p>
<!-- /wp:paragraph --></div>
<!-- /wp:column -->

<!-- wp:column -->
<div class="wp-block-column"><!-- wp:image {"id":758,"sizeSlug":"large","linkDestination":"none"} -->
<figure class="wp-block-image size-large"><img src="https://www.fraclorraine.org/wp-content/uploads/2022/09/INDEX_GODINHO_2_COLLECTION-1024x768.jpg" alt="" class="wp-image-758"/><figcaption class="wp-element-caption">Marco Godinho, <em>Le monde nomade #1,</em> 2006. Collection 49 Nord 6 Est – Frac Lorraine, Metz (FR) © Marco Godinho </figcaption></figure>
<!-- /wp:image --></div>
<!-- /wp:column --></div>
<!-- /wp:columns -->
