{"id":798,"date":"2022-09-02T10:32:55","date_gmt":"2022-09-02T10:32:55","guid":{"rendered":"https:\/\/www.fraclorraine.org\/nouveausite2021\/?post_type=exhibition&#038;p=798"},"modified":"2023-01-12T15:41:08","modified_gmt":"2023-01-12T15:41:08","slug":"","status":"publish","type":"exhibition","link":"https:\/\/www.fraclorraine.org\/en\/exhibition\/ecotopia-2\/","title":{"rendered":"","raw":""},"content":{"rendered":"","protected":false,"raw":""},"template":"","meta":{"inline_featured_image":false,"_fr_post_content":"<!-- wp:columns -->\n<div class=\"wp-block-columns\"><!-- wp:column -->\n<div class=\"wp-block-column\"><!-- wp:paragraph -->\n<p>\u25cf Avec des naturalias de la salle des collections de Pix\u00e9r\u00e9court et des \u0153uvres de la collection du 49 Nord 6 Est \u2013 Frac Lorraine de Marta Caradec, Thomas Gr\u00fcnfeld, Maria Laet, Suzanne Treister et Charwei Tsai<\/p>\n<!-- \/wp:paragraph -->\n\n<!-- wp:paragraph -->\n<p>L\u2019exposition&nbsp;<em>Ecotopia<\/em>&nbsp;reprend la forme du cabinet de curiosit\u00e9 pour l\u2019aborder sous un angle critique. Que r\u00e9v\u00e8lent ces lieux, o\u00f9 l\u2019on expose des objets h\u00e9t\u00e9roclites et in\u00e9dits, de notre rapport au monde ? <\/p>\n<!-- \/wp:paragraph -->\n\n<!-- wp:paragraph -->\n<p>Les squelettes, graines, pierres, animaux naturalis\u00e9s et instruments scientifiques pr\u00e9sent\u00e9s ici sont des t\u00e9moins de l\u2019environnement lorrain. Ils sont associ\u00e9s \u00e0 des \u0153uvres d\u2019artistes questionnant la condition animale (Gr\u00fcnfeld), l\u2019hybridation des cultures (Caradec), l\u2019\u00e9cof\u00e9minisme (Laet) ou encore les croyances mystiques traditionnelles (Pontet, Tsai, Treister). L\u2019ambition universaliste et imp\u00e9rialiste des cabinets de curiosit\u00e9 de la Renaissance dispara\u00eet ici au profit de la proximit\u00e9 et d\u2019une lecture actuelle du monde.<\/p>\n<!-- \/wp:paragraph -->\n\n<!-- wp:paragraph {\"fontSize\":\"small\"} -->\n<p class=\"has-small-font-size\">\u21b3 Dans le cadre du projet Ecotopia, propos\u00e9 par les 3 FRAC et 14 lyc\u00e9es agricoles du Grand Est<br>\u21b3 Le projet Ecotopia sur les r\u00e9seaux sociaux <a rel=\"noreferrer noopener\" href=\"https:\/\/www.facebook.com\/ecotopiagrandest\" target=\"_blank\">Facebook<\/a> \/ <a rel=\"noreferrer noopener\" href=\"https:\/\/www.instagram.com\/ecotopiagrandest\/\" data-type=\"URL\" data-id=\"https:\/\/www.instagram.com\/ecotopiagrandest\/\" target=\"_blank\">Instagram<\/a><\/p>\n<!-- \/wp:paragraph --><\/div>\n<!-- \/wp:column -->\n\n<!-- wp:column -->\n<div class=\"wp-block-column\"><!-- wp:image {\"id\":722,\"sizeSlug\":\"large\",\"linkDestination\":\"none\"} -->\n<figure class=\"wp-block-image size-large\"><img src=\"https:\/\/www.fraclorraine.org\/wp-content\/uploads\/2022\/09\/INDEX_CARADEC_1_COLLECTION-1024x731.jpg\" alt=\"\" class=\"wp-image-722\"\/><figcaption class=\"wp-element-caption\">Marta Caradec , <em>Metz en Alg\u00e9rie, Akbou<\/em>, 1, 2012 Collection 49 Nord 6 Est \u2013 Frac Lorraine, Metz  Photo : R. Villaggi \u00a9 M. Caradec<\/figcaption><\/figure>\n<!-- \/wp:image --><\/div>\n<!-- \/wp:column --><\/div>\n<!-- \/wp:columns -->\n\n<!-- wp:gallery {\"linkTo\":\"none\"} -->\n<figure class=\"wp-block-gallery has-nested-images columns-default is-cropped\"><!-- wp:image {\"id\":799,\"sizeSlug\":\"large\",\"linkDestination\":\"none\"} -->\n<figure class=\"wp-block-image size-large\"><img src=\"https:\/\/www.fraclorraine.org\/wp-content\/uploads\/2022\/09\/HLM_2021_PIXERECOURT_ECOTOPIA_1-1024x537.jpg\" alt=\"\" class=\"wp-image-799\"\/><figcaption class=\"wp-element-caption\">\u00a9 Jean Chauvelot, C\u00e9line Kriebs\n<\/figcaption><\/figure>\n<!-- \/wp:image --><\/figure>\n<!-- \/wp:gallery -->\n\n<!-- wp:columns -->\n<div class=\"wp-block-columns\"><!-- wp:column -->\n<div class=\"wp-block-column\"><\/div>\n<!-- \/wp:column -->\n\n<!-- wp:column -->\n<div class=\"wp-block-column\"><\/div>\n<!-- \/wp:column --><\/div>\n<!-- \/wp:columns -->\n\n<!-- wp:paragraph -->\n<p>\u25cf ECOTOPIA<\/p>\n<!-- \/wp:paragraph -->\n\n<!-- wp:paragraph -->\n<p>Le projet <em>Ecotopia<\/em> part d\u2019une rencontre naturelle entre les 3&nbsp;FRAC&nbsp;et 12 lyc\u00e9es agricoles du Grand Est, r\u00e9unis pour la premi\u00e8re fois depuis la cr\u00e9ation de la r\u00e9gion Grand Est. Ensemble, ils proposent un \u00e9ventail d\u2019exp\u00e9riences artistiques, qui se d\u00e9ploie bien au-del\u00e0 du domaine des arts visuels. Ce projet vise \u00e0 exp\u00e9rimenter, interpeller les sciences sociales comme les sciences naturelles, lier les domaines artistiques et techniques, sur un mode pluridisciplinaire et collectif.<\/p>\n<!-- \/wp:paragraph -->\n\n<!-- wp:paragraph -->\n<p>Le projet <em>Ecotopia<\/em> renvoie aux convictions et aux probl\u00e9matiques environnementales soulev\u00e9es dans l\u2019enseignement agricole. Il est en prise directe avec les mutations profondes qui touchent l\u2019agriculture et les territoires ruraux, en partie caus\u00e9es par la crise climatique actuelle. Pour limiter notre impact \u00e9cologique, nous nous trouvons aujourd\u2019hui face \u00e0 la n\u00e9cessit\u00e9 d\u2019une remise en cause radicale de notre soci\u00e9t\u00e9, des moyens de production jusqu\u2019\u00e0 nos modes d\u2019alimentations. Les acteurs et actrices du monde agricole sont parmi les populations les plus touch\u00e9es par les changements climatiques et soci\u00e9taux qui en d\u00e9coulent.<\/p>\n<!-- \/wp:paragraph -->\n\n<!-- wp:paragraph -->\n<p>Sans catastrophisme ou pessimisme, le projet <em>Ecotopia<\/em> se concentre sur le lien \u00e9troit qui existe entre climat social et climat environnemental. Empruntant son titre au roman d\u2019anticipation d\u2019Ernest Callenbach (1975), il envisage un monde davantage centr\u00e9 sur le respect et la coop\u00e9ration.<\/p>\n<!-- \/wp:paragraph -->\n\n<!-- wp:paragraph -->\n<p>Sans catastrophisme ou pessimisme, le projet Ecotopia se concentre sur le lien \u00e9troit qui existe entre climat social et climat environnemental. Empruntant son titre au roman d\u2019anticipation d\u2019Ernest Callenbach (1975), il envisage un monde davantage centr\u00e9 sur le respect et la coop\u00e9ration.<\/p>\n<!-- \/wp:paragraph -->","_fr_post_name":"ecotopia-2","_fr_post_excerpt":"","_fr_post_title":"Ecotopia","_en_post_content":"","_en_post_name":"","_en_post_excerpt":"","_en_post_title":"","edit_language":"en"},"tags":[85,7,41],"event-type":[42],"saison":[46],"lieu":[373],"class_list":["post-798","exhibition","type-exhibition","status-publish","hentry","tag-ecotopia","tag-exposition","tag-hors-les-murs"],"excerpt":{"raw":"","rendered":""},"_links":{"self":[{"href":"https:\/\/www.fraclorraine.org\/en\/wp-json\/wp\/v2\/exhibition\/798","targetHints":{"allow":["GET"]}}],"collection":[{"href":"https:\/\/www.fraclorraine.org\/en\/wp-json\/wp\/v2\/exhibition"}],"about":[{"href":"https:\/\/www.fraclorraine.org\/en\/wp-json\/wp\/v2\/types\/exhibition"}],"wp:attachment":[{"href":"https:\/\/www.fraclorraine.org\/en\/wp-json\/wp\/v2\/media?parent=798"}],"wp:term":[{"taxonomy":"post_tag","embeddable":true,"href":"https:\/\/www.fraclorraine.org\/en\/wp-json\/wp\/v2\/tags?post=798"},{"taxonomy":"event-type","embeddable":true,"href":"https:\/\/www.fraclorraine.org\/en\/wp-json\/wp\/v2\/event-type?post=798"},{"taxonomy":"saison","embeddable":true,"href":"https:\/\/www.fraclorraine.org\/en\/wp-json\/wp\/v2\/saison?post=798"},{"taxonomy":"lieu","embeddable":true,"href":"https:\/\/www.fraclorraine.org\/en\/wp-json\/wp\/v2\/lieu?post=798"}],"curies":[{"name":"wp","href":"https:\/\/api.w.org\/{rel}","templated":true}]}}

<!-- wp:columns -->
<div class="wp-block-columns"><!-- wp:column -->
<div class="wp-block-column"><!-- wp:paragraph -->
<p>● Avec des naturalias de la salle des collections de Pixérécourt et des œuvres de la collection du 49 Nord 6 Est – Frac Lorraine de Marta Caradec, Thomas Grünfeld, Maria Laet, Suzanne Treister et Charwei Tsai</p>
<!-- /wp:paragraph -->

<!-- wp:paragraph -->
<p>L’exposition&nbsp;<em>Ecotopia</em>&nbsp;reprend la forme du cabinet de curiosité pour l’aborder sous un angle critique. Que révèlent ces lieux, où l’on expose des objets hétéroclites et inédits, de notre rapport au monde ? </p>
<!-- /wp:paragraph -->

<!-- wp:paragraph -->
<p>Les squelettes, graines, pierres, animaux naturalisés et instruments scientifiques présentés ici sont des témoins de l’environnement lorrain. Ils sont associés à des œuvres d’artistes questionnant la condition animale (Grünfeld), l’hybridation des cultures (Caradec), l’écoféminisme (Laet) ou encore les croyances mystiques traditionnelles (Pontet, Tsai, Treister). L’ambition universaliste et impérialiste des cabinets de curiosité de la Renaissance disparaît ici au profit de la proximité et d’une lecture actuelle du monde.</p>
<!-- /wp:paragraph -->

<!-- wp:paragraph {"fontSize":"small"} -->
<p class="has-small-font-size">↳ Dans le cadre du projet Ecotopia, proposé par les 3 FRAC et 14 lycées agricoles du Grand Est<br>↳ Le projet Ecotopia sur les réseaux sociaux <a rel="noreferrer noopener" href="https://www.facebook.com/ecotopiagrandest" target="_blank">Facebook</a> / <a rel="noreferrer noopener" href="https://www.instagram.com/ecotopiagrandest/" data-type="URL" data-id="https://www.instagram.com/ecotopiagrandest/" target="_blank">Instagram</a></p>
<!-- /wp:paragraph --></div>
<!-- /wp:column -->

<!-- wp:column -->
<div class="wp-block-column"><!-- wp:image {"id":722,"sizeSlug":"large","linkDestination":"none"} -->
<figure class="wp-block-image size-large"><img src="https://www.fraclorraine.org/wp-content/uploads/2022/09/INDEX_CARADEC_1_COLLECTION-1024x731.jpg" alt="" class="wp-image-722"/><figcaption class="wp-element-caption">Marta Caradec , <em>Metz en Algérie, Akbou</em>, 1, 2012 Collection 49 Nord 6 Est – Frac Lorraine, Metz  Photo : R. Villaggi © M. Caradec</figcaption></figure>
<!-- /wp:image --></div>
<!-- /wp:column --></div>
<!-- /wp:columns -->

<!-- wp:gallery {"linkTo":"none"} -->
<figure class="wp-block-gallery has-nested-images columns-default is-cropped"><!-- wp:image {"id":799,"sizeSlug":"large","linkDestination":"none"} -->
<figure class="wp-block-image size-large"><img src="https://www.fraclorraine.org/wp-content/uploads/2022/09/HLM_2021_PIXERECOURT_ECOTOPIA_1-1024x537.jpg" alt="" class="wp-image-799"/><figcaption class="wp-element-caption">© Jean Chauvelot, Céline Kriebs
</figcaption></figure>
<!-- /wp:image --></figure>
<!-- /wp:gallery -->

<!-- wp:columns -->
<div class="wp-block-columns"><!-- wp:column -->
<div class="wp-block-column"></div>
<!-- /wp:column -->

<!-- wp:column -->
<div class="wp-block-column"></div>
<!-- /wp:column --></div>
<!-- /wp:columns -->

<!-- wp:paragraph -->
<p>● ECOTOPIA</p>
<!-- /wp:paragraph -->

<!-- wp:paragraph -->
<p>Le projet <em>Ecotopia</em> part d’une rencontre naturelle entre les 3&nbsp;FRAC&nbsp;et 12 lycées agricoles du Grand Est, réunis pour la première fois depuis la création de la région Grand Est. Ensemble, ils proposent un éventail d’expériences artistiques, qui se déploie bien au-delà du domaine des arts visuels. Ce projet vise à expérimenter, interpeller les sciences sociales comme les sciences naturelles, lier les domaines artistiques et techniques, sur un mode pluridisciplinaire et collectif.</p>
<!-- /wp:paragraph -->

<!-- wp:paragraph -->
<p>Le projet <em>Ecotopia</em> renvoie aux convictions et aux problématiques environnementales soulevées dans l’enseignement agricole. Il est en prise directe avec les mutations profondes qui touchent l’agriculture et les territoires ruraux, en partie causées par la crise climatique actuelle. Pour limiter notre impact écologique, nous nous trouvons aujourd’hui face à la nécessité d’une remise en cause radicale de notre société, des moyens de production jusqu’à nos modes d’alimentations. Les acteurs et actrices du monde agricole sont parmi les populations les plus touchées par les changements climatiques et sociétaux qui en découlent.</p>
<!-- /wp:paragraph -->

<!-- wp:paragraph -->
<p>Sans catastrophisme ou pessimisme, le projet <em>Ecotopia</em> se concentre sur le lien étroit qui existe entre climat social et climat environnemental. Empruntant son titre au roman d’anticipation d’Ernest Callenbach (1975), il envisage un monde davantage centré sur le respect et la coopération.</p>
<!-- /wp:paragraph -->

<!-- wp:paragraph -->
<p>Sans catastrophisme ou pessimisme, le projet Ecotopia se concentre sur le lien étroit qui existe entre climat social et climat environnemental. Empruntant son titre au roman d’anticipation d’Ernest Callenbach (1975), il envisage un monde davantage centré sur le respect et la coopération.</p>
<!-- /wp:paragraph -->
