{"id":807,"date":"2022-09-02T10:58:34","date_gmt":"2022-09-02T10:58:34","guid":{"rendered":"https:\/\/www.fraclorraine.org\/nouveausite2021\/?post_type=exhibition&#038;p=807"},"modified":"2023-01-12T15:29:02","modified_gmt":"2023-01-12T15:29:02","slug":"","status":"publish","type":"exhibition","link":"https:\/\/www.fraclorraine.org\/en\/exhibition\/ecotopia-4\/","title":{"rendered":"","raw":""},"content":{"rendered":"","protected":false,"raw":""},"template":"","meta":{"inline_featured_image":false,"_fr_post_content":"<!-- wp:columns -->\n<div class=\"wp-block-columns\"><!-- wp:column -->\n<div class=\"wp-block-column\"><!-- wp:paragraph -->\n<p>\u25cf L\u2019artiste Jean Chauvelot pr\u00e9sente les planches originales de sa bande dessin\u00e9e intitul\u00e9e 2133 kilom\u00e8tres. Con\u00e7ue en dialogue avec la graphiste C\u00e9line Kriebs, elle a \u00e9t\u00e9 r\u00e9alis\u00e9e \u00e0 partir d\u2019une r\u00e9sidence itin\u00e9rante que l\u2019artiste a faite dans 10 lyc\u00e9es agricoles de la r\u00e9gion.<\/p>\n<!-- \/wp:paragraph -->\n\n<!-- wp:paragraph -->\n<p>Jean Chauvelot a \u00e9t\u00e9 invit\u00e9 \u00e0 rencontrer les \u00e9l\u00e8ves et croquer avec elles et eux la vie culturelle du lyc\u00e9e.<\/p>\n<!-- \/wp:paragraph -->\n\n<!-- wp:paragraph -->\n<p>Il donne \u00e0 voir les \u00e9v\u00e9nements organis\u00e9s par les 3&nbsp;FRAC&nbsp;du Grand Est dans le cadre du projet intitul\u00e9 <em>Ecotopia<\/em>, qui regroup\u00e9 des r\u00e9sidences d\u2019artistes, concerts, conf\u00e9rences, expositions et projections vid\u00e9os. Dans ses dessins, Jean Chauvelot se met en sc\u00e8ne tel un personnage faussement candide, il pointe des r\u00e9alit\u00e9s tr\u00e8s concr\u00e8tes du quotidien et soul\u00e8ve des questions cl\u00e9s. Son \u00e9criture est pleine d\u2019enthousiasme et de curiosit\u00e9.<\/p>\n<!-- \/wp:paragraph -->\n\n<!-- wp:paragraph {\"fontSize\":\"small\"} -->\n<p class=\"has-small-font-size\">\u21b3 Dans le cadre du projet Ecotopia, propos\u00e9 par les 3 FRAC et 14 lyc\u00e9es agricoles du Grand Est<br>\u21b3 Le projet Ecotopia sur les r\u00e9seaux sociaux <a rel=\"noreferrer noopener\" href=\"https:\/\/www.facebook.com\/ecotopiagrandest\" target=\"_blank\">Facebook<\/a> \/ <a rel=\"noreferrer noopener\" href=\"https:\/\/www.instagram.com\/ecotopiagrandest\/\" data-type=\"URL\" data-id=\"https:\/\/www.instagram.com\/ecotopiagrandest\/\" target=\"_blank\">Instagram<\/a><\/p>\n<!-- \/wp:paragraph --><\/div>\n<!-- \/wp:column -->\n\n<!-- wp:column -->\n<div class=\"wp-block-column\"><!-- wp:image {\"id\":4341,\"sizeSlug\":\"large\",\"linkDestination\":\"none\"} -->\n<figure class=\"wp-block-image size-large\"><img src=\"https:\/\/www.fraclorraine.org\/wp-content\/uploads\/2022\/11\/EDITION_2021_ECOTOPIA-JEAN-CHAUVELOT_2-1024x722.jpg\" alt=\"\" class=\"wp-image-4341\"\/><\/figure>\n<!-- \/wp:image --><\/div>\n<!-- \/wp:column --><\/div>\n<!-- \/wp:columns -->\n\n<!-- wp:paragraph -->\n<p>\u25cf ECOTOPIA<\/p>\n<!-- \/wp:paragraph -->\n\n<!-- wp:paragraph -->\n<p>Le projet <em>Ecotopia<\/em> part d\u2019une rencontre naturelle entre les 3&nbsp;FRAC&nbsp;et 12 lyc\u00e9es agricoles du Grand Est, r\u00e9unis pour la premi\u00e8re fois depuis la cr\u00e9ation de la r\u00e9gion Grand Est. Ensemble, ils proposent un \u00e9ventail d\u2019exp\u00e9riences artistiques, qui se d\u00e9ploie bien au-del\u00e0 du domaine des arts visuels. Ce projet vise \u00e0 exp\u00e9rimenter, interpeller les sciences sociales comme les sciences naturelles, lier les domaines artistiques et techniques, sur un mode pluridisciplinaire et collectif.<\/p>\n<!-- \/wp:paragraph -->\n\n<!-- wp:paragraph -->\n<p>Le projet <em>Ecotopia<\/em> renvoie aux convictions et aux probl\u00e9matiques environnementales soulev\u00e9es dans l\u2019enseignement agricole. Il est en prise directe avec les mutations profondes qui touchent l\u2019agriculture et les territoires ruraux, en partie caus\u00e9es par la crise climatique actuelle. Pour limiter notre impact \u00e9cologique, nous nous trouvons aujourd\u2019hui face \u00e0 la n\u00e9cessit\u00e9 d\u2019une remise en cause radicale de notre soci\u00e9t\u00e9, des moyens de production jusqu\u2019\u00e0 nos modes d\u2019alimentations. Les acteurs et actrices du monde agricole sont parmi les populations les plus touch\u00e9es par les changements climatiques et soci\u00e9taux qui en d\u00e9coulent.<\/p>\n<!-- \/wp:paragraph -->\n\n<!-- wp:paragraph -->\n<p>Sans catastrophisme ou pessimisme, le projet <em>Ecotopia<\/em> se concentre sur le lien \u00e9troit qui existe entre climat social et climat environnemental. Empruntant son titre au roman d\u2019anticipation d\u2019Ernest Callenbach (1975), il envisage un monde davantage centr\u00e9 sur le respect et la coop\u00e9ration.<\/p>\n<!-- \/wp:paragraph -->","_fr_post_name":"ecotopia-4","_fr_post_excerpt":"","_fr_post_title":"Ecotopia","_en_post_content":"","_en_post_name":"","_en_post_excerpt":"","_en_post_title":"","edit_language":"en"},"tags":[85,7],"event-type":[42],"saison":[46],"lieu":[373],"class_list":["post-807","exhibition","type-exhibition","status-publish","hentry","tag-ecotopia","tag-exposition"],"excerpt":{"raw":"","rendered":""},"_links":{"self":[{"href":"https:\/\/www.fraclorraine.org\/en\/wp-json\/wp\/v2\/exhibition\/807","targetHints":{"allow":["GET"]}}],"collection":[{"href":"https:\/\/www.fraclorraine.org\/en\/wp-json\/wp\/v2\/exhibition"}],"about":[{"href":"https:\/\/www.fraclorraine.org\/en\/wp-json\/wp\/v2\/types\/exhibition"}],"wp:attachment":[{"href":"https:\/\/www.fraclorraine.org\/en\/wp-json\/wp\/v2\/media?parent=807"}],"wp:term":[{"taxonomy":"post_tag","embeddable":true,"href":"https:\/\/www.fraclorraine.org\/en\/wp-json\/wp\/v2\/tags?post=807"},{"taxonomy":"event-type","embeddable":true,"href":"https:\/\/www.fraclorraine.org\/en\/wp-json\/wp\/v2\/event-type?post=807"},{"taxonomy":"saison","embeddable":true,"href":"https:\/\/www.fraclorraine.org\/en\/wp-json\/wp\/v2\/saison?post=807"},{"taxonomy":"lieu","embeddable":true,"href":"https:\/\/www.fraclorraine.org\/en\/wp-json\/wp\/v2\/lieu?post=807"}],"curies":[{"name":"wp","href":"https:\/\/api.w.org\/{rel}","templated":true}]}}

<!-- wp:columns -->
<div class="wp-block-columns"><!-- wp:column -->
<div class="wp-block-column"><!-- wp:paragraph -->
<p>● L’artiste Jean Chauvelot présente les planches originales de sa bande dessinée intitulée 2133 kilomètres. Conçue en dialogue avec la graphiste Céline Kriebs, elle a été réalisée à partir d’une résidence itinérante que l’artiste a faite dans 10 lycées agricoles de la région.</p>
<!-- /wp:paragraph -->

<!-- wp:paragraph -->
<p>Jean Chauvelot a été invité à rencontrer les élèves et croquer avec elles et eux la vie culturelle du lycée.</p>
<!-- /wp:paragraph -->

<!-- wp:paragraph -->
<p>Il donne à voir les événements organisés par les 3&nbsp;FRAC&nbsp;du Grand Est dans le cadre du projet intitulé <em>Ecotopia</em>, qui regroupé des résidences d’artistes, concerts, conférences, expositions et projections vidéos. Dans ses dessins, Jean Chauvelot se met en scène tel un personnage faussement candide, il pointe des réalités très concrètes du quotidien et soulève des questions clés. Son écriture est pleine d’enthousiasme et de curiosité.</p>
<!-- /wp:paragraph -->

<!-- wp:paragraph {"fontSize":"small"} -->
<p class="has-small-font-size">↳ Dans le cadre du projet Ecotopia, proposé par les 3 FRAC et 14 lycées agricoles du Grand Est<br>↳ Le projet Ecotopia sur les réseaux sociaux <a rel="noreferrer noopener" href="https://www.facebook.com/ecotopiagrandest" target="_blank">Facebook</a> / <a rel="noreferrer noopener" href="https://www.instagram.com/ecotopiagrandest/" data-type="URL" data-id="https://www.instagram.com/ecotopiagrandest/" target="_blank">Instagram</a></p>
<!-- /wp:paragraph --></div>
<!-- /wp:column -->

<!-- wp:column -->
<div class="wp-block-column"><!-- wp:image {"id":4341,"sizeSlug":"large","linkDestination":"none"} -->
<figure class="wp-block-image size-large"><img src="https://www.fraclorraine.org/wp-content/uploads/2022/11/EDITION_2021_ECOTOPIA-JEAN-CHAUVELOT_2-1024x722.jpg" alt="" class="wp-image-4341"/></figure>
<!-- /wp:image --></div>
<!-- /wp:column --></div>
<!-- /wp:columns -->

<!-- wp:paragraph -->
<p>● ECOTOPIA</p>
<!-- /wp:paragraph -->

<!-- wp:paragraph -->
<p>Le projet <em>Ecotopia</em> part d’une rencontre naturelle entre les 3&nbsp;FRAC&nbsp;et 12 lycées agricoles du Grand Est, réunis pour la première fois depuis la création de la région Grand Est. Ensemble, ils proposent un éventail d’expériences artistiques, qui se déploie bien au-delà du domaine des arts visuels. Ce projet vise à expérimenter, interpeller les sciences sociales comme les sciences naturelles, lier les domaines artistiques et techniques, sur un mode pluridisciplinaire et collectif.</p>
<!-- /wp:paragraph -->

<!-- wp:paragraph -->
<p>Le projet <em>Ecotopia</em> renvoie aux convictions et aux problématiques environnementales soulevées dans l’enseignement agricole. Il est en prise directe avec les mutations profondes qui touchent l’agriculture et les territoires ruraux, en partie causées par la crise climatique actuelle. Pour limiter notre impact écologique, nous nous trouvons aujourd’hui face à la nécessité d’une remise en cause radicale de notre société, des moyens de production jusqu’à nos modes d’alimentations. Les acteurs et actrices du monde agricole sont parmi les populations les plus touchées par les changements climatiques et sociétaux qui en découlent.</p>
<!-- /wp:paragraph -->

<!-- wp:paragraph -->
<p>Sans catastrophisme ou pessimisme, le projet <em>Ecotopia</em> se concentre sur le lien étroit qui existe entre climat social et climat environnemental. Empruntant son titre au roman d’anticipation d’Ernest Callenbach (1975), il envisage un monde davantage centré sur le respect et la coopération.</p>
<!-- /wp:paragraph -->
