{"id":818,"date":"2022-09-02T12:16:35","date_gmt":"2022-09-02T12:16:35","guid":{"rendered":"https:\/\/www.fraclorraine.org\/nouveausite2021\/?post_type=exhibition&#038;p=818"},"modified":"2023-11-17T15:14:58","modified_gmt":"2023-11-17T14:14:58","slug":"","status":"publish","type":"exhibition","link":"https:\/\/www.fraclorraine.org\/en\/exhibition\/ecotopia-5\/","title":{"rendered":"","raw":""},"content":{"rendered":"","protected":false,"raw":""},"template":"","meta":{"inline_featured_image":false,"_fr_post_content":"<!-- wp:columns -->\n<div class=\"wp-block-columns\"><!-- wp:column -->\n<div class=\"wp-block-column\"><!-- wp:paragraph -->\n<p>\u25cf Avec des \u0153uvres de la collection du 49 Nord 6 Est \u2013 Frac Lorraine d\u2019Amy Balkin, Graciela Sacco, Jos\u00e9phine Kaeppelin, Nil Yalter, Lotty Rosenfeld, et des artistes invit\u00e9s en r\u00e9sidence Princia Itoua et Fran\u00e7ois Martig<\/p>\n<!-- \/wp:paragraph -->\n\n<!-- wp:paragraph -->\n<p>Des mots, des cris, des slogans, des signes ; les \u0153uvres pr\u00e9sent\u00e9es dans cette exposition \u00e9voquent la contestation. Elles donnent une forme po\u00e9tique aux revendications des artistes en lien avec l\u2019\u00e9cologie, l\u2019immigration, le travail, les libert\u00e9s publiques. L\u2019exposition fait \u00e9cho au livre d\u2019Ernest Callenbach, <em>Ecotopia<\/em>, qui a donn\u00e9 son titre au projet. Elle donne un aper\u00e7u de la transition \u00e0 accomplir pour acc\u00e9der \u00e0 un monde davantage centr\u00e9 sur le respect et la coop\u00e9ration. Pour cette exposition, les \u0153uvres sont pr\u00e9sent\u00e9es directement dans l\u2019exploitation agricole <\/p>\n<!-- \/wp:paragraph -->\n\n<!-- wp:paragraph {\"fontSize\":\"small\"} -->\n<p class=\"has-small-font-size\">\u21b3 Dans le cadre du projet Ecotopia, propos\u00e9 par les 3 FRAC et 14 lyc\u00e9es agricoles du Grand Est<br>\u21b3 Le projet Ecotopia sur les r\u00e9seaux sociaux \u21b3 <a rel=\"noreferrer noopener\" href=\"https:\/\/www.facebook.com\/ecotopiagrandest\" target=\"_blank\">Facebook<\/a>  \u21b3 <a rel=\"noreferrer noopener\" href=\"https:\/\/www.instagram.com\/ecotopiagrandest\/\" data-type=\"URL\" data-id=\"https:\/\/www.instagram.com\/ecotopiagrandest\/\" target=\"_blank\">Instagram<\/a><\/p>\n<!-- \/wp:paragraph --><\/div>\n<!-- \/wp:column -->\n\n<!-- wp:column -->\n<div class=\"wp-block-column\"><!-- wp:image {\"id\":1146,\"sizeSlug\":\"large\",\"linkDestination\":\"none\"} -->\n<figure class=\"wp-block-image size-large\"><img src=\"https:\/\/www.fraclorraine.org\/wp-content\/uploads\/2022\/09\/INDEX_KAEPPELIN_2_COLLECTION-1024x683.jpg\" alt=\"\" class=\"wp-image-1146\"\/><figcaption class=\"wp-element-caption\">Jos\u00e9phine Kaeppelin, <em>Billboard posters - It\u2019s already moving<\/em>, 2015 Collection 49 Nord 6 Est - Frac Lorraine, Metz (FR) Photo &amp; \u00a9 : J. Kaeppelin <\/figcaption><\/figure>\n<!-- \/wp:image --><\/div>\n<!-- \/wp:column --><\/div>\n<!-- \/wp:columns -->\n\n<!-- wp:gallery {\"linkTo\":\"none\"} -->\n<figure class=\"wp-block-gallery has-nested-images columns-default is-cropped\"><!-- wp:image {\"id\":822,\"sizeSlug\":\"large\",\"linkDestination\":\"none\"} -->\n<figure class=\"wp-block-image size-large\"><img src=\"https:\/\/www.fraclorraine.org\/wp-content\/uploads\/2022\/09\/INDEX_BIEMANN_3_COLLECTION-1024x576.jpg\" alt=\"\" class=\"wp-image-822\"\/><figcaption class=\"wp-element-caption\">Ursula Biemann, Deep Weather, 2013\nCollection 49 Nord 6 Est - Frac Lorraine, Metz (FR)\n\u00a9 Ursula Biemann \n<\/figcaption><\/figure>\n<!-- \/wp:image --><\/figure>\n<!-- \/wp:gallery -->\n\n<!-- wp:columns -->\n<div class=\"wp-block-columns\"><!-- wp:column -->\n<div class=\"wp-block-column\"><!-- wp:image {\"id\":786,\"sizeSlug\":\"large\",\"linkDestination\":\"none\"} -->\n<figure class=\"wp-block-image size-large\"><img src=\"https:\/\/www.fraclorraine.org\/wp-content\/uploads\/2022\/09\/INDEX_SACCO-_1_COLLECTION-731x1024.jpg\" alt=\"\" class=\"wp-image-786\"\/><figcaption class=\"wp-element-caption\">Graciela Sacco, <em>Bocanada<\/em>, 2015\/2021 Collection 49 Nord 6 Est \u2013 Frac Lorraine \u00a9 Graciela Sacco <\/figcaption><\/figure>\n<!-- \/wp:image --><\/div>\n<!-- \/wp:column -->\n\n<!-- wp:column -->\n<div class=\"wp-block-column\"><!-- wp:paragraph -->\n<p><strong>Projections vid\u00e9os <\/strong><br>Dans le cadre du projet <em>Ecotopia<\/em>, le Frac Lorraine organise une soir\u00e9e de projection de vid\u00e9os dans l\u2019amphith\u00e9\u00e2tre du lyc\u00e9e agricole. Seront pr\u00e9sent\u00e9es une \u0153uvre de la collection du Frac Lorraine d\u2019Ursula Biemann, ainsi qu\u2019une vid\u00e9o de l\u2019artiste invit\u00e9 Maxime Le Moing. Cette soir\u00e9e permettra \u00e9galement de diffuser la vid\u00e9o r\u00e9alis\u00e9e par les \u00e9l\u00e8ves et Maxime Le Moing, lors de sa r\u00e9sidence.<br>-<br>19h30, amphith\u00e9\u00e2tre<\/p>\n<!-- \/wp:paragraph -->\n\n<!-- wp:paragraph -->\n<p><strong>Concert blind-test de l\u2019Orchestre national de Metz <\/strong><br>En \u00e9cho \u00e0 <em>Ecotopia<\/em>, les publics sont invit\u00e9s \u00e0 d\u00e9couvrir des musiques de films et s\u00e9ries d\u2019animation autour de la th\u00e9matique des climats. Trois musiciens de l\u2019Orchestre national de Metz, un pianiste-arrangeur et un pr\u00e9sentateur-vid\u00e9aste viennent sur place proposer les musiques \u00e0 d\u00e9couvrir.<br>-<br>20h, amphith\u00e9\u00e2tre<\/p>\n<!-- \/wp:paragraph --><\/div>\n<!-- \/wp:column --><\/div>\n<!-- \/wp:columns -->\n\n<!-- wp:paragraph -->\n<p>\u25cf ECOTOPIA<\/p>\n<!-- \/wp:paragraph -->\n\n<!-- wp:paragraph -->\n<p>Le projet <em>Ecotopia<\/em> part d\u2019une rencontre naturelle entre les 3&nbsp;FRAC&nbsp;et 12 lyc\u00e9es agricoles du Grand Est, r\u00e9unis pour la premi\u00e8re fois depuis la cr\u00e9ation de la r\u00e9gion Grand Est. Ensemble, ils proposent un \u00e9ventail d\u2019exp\u00e9riences artistiques, qui se d\u00e9ploie bien au-del\u00e0 du domaine des arts visuels. Ce projet vise \u00e0 exp\u00e9rimenter, interpeller les sciences sociales comme les sciences naturelles, lier les domaines artistiques et techniques, sur un mode pluridisciplinaire et collectif.<\/p>\n<!-- \/wp:paragraph -->\n\n<!-- wp:paragraph -->\n<p>Le projet <em>Ecotopia<\/em> renvoie aux convictions et aux probl\u00e9matiques environnementales soulev\u00e9es dans l\u2019enseignement agricole. Il est en prise directe avec les mutations profondes qui touchent l\u2019agriculture et les territoires ruraux, en partie caus\u00e9es par la crise climatique actuelle. Pour limiter notre impact \u00e9cologique, nous nous trouvons aujourd\u2019hui face \u00e0 la n\u00e9cessit\u00e9 d\u2019une remise en cause radicale de notre soci\u00e9t\u00e9, des moyens de production jusqu\u2019\u00e0 nos modes d\u2019alimentations. Les acteurs et actrices du monde agricole sont parmi les populations les plus touch\u00e9es par les changements climatiques et soci\u00e9taux qui en d\u00e9coulent.<\/p>\n<!-- \/wp:paragraph -->\n\n<!-- wp:paragraph -->\n<p>Sans catastrophisme ou pessimisme, le projet <em>Ecotopia<\/em> se concentre sur le lien \u00e9troit qui existe entre climat social et climat environnemental. Empruntant son titre au roman d\u2019anticipation d\u2019Ernest Callenbach (1975), il envisage un monde davantage centr\u00e9 sur le respect et la coop\u00e9ration.<\/p>\n<!-- \/wp:paragraph -->","_fr_post_name":"ecotopia-5","_fr_post_excerpt":"","_fr_post_title":"Ecotopia","_en_post_content":"","_en_post_name":"","_en_post_excerpt":"","_en_post_title":"","edit_language":"en"},"tags":[85,7,41],"event-type":[42],"saison":[45],"lieu":[373],"class_list":["post-818","exhibition","type-exhibition","status-publish","hentry","tag-ecotopia","tag-exposition","tag-hors-les-murs"],"excerpt":{"raw":"","rendered":""},"_links":{"self":[{"href":"https:\/\/www.fraclorraine.org\/en\/wp-json\/wp\/v2\/exhibition\/818","targetHints":{"allow":["GET"]}}],"collection":[{"href":"https:\/\/www.fraclorraine.org\/en\/wp-json\/wp\/v2\/exhibition"}],"about":[{"href":"https:\/\/www.fraclorraine.org\/en\/wp-json\/wp\/v2\/types\/exhibition"}],"wp:attachment":[{"href":"https:\/\/www.fraclorraine.org\/en\/wp-json\/wp\/v2\/media?parent=818"}],"wp:term":[{"taxonomy":"post_tag","embeddable":true,"href":"https:\/\/www.fraclorraine.org\/en\/wp-json\/wp\/v2\/tags?post=818"},{"taxonomy":"event-type","embeddable":true,"href":"https:\/\/www.fraclorraine.org\/en\/wp-json\/wp\/v2\/event-type?post=818"},{"taxonomy":"saison","embeddable":true,"href":"https:\/\/www.fraclorraine.org\/en\/wp-json\/wp\/v2\/saison?post=818"},{"taxonomy":"lieu","embeddable":true,"href":"https:\/\/www.fraclorraine.org\/en\/wp-json\/wp\/v2\/lieu?post=818"}],"curies":[{"name":"wp","href":"https:\/\/api.w.org\/{rel}","templated":true}]}}

<!-- wp:columns -->
<div class="wp-block-columns"><!-- wp:column -->
<div class="wp-block-column"><!-- wp:paragraph -->
<p>● Avec des œuvres de la collection du 49 Nord 6 Est – Frac Lorraine d’Amy Balkin, Graciela Sacco, Joséphine Kaeppelin, Nil Yalter, Lotty Rosenfeld, et des artistes invités en résidence Princia Itoua et François Martig</p>
<!-- /wp:paragraph -->

<!-- wp:paragraph -->
<p>Des mots, des cris, des slogans, des signes ; les œuvres présentées dans cette exposition évoquent la contestation. Elles donnent une forme poétique aux revendications des artistes en lien avec l’écologie, l’immigration, le travail, les libertés publiques. L’exposition fait écho au livre d’Ernest Callenbach, <em>Ecotopia</em>, qui a donné son titre au projet. Elle donne un aperçu de la transition à accomplir pour accéder à un monde davantage centré sur le respect et la coopération. Pour cette exposition, les œuvres sont présentées directement dans l’exploitation agricole </p>
<!-- /wp:paragraph -->

<!-- wp:paragraph {"fontSize":"small"} -->
<p class="has-small-font-size">↳ Dans le cadre du projet Ecotopia, proposé par les 3 FRAC et 14 lycées agricoles du Grand Est<br>↳ Le projet Ecotopia sur les réseaux sociaux ↳ <a rel="noreferrer noopener" href="https://www.facebook.com/ecotopiagrandest" target="_blank">Facebook</a>  ↳ <a rel="noreferrer noopener" href="https://www.instagram.com/ecotopiagrandest/" data-type="URL" data-id="https://www.instagram.com/ecotopiagrandest/" target="_blank">Instagram</a></p>
<!-- /wp:paragraph --></div>
<!-- /wp:column -->

<!-- wp:column -->
<div class="wp-block-column"><!-- wp:image {"id":1146,"sizeSlug":"large","linkDestination":"none"} -->
<figure class="wp-block-image size-large"><img src="https://www.fraclorraine.org/wp-content/uploads/2022/09/INDEX_KAEPPELIN_2_COLLECTION-1024x683.jpg" alt="" class="wp-image-1146"/><figcaption class="wp-element-caption">Joséphine Kaeppelin, <em>Billboard posters - It’s already moving</em>, 2015 Collection 49 Nord 6 Est - Frac Lorraine, Metz (FR) Photo &amp; © : J. Kaeppelin </figcaption></figure>
<!-- /wp:image --></div>
<!-- /wp:column --></div>
<!-- /wp:columns -->

<!-- wp:gallery {"linkTo":"none"} -->
<figure class="wp-block-gallery has-nested-images columns-default is-cropped"><!-- wp:image {"id":822,"sizeSlug":"large","linkDestination":"none"} -->
<figure class="wp-block-image size-large"><img src="https://www.fraclorraine.org/wp-content/uploads/2022/09/INDEX_BIEMANN_3_COLLECTION-1024x576.jpg" alt="" class="wp-image-822"/><figcaption class="wp-element-caption">Ursula Biemann, Deep Weather, 2013
Collection 49 Nord 6 Est - Frac Lorraine, Metz (FR)
© Ursula Biemann 
</figcaption></figure>
<!-- /wp:image --></figure>
<!-- /wp:gallery -->

<!-- wp:columns -->
<div class="wp-block-columns"><!-- wp:column -->
<div class="wp-block-column"><!-- wp:image {"id":786,"sizeSlug":"large","linkDestination":"none"} -->
<figure class="wp-block-image size-large"><img src="https://www.fraclorraine.org/wp-content/uploads/2022/09/INDEX_SACCO-_1_COLLECTION-731x1024.jpg" alt="" class="wp-image-786"/><figcaption class="wp-element-caption">Graciela Sacco, <em>Bocanada</em>, 2015/2021 Collection 49 Nord 6 Est – Frac Lorraine © Graciela Sacco </figcaption></figure>
<!-- /wp:image --></div>
<!-- /wp:column -->

<!-- wp:column -->
<div class="wp-block-column"><!-- wp:paragraph -->
<p><strong>Projections vidéos </strong><br>Dans le cadre du projet <em>Ecotopia</em>, le Frac Lorraine organise une soirée de projection de vidéos dans l’amphithéâtre du lycée agricole. Seront présentées une œuvre de la collection du Frac Lorraine d’Ursula Biemann, ainsi qu’une vidéo de l’artiste invité Maxime Le Moing. Cette soirée permettra également de diffuser la vidéo réalisée par les élèves et Maxime Le Moing, lors de sa résidence.<br>-<br>19h30, amphithéâtre</p>
<!-- /wp:paragraph -->

<!-- wp:paragraph -->
<p><strong>Concert blind-test de l’Orchestre national de Metz </strong><br>En écho à <em>Ecotopia</em>, les publics sont invités à découvrir des musiques de films et séries d’animation autour de la thématique des climats. Trois musiciens de l’Orchestre national de Metz, un pianiste-arrangeur et un présentateur-vidéaste viennent sur place proposer les musiques à découvrir.<br>-<br>20h, amphithéâtre</p>
<!-- /wp:paragraph --></div>
<!-- /wp:column --></div>
<!-- /wp:columns -->

<!-- wp:paragraph -->
<p>● ECOTOPIA</p>
<!-- /wp:paragraph -->

<!-- wp:paragraph -->
<p>Le projet <em>Ecotopia</em> part d’une rencontre naturelle entre les 3&nbsp;FRAC&nbsp;et 12 lycées agricoles du Grand Est, réunis pour la première fois depuis la création de la région Grand Est. Ensemble, ils proposent un éventail d’expériences artistiques, qui se déploie bien au-delà du domaine des arts visuels. Ce projet vise à expérimenter, interpeller les sciences sociales comme les sciences naturelles, lier les domaines artistiques et techniques, sur un mode pluridisciplinaire et collectif.</p>
<!-- /wp:paragraph -->

<!-- wp:paragraph -->
<p>Le projet <em>Ecotopia</em> renvoie aux convictions et aux problématiques environnementales soulevées dans l’enseignement agricole. Il est en prise directe avec les mutations profondes qui touchent l’agriculture et les territoires ruraux, en partie causées par la crise climatique actuelle. Pour limiter notre impact écologique, nous nous trouvons aujourd’hui face à la nécessité d’une remise en cause radicale de notre société, des moyens de production jusqu’à nos modes d’alimentations. Les acteurs et actrices du monde agricole sont parmi les populations les plus touchées par les changements climatiques et sociétaux qui en découlent.</p>
<!-- /wp:paragraph -->

<!-- wp:paragraph -->
<p>Sans catastrophisme ou pessimisme, le projet <em>Ecotopia</em> se concentre sur le lien étroit qui existe entre climat social et climat environnemental. Empruntant son titre au roman d’anticipation d’Ernest Callenbach (1975), il envisage un monde davantage centré sur le respect et la coopération.</p>
<!-- /wp:paragraph -->
