{"id":833,"date":"2022-09-02T12:54:23","date_gmt":"2022-09-02T12:54:23","guid":{"rendered":"https:\/\/www.fraclorraine.org\/nouveausite2021\/?post_type=exhibition&#038;p=833"},"modified":"2023-01-12T15:26:53","modified_gmt":"2023-01-12T15:26:53","slug":"","status":"publish","type":"exhibition","link":"https:\/\/www.fraclorraine.org\/en\/exhibition\/incantations\/","title":{"rendered":"","raw":""},"content":{"rendered":"","protected":false,"raw":""},"template":"","meta":{"inline_featured_image":false,"_fr_post_content":"<!-- wp:columns -->\n<div class=\"wp-block-columns\"><!-- wp:column -->\n<div class=\"wp-block-column\"><!-- wp:paragraph -->\n<p>\u25cf Avec des \u0153uvres de Stefania Crisan et de la collection du 49 Nord&nbsp;6 Est - Frac Lorraine de Judy Chicago, Michael et Barbara &amp; Michel Leisgen, Teresa Murak<\/p>\n<!-- \/wp:paragraph -->\n\n<!-- wp:paragraph -->\n<p>Cette exposition explore le champ de l\u2019\u00e9cof\u00e9minisme, qui met en lien la domination impos\u00e9e sur la nature et sur les femmes.<\/p>\n<!-- \/wp:paragraph -->\n\n<!-- wp:paragraph -->\n<p>Telles des sorci\u00e8res, les artistes proposent des \u0153uvres prenant parfois l\u2019aspect de rituels. Certaines performent dans la nature, quand d\u2019autres r\u00e9citent des chants presque chamaniques ou fabriquent des parures de plantes. L\u2019id\u00e9e d\u2019un rapport bienveillant avec la nature est au centre de l\u2019exposition <em>Incantations<\/em>.<\/p>\n<!-- \/wp:paragraph -->\n\n<!-- wp:paragraph -->\n<p>Cette exposition fait partie d\u2019un cycle sur l\u2019\u00e9cof\u00e9minisme. Cinq \u00e9tablissements scolaires vosgiens et meusiens vont d\u00e9velopper des projets en lien avec ce sujet dans le courant de l\u2019ann\u00e9e scolaire 2021\u201322. Les \u0153uvres de ce cycle \u00e9voquent le d\u00e9sir d\u2019\u00e9mancipation des femmes, leur relation \u00e9troite avec la nature, la figure de la sorci\u00e8re et celle de la gu\u00e9risseuse historiquement, associ\u00e9es aux femmes<\/p>\n<!-- \/wp:paragraph --><\/div>\n<!-- \/wp:column -->\n\n<!-- wp:column -->\n<div class=\"wp-block-column\"><!-- wp:image {\"id\":834,\"sizeSlug\":\"large\",\"linkDestination\":\"none\"} -->\n<figure class=\"wp-block-image size-large\"><img src=\"https:\/\/www.fraclorraine.org\/wp-content\/uploads\/2022\/09\/HLM_2021_SAINT-MIHEL_INCATATIONS_1-1024x576.jpg\" alt=\"\" class=\"wp-image-834\"\/><figcaption class=\"wp-element-caption\"><em>Geam\u0103na<\/em> \u00a9 Stefania Crisan <\/figcaption><\/figure>\n<!-- \/wp:image --><\/div>\n<!-- \/wp:column --><\/div>\n<!-- \/wp:columns -->","_fr_post_name":"incantations","_fr_post_excerpt":"","_fr_post_title":"Incantations","_en_post_content":"","_en_post_name":"","_en_post_excerpt":"","_en_post_title":"","edit_language":"en"},"tags":[7,41],"event-type":[42],"saison":[45],"lieu":[373],"class_list":["post-833","exhibition","type-exhibition","status-publish","hentry","tag-exposition","tag-hors-les-murs"],"excerpt":{"raw":"","rendered":""},"_links":{"self":[{"href":"https:\/\/www.fraclorraine.org\/en\/wp-json\/wp\/v2\/exhibition\/833","targetHints":{"allow":["GET"]}}],"collection":[{"href":"https:\/\/www.fraclorraine.org\/en\/wp-json\/wp\/v2\/exhibition"}],"about":[{"href":"https:\/\/www.fraclorraine.org\/en\/wp-json\/wp\/v2\/types\/exhibition"}],"wp:attachment":[{"href":"https:\/\/www.fraclorraine.org\/en\/wp-json\/wp\/v2\/media?parent=833"}],"wp:term":[{"taxonomy":"post_tag","embeddable":true,"href":"https:\/\/www.fraclorraine.org\/en\/wp-json\/wp\/v2\/tags?post=833"},{"taxonomy":"event-type","embeddable":true,"href":"https:\/\/www.fraclorraine.org\/en\/wp-json\/wp\/v2\/event-type?post=833"},{"taxonomy":"saison","embeddable":true,"href":"https:\/\/www.fraclorraine.org\/en\/wp-json\/wp\/v2\/saison?post=833"},{"taxonomy":"lieu","embeddable":true,"href":"https:\/\/www.fraclorraine.org\/en\/wp-json\/wp\/v2\/lieu?post=833"}],"curies":[{"name":"wp","href":"https:\/\/api.w.org\/{rel}","templated":true}]}}

<!-- wp:columns -->
<div class="wp-block-columns"><!-- wp:column -->
<div class="wp-block-column"><!-- wp:paragraph -->
<p>● Avec des œuvres de Stefania Crisan et de la collection du 49 Nord&nbsp;6 Est - Frac Lorraine de Judy Chicago, Michael et Barbara &amp; Michel Leisgen, Teresa Murak</p>
<!-- /wp:paragraph -->

<!-- wp:paragraph -->
<p>Cette exposition explore le champ de l’écoféminisme, qui met en lien la domination imposée sur la nature et sur les femmes.</p>
<!-- /wp:paragraph -->

<!-- wp:paragraph -->
<p>Telles des sorcières, les artistes proposent des œuvres prenant parfois l’aspect de rituels. Certaines performent dans la nature, quand d’autres récitent des chants presque chamaniques ou fabriquent des parures de plantes. L’idée d’un rapport bienveillant avec la nature est au centre de l’exposition <em>Incantations</em>.</p>
<!-- /wp:paragraph -->

<!-- wp:paragraph -->
<p>Cette exposition fait partie d’un cycle sur l’écoféminisme. Cinq établissements scolaires vosgiens et meusiens vont développer des projets en lien avec ce sujet dans le courant de l’année scolaire 2021–22. Les œuvres de ce cycle évoquent le désir d’émancipation des femmes, leur relation étroite avec la nature, la figure de la sorcière et celle de la guérisseuse historiquement, associées aux femmes</p>
<!-- /wp:paragraph --></div>
<!-- /wp:column -->

<!-- wp:column -->
<div class="wp-block-column"><!-- wp:image {"id":834,"sizeSlug":"large","linkDestination":"none"} -->
<figure class="wp-block-image size-large"><img src="https://www.fraclorraine.org/wp-content/uploads/2022/09/HLM_2021_SAINT-MIHEL_INCATATIONS_1-1024x576.jpg" alt="" class="wp-image-834"/><figcaption class="wp-element-caption"><em>Geamăna</em> © Stefania Crisan </figcaption></figure>
<!-- /wp:image --></div>
<!-- /wp:column --></div>
<!-- /wp:columns -->
