{"id":4661,"date":"2022-11-17T10:17:41","date_gmt":"2022-11-17T10:17:41","guid":{"rendered":"https:\/\/www.fraclorraine.org\/nouveausite2021\/?post_type=residence&#038;p=4661"},"modified":"2026-01-20T15:57:15","modified_gmt":"2026-01-20T14:57:15","slug":"","status":"publish","type":"residence","link":"https:\/\/www.fraclorraine.org\/en\/residence\/fernando-garcia-dory\/","title":{"rendered":"","raw":""},"content":{"rendered":"","protected":false,"raw":""},"template":"","tags":[269,83],"residence-type":[262],"lieu":[373],"class_list":["post-4661","residence","type-residence","status-publish","hentry","tag-recherche","tag-residence"],"meta":{"_fr_post_content":"<!-- wp:columns -->\n<div class=\"wp-block-columns\"><!-- wp:column -->\n<div class=\"wp-block-column\"><!-- wp:paragraph -->\n<p>\u25cf Programme de r\u00e9sidence en 2023 avec l\u2019artiste <a href=\"https:\/\/www.fernandogarciadory.info\/\" target=\"_blank\" rel=\"noreferrer noopener\">Fernando Garcia Dory<\/a> qui est directeur de la structure\u00a0<em><a href=\"https:\/\/inland.org\/\" target=\"_blank\" rel=\"noreferrer noopener\">Inland<\/a><\/em>, un collectif artistique d\u00e9di\u00e9 \u00e0 la production agricole, sociale et culturelle, et une agence collaborative. Il est bas\u00e9 sur ce que l\u2019on pourrait nommer un manifeste en trois mots : art-agriculture-territoire.<\/p>\n<!-- \/wp:paragraph -->\n\n<!-- wp:paragraph -->\n<p><em>Inland<\/em>\u00a0relie divers probl\u00e8mes d'un syst\u00e8me en train de s'effondrer au niveau environnemental, culturel et financier - affectant \u00e0 la fois la plan\u00e8te et l'individu. Il part du principe que le rural offre un espace physique et culturel permettant de g\u00e9n\u00e9rer des modes de vie qui diff\u00e8rent du mod\u00e8le h\u00e9g\u00e9monique. Il formule des outils critiques et les applique \u00e0 travers une pratique exp\u00e9rimentale. Les autres moyens d'existence imagin\u00e9s visent \u00e0 g\u00e9n\u00e9rer une masse cr\u00e9ative suffisante pour remettre en question les dynamiques de pouvoir dominantes, ainsi que la relation actuelle entre centre et p\u00e9riph\u00e9rie.\u00a0Travaillant sur les liens entre ruralit\u00e9 et arts visuels, sa r\u00e9flexion permettra d\u2019enrichir celle men\u00e9e au sein des trois Frac pour les activit\u00e9s de diffusion en territoire rural.<\/p>\n<!-- \/wp:paragraph --><\/div>\n<!-- \/wp:column -->\n\n<!-- wp:column -->\n<div class=\"wp-block-column\"><!-- wp:image {\"id\":4662,\"sizeSlug\":\"full\",\"linkDestination\":\"none\"} -->\n<figure class=\"wp-block-image size-full\"><img src=\"https:\/\/www.fraclorraine.org\/wp-content\/uploads\/2022\/11\/RESIDENCE_2023_Garcia-Dory-1.jpg\" alt=\"\" class=\"wp-image-4662\"\/><figcaption class=\"wp-element-caption\">Fernando Garcia Dory<\/figcaption><\/figure>\n<!-- \/wp:image --><\/div>\n<!-- \/wp:column --><\/div>\n<!-- \/wp:columns -->","_fr_post_excerpt":"","_fr_post_title":"Fernando Garcia Dory","_fr_post_name":"fernando-garcia-dory","edit_language":"en"},"excerpt":{"raw":"","rendered":""},"_links":{"self":[{"href":"https:\/\/www.fraclorraine.org\/en\/wp-json\/wp\/v2\/residence\/4661","targetHints":{"allow":["GET"]}}],"collection":[{"href":"https:\/\/www.fraclorraine.org\/en\/wp-json\/wp\/v2\/residence"}],"about":[{"href":"https:\/\/www.fraclorraine.org\/en\/wp-json\/wp\/v2\/types\/residence"}],"wp:attachment":[{"href":"https:\/\/www.fraclorraine.org\/en\/wp-json\/wp\/v2\/media?parent=4661"}],"wp:term":[{"taxonomy":"post_tag","embeddable":true,"href":"https:\/\/www.fraclorraine.org\/en\/wp-json\/wp\/v2\/tags?post=4661"},{"taxonomy":"residence-type","embeddable":true,"href":"https:\/\/www.fraclorraine.org\/en\/wp-json\/wp\/v2\/residence-type?post=4661"},{"taxonomy":"lieu","embeddable":true,"href":"https:\/\/www.fraclorraine.org\/en\/wp-json\/wp\/v2\/lieu?post=4661"}],"curies":[{"name":"wp","href":"https:\/\/api.w.org\/{rel}","templated":true}]}}

<!-- wp:columns -->
<div class="wp-block-columns"><!-- wp:column -->
<div class="wp-block-column"><!-- wp:paragraph -->
<p>● Programme de résidence en 2023 avec l’artiste <a href="https://www.fernandogarciadory.info/" target="_blank" rel="noreferrer noopener">Fernando Garcia Dory</a> qui est directeur de la structure <em><a href="https://inland.org/" target="_blank" rel="noreferrer noopener">Inland</a></em>, un collectif artistique dédié à la production agricole, sociale et culturelle, et une agence collaborative. Il est basé sur ce que l’on pourrait nommer un manifeste en trois mots : art-agriculture-territoire.</p>
<!-- /wp:paragraph -->

<!-- wp:paragraph -->
<p><em>Inland</em> relie divers problèmes d'un système en train de s'effondrer au niveau environnemental, culturel et financier - affectant à la fois la planète et l'individu. Il part du principe que le rural offre un espace physique et culturel permettant de générer des modes de vie qui diffèrent du modèle hégémonique. Il formule des outils critiques et les applique à travers une pratique expérimentale. Les autres moyens d'existence imaginés visent à générer une masse créative suffisante pour remettre en question les dynamiques de pouvoir dominantes, ainsi que la relation actuelle entre centre et périphérie. Travaillant sur les liens entre ruralité et arts visuels, sa réflexion permettra d’enrichir celle menée au sein des trois Frac pour les activités de diffusion en territoire rural.</p>
<!-- /wp:paragraph --></div>
<!-- /wp:column -->

<!-- wp:column -->
<div class="wp-block-column"><!-- wp:image {"id":4662,"sizeSlug":"full","linkDestination":"none"} -->
<figure class="wp-block-image size-full"><img src="https://www.fraclorraine.org/wp-content/uploads/2022/11/RESIDENCE_2023_Garcia-Dory-1.jpg" alt="" class="wp-image-4662"/><figcaption class="wp-element-caption">Fernando Garcia Dory</figcaption></figure>
<!-- /wp:image --></div>
<!-- /wp:column --></div>
<!-- /wp:columns -->
